CRAN Package Check Results for Package AWS.tools

Last updated on 2014-03-27 21:47:00.

Flavor Version Tinstall Tcheck Ttotal Status Flags
r-devel-linux-x86_64-debian-clang 0.0.5 1.14 14.62 15.77 NOTE
r-devel-linux-x86_64-debian-gcc 0.0.5 1.10 14.33 15.43 NOTE
r-devel-linux-x86_64-fedora-clang 0.0.5 31.32 NOTE
r-devel-linux-x86_64-fedora-gcc 0.0.5 29.76 NOTE
r-devel-macosx-x86_64-clang 0.0.5 31.61 NOTE
r-prerel-linux-x86_64 0.0.5 1.06 14.15 15.21 NOTE
r-prerel-solaris-sparc 0.0.5 178.40 NOTE
r-prerel-solaris-x86 0.0.5 44.30 NOTE
r-prerel-windows-ix86+x86_64 0.0.5 3.00 21.00 24.00 NOTE
r-release-linux-ix86 0.0.5 3.00 37.00 40.00 NOTE
r-release-linux-x86_64 0.0.5 1.10 13.06 14.17 NOTE
r-release-macosx-x86_64 0.0.5 NOTE
r-release-windows-ix86+x86_64 0.0.5 4.00 23.00 27.00 NOTE
r-oldrel-windows-ix86+x86_64 0.0.5 4.00 26.00 30.00 OK

Check Details

Version: 0.0.5
Check: for hidden files and directories
Result: NOTE
    Found the following hidden files and directories:
     .gitignore
    These were most likely included in error. See section ‘Package
    structure’ in the ‘Writing R Extensions’ manual.
Flavors: r-devel-linux-x86_64-debian-clang, r-devel-linux-x86_64-debian-gcc, r-devel-linux-x86_64-fedora-clang, r-devel-linux-x86_64-fedora-gcc, r-devel-macosx-x86_64-clang, r-prerel-linux-x86_64, r-prerel-solaris-sparc, r-prerel-solaris-x86, r-prerel-windows-ix86+x86_64, r-release-linux-ix86, r-release-linux-x86_64, r-release-macosx-x86_64, r-release-windows-ix86+x86_64

Version: 0.0.5
Check: dependencies in R code
Result: NOTE
    Package in Depends field not imported from: ‘XML’
     These packages need to be imported from (in the NAMESPACE file)
     for when this namespace is loaded but not attached.
    See the information on DESCRIPTION files in the chapter ‘Creating R
    packages’ of the ‘Writing R Extensions’ manual.
Flavors: r-devel-linux-x86_64-debian-clang, r-devel-linux-x86_64-debian-gcc, r-devel-linux-x86_64-fedora-clang, r-devel-linux-x86_64-fedora-gcc, r-devel-macosx-x86_64-clang, r-prerel-linux-x86_64, r-prerel-solaris-sparc, r-prerel-solaris-x86, r-prerel-windows-ix86+x86_64, r-release-linux-ix86, r-release-linux-x86_64, r-release-windows-ix86+x86_64

Version: 0.0.5
Check: top-level files
Result: NOTE
    Non-standard file/directory found at top level:
     ‘README.rst’
Flavors: r-devel-linux-x86_64-fedora-clang, r-devel-linux-x86_64-fedora-gcc