CRAN Package Check Results for Package BSagri

Last updated on 2014-08-25 01:47:59.

Flavor Version Tinstall Tcheck Ttotal Status Flags
r-devel-linux-x86_64-debian-clang 0.1-8 1.74 27.97 29.71 NOTE
r-devel-linux-x86_64-debian-gcc 0.1-8 NOTE
r-devel-linux-x86_64-fedora-clang 0.1-8 58.56 NOTE
r-devel-linux-x86_64-fedora-gcc 0.1-8 55.90 NOTE
r-devel-osx-x86_64-clang 0.1-8 55.10 NOTE
r-devel-windows-ix86+x86_64 0.1-8 7.00 47.00 54.00 NOTE
r-patched-linux-x86_64 0.1-8 1.76 29.74 31.50 OK
r-patched-solaris-sparc 0.1-8 336.00 OK
r-patched-solaris-x86 0.1-8 75.80 OK
r-release-linux-ix86 0.1-8 2.44 39.12 41.56 OK
r-release-linux-x86_64 0.1-8 1.84 29.83 31.68 OK
r-release-osx-x86_64-mavericks 0.1-8 OK
r-release-osx-x86_64-snowleopard 0.1-8 OK
r-release-windows-ix86+x86_64 0.1-8 8.00 51.00 59.00 OK
r-oldrel-windows-ix86+x86_64 0.1-8 9.00 54.00 63.00 OK

Check Details

Version: 0.1-8
Check: R code for possible problems
Result: NOTE
    BOOTSimpsonD : BSimpson: no visible global function definition for
     ‘estSimpsonf’
    BOOTSimpsonR : BSimpson: no visible global function definition for
     ‘estSimpsonf’
    CIGLM: no visible global function definition for ‘univariate_calpha’
    CIGLM: no visible global function definition for ‘adjusted_calpha’
Flavors: r-devel-linux-x86_64-debian-clang, r-devel-linux-x86_64-debian-gcc, r-devel-linux-x86_64-fedora-clang, r-devel-linux-x86_64-fedora-gcc, r-devel-osx-x86_64-clang, r-devel-windows-ix86+x86_64