CRAN Package Check Results for Package BSagri

Last updated on 2014-11-22 20:46:49.

Flavor Version Tinstall Tcheck Ttotal Status Flags
r-devel-linux-x86_64-debian-clang 0.1-8 2.02 30.41 32.44 NOTE
r-devel-linux-x86_64-debian-gcc 0.1-8 2.10 29.88 31.98 NOTE
r-devel-linux-x86_64-fedora-clang 0.1-8 65.49 NOTE
r-devel-linux-x86_64-fedora-gcc 0.1-8 59.41 NOTE
r-devel-osx-x86_64-clang 0.1-8 58.16 NOTE
r-devel-windows-ix86+x86_64 0.1-8 9.00 51.00 60.00 NOTE
r-patched-linux-x86_64 0.1-8 2.17 30.76 32.93 NOTE
r-patched-solaris-sparc 0.1-8 335.80 NOTE
r-patched-solaris-x86 0.1-8 79.40 NOTE
r-release-linux-ix86 0.1-8 2.84 39.72 42.56 NOTE
r-release-linux-x86_64 0.1-8 1.88 30.19 32.06 NOTE
r-release-osx-x86_64-mavericks 0.1-8 OK
r-release-osx-x86_64-snowleopard 0.1-8 OK
r-release-windows-ix86+x86_64 0.1-8 11.00 48.00 59.00 NOTE
r-oldrel-windows-ix86+x86_64 0.1-8 8.00 53.00 61.00 OK

Check Details

Version: 0.1-8
Check: R code for possible problems
Result: NOTE
    BOOTSimpsonD : BSimpson: no visible global function definition for
     ‘estSimpsonf’
    BOOTSimpsonR : BSimpson: no visible global function definition for
     ‘estSimpsonf’
    CIGLM: no visible global function definition for ‘univariate_calpha’
    CIGLM: no visible global function definition for ‘adjusted_calpha’
Flavors: r-devel-linux-x86_64-debian-clang, r-devel-linux-x86_64-debian-gcc, r-devel-linux-x86_64-fedora-clang, r-devel-linux-x86_64-fedora-gcc, r-devel-osx-x86_64-clang, r-devel-windows-ix86+x86_64, r-patched-linux-x86_64, r-patched-solaris-sparc, r-patched-solaris-x86, r-release-linux-ix86, r-release-linux-x86_64, r-release-windows-ix86+x86_64