CRAN Package Check Results for Package BSagri

Last updated on 2015-07-28 11:51:28.

Flavor Version Tinstall Tcheck Ttotal Status Flags
r-devel-linux-x86_64-debian-clang 0.1-8 2.13 30.42 32.54 NOTE
r-devel-linux-x86_64-debian-gcc 0.1-8 1.54 29.94 31.48 NOTE
r-devel-linux-x86_64-fedora-clang 0.1-8 60.73 NOTE
r-devel-linux-x86_64-fedora-gcc 0.1-8 58.69 NOTE
r-devel-osx-x86_64-clang 0.1-8 53.24 NOTE
r-devel-windows-ix86+x86_64 0.1-8 5.00 50.00 55.00 NOTE
r-patched-linux-x86_64 0.1-8 1.48 29.97 31.45 NOTE
r-patched-solaris-sparc 0.1-8 325.20 NOTE
r-patched-solaris-x86 0.1-8 77.90 NOTE
r-release-linux-x86_64 0.1-8 1.46 30.66 32.12 NOTE
r-release-osx-x86_64-mavericks 0.1-8 NOTE
r-release-windows-ix86+x86_64 0.1-8 11.00 51.00 62.00 NOTE
r-oldrel-windows-ix86+x86_64 0.1-8 9.00 69.00 78.00 NOTE

Check Details

Version: 0.1-8
Check: S3 generic/method consistency
Result: NOTE
    Found the following apparent S3 methods exported but not registered:
     CInp.CCDiff CInp.CCRatio CInp.bugs CInp.default SCSnp.CCDiff
     SCSnp.CCRatio SCSnp.bugs SCSnp.default UnlogCI.glht
    See section ‘Registering S3 methods’ in the ‘Writing R Extensions’
    manual.
Flavors: r-devel-linux-x86_64-debian-clang, r-devel-linux-x86_64-debian-gcc, r-devel-linux-x86_64-fedora-clang, r-devel-linux-x86_64-fedora-gcc, r-devel-osx-x86_64-clang, r-patched-linux-x86_64, r-patched-solaris-sparc, r-patched-solaris-x86, r-release-linux-x86_64

Version: 0.1-8
Check: R code for possible problems
Result: NOTE
    BOOTSimpsonD : BSimpson: no visible global function definition for
     ‘estSimpsonf’
    BOOTSimpsonR : BSimpson: no visible global function definition for
     ‘estSimpsonf’
    CIGLM: no visible global function definition for ‘confint’
    CIGLM: no visible global function definition for ‘univariate_calpha’
    CIGLM: no visible global function definition for ‘adjusted_calpha’
    CInp.default : <anonymous>: no visible global function definition for
     ‘quantile’
    CInp.default: no visible binding for global variable ‘median’
    R2Bugsdat1w: no visible global function definition for ‘model.frame’
    R2Bugsdat1w: no visible global function definition for ‘model.matrix’
    R2Bugsdat1w.data.frame: no visible global function definition for
     ‘as.formula’
    R2Bugsdat1w.data.frame: no visible global function definition for
     ‘model.frame’
    R2Bugsdat1w.data.frame: no visible global function definition for
     ‘model.matrix’
    SCSnp.default: no visible binding for global variable ‘median’
    modelparm.gamlss: no visible binding for global variable ‘coef’
    modelparm.gamlss: no visible binding for global variable ‘vcov’
    modelparm.geeglm: no visible binding for global variable ‘coef’
    modelparm.geeglm: no visible binding for global variable ‘vcov’
    simplesimint: no visible global function definition for ‘cov2cor’
    summary.simplesimint: no visible global function definition for
     ‘cov2cor’
    Undefined global functions or variables:
     adjusted_calpha as.formula coef confint cov2cor estSimpsonf median
     model.frame model.matrix quantile univariate_calpha vcov
    Consider adding
     importFrom("stats", "as.formula", "coef", "confint", "cov2cor",
     "median", "model.frame", "model.matrix", "quantile", "vcov")
    to your NAMESPACE.
Flavors: r-devel-linux-x86_64-debian-clang, r-devel-linux-x86_64-debian-gcc, r-devel-linux-x86_64-fedora-clang, r-devel-linux-x86_64-fedora-gcc, r-devel-windows-ix86+x86_64

Version: 0.1-8
Check: R code for possible problems
Result: NOTE
    BOOTSimpsonD : BSimpson: no visible global function definition for
     ‘estSimpsonf’
    BOOTSimpsonR : BSimpson: no visible global function definition for
     ‘estSimpsonf’
    CIGLM: no visible global function definition for ‘univariate_calpha’
    CIGLM: no visible global function definition for ‘adjusted_calpha’
    Undefined global functions or variables:
     adjusted_calpha estSimpsonf univariate_calpha
Flavor: r-devel-osx-x86_64-clang

Version: 0.1-8
Check: R code for possible problems
Result: NOTE
    BOOTSimpsonD : BSimpson: no visible global function definition for
     ‘estSimpsonf’
    BOOTSimpsonR : BSimpson: no visible global function definition for
     ‘estSimpsonf’
    CIGLM: no visible global function definition for ‘univariate_calpha’
    CIGLM: no visible global function definition for ‘adjusted_calpha’
Flavors: r-patched-linux-x86_64, r-patched-solaris-sparc, r-patched-solaris-x86, r-release-linux-x86_64, r-release-osx-x86_64-mavericks, r-release-windows-ix86+x86_64, r-oldrel-windows-ix86+x86_64