CRAN Package Check Results for Package BSagri

Last updated on 2014-03-27 21:47:01.

Flavor Version Tinstall Tcheck Ttotal Status Flags
r-devel-linux-x86_64-debian-clang 0.1-8 1.96 31.96 33.92 OK
r-devel-linux-x86_64-debian-gcc 0.1-8 2.10 30.88 32.98 OK
r-devel-linux-x86_64-fedora-clang 0.1-8 60.31 OK
r-devel-linux-x86_64-fedora-gcc 0.1-8 57.29 OK
r-devel-macosx-x86_64-clang 0.1-8 61.90 OK
r-devel-macosx-x86_64-gcc 0.1-8 ERROR
r-prerel-linux-x86_64 0.1-8 1.92 30.36 32.28 OK
r-prerel-solaris-sparc 0.1-8 336.60 OK
r-prerel-solaris-x86 0.1-8 78.90 OK
r-prerel-windows-ix86+x86_64 0.1-8 8.00 48.00 56.00 OK
r-release-linux-ix86 0.1-8 5.00 79.00 84.00 OK
r-release-linux-x86_64 0.1-8 2.06 29.50 31.56 OK
r-release-macosx-x86_64 0.1-8 OK
r-release-windows-ix86+x86_64 0.1-8 6.00 57.00 63.00 OK
r-oldrel-windows-ix86+x86_64 0.1-8 7.00 61.00 68.00 OK

Check Details

Version: 0.1-8
Check: package dependencies
Result: ERROR
    Packages required but not available: ‘multcomp’ ‘MCPAN’
    
    See the information on DESCRIPTION files in the chapter ‘Creating R
    packages’ of the ‘Writing R Extensions’ manual.
Flavor: r-devel-macosx-x86_64-gcc