CRAN Package Check Results for Package HardyWeinberg

Last updated on 2014-03-27 21:47:04.

Flavor Version Tinstall Tcheck Ttotal Status Flags
r-devel-linux-x86_64-debian-clang 1.5.2 1.76 30.18 31.94 NOTE
r-devel-linux-x86_64-debian-gcc 1.5.2 1.88 29.65 31.52 NOTE
r-devel-linux-x86_64-fedora-clang 1.5.2 63.62 NOTE
r-devel-linux-x86_64-fedora-gcc 1.5.2 63.33 NOTE
r-devel-macosx-x86_64-clang 1.5.2 57.79 NOTE
r-devel-macosx-x86_64-gcc 1.5.2 OK
r-prerel-linux-x86_64 1.5.2 1.72 29.23 30.95 NOTE
r-prerel-solaris-sparc 1.5.2 360.00 NOTE
r-prerel-solaris-x86 1.5.2 77.90 NOTE
r-prerel-windows-ix86+x86_64 1.5.2 6.00 43.00 49.00 NOTE
r-release-linux-ix86 1.5.2 4.00 69.00 73.00 NOTE
r-release-linux-x86_64 1.5.2 1.80 29.14 30.95 NOTE
r-release-macosx-x86_64 1.5.2 OK
r-release-windows-ix86+x86_64 1.5.2 6.00 48.00 54.00 NOTE
r-oldrel-windows-ix86+x86_64 1.5.2 5.00 52.00 57.00 OK

Check Details

Version: 1.5.2
Check: dependencies in R code
Result: NOTE
    Package in Depends field not imported from: ‘mice’
     These packages need to be imported from (in the NAMESPACE file)
     for when this namespace is loaded but not attached.
    See the information on DESCRIPTION files in the chapter ‘Creating R
    packages’ of the ‘Writing R Extensions’ manual.
Flavors: r-devel-linux-x86_64-debian-clang, r-devel-linux-x86_64-debian-gcc, r-devel-linux-x86_64-fedora-clang, r-devel-linux-x86_64-fedora-gcc, r-devel-macosx-x86_64-clang, r-prerel-linux-x86_64, r-prerel-solaris-sparc, r-prerel-solaris-x86, r-prerel-windows-ix86+x86_64, r-release-linux-ix86, r-release-linux-x86_64, r-release-windows-ix86+x86_64