CRAN Package Check Results for Package HardyWeinberg

Last updated on 2015-04-01 13:48:16.

Flavor Version Tinstall Tcheck Ttotal Status Flags
r-devel-linux-x86_64-debian-clang 1.5.5 3.70 107.60 111.30 OK
r-devel-linux-x86_64-debian-gcc 1.5.5 1.47 105.64 107.11 OK
r-devel-linux-x86_64-fedora-clang 1.5.5 216.88 OK
r-devel-linux-x86_64-fedora-gcc 1.5.5 198.42 OK
r-devel-osx-x86_64-clang 1.5.5 203.03 OK
r-prerel-windows-ix86+x86_64 1.5.5 9.00 167.00 176.00 OK
r-prerel-linux-x86_64 1.5.5 1.46 101.76 103.22 OK
r-prerel-solaris-sparc 1.5.5 1245.60 ERROR
r-prerel-solaris-x86 1.5.5 252.70 OK
r-release-linux-x86_64 1.5.5 1.80 114.96 116.76 OK
r-release-osx-x86_64-mavericks 1.5.5 OK
r-release-osx-x86_64-snowleopard 1.5.5 OK
r-release-windows-ix86+x86_64 1.5.5 9.00 171.00 180.00 OK
r-oldrel-windows-ix86+x86_64 1.5.5 8.00 168.00 176.00 OK

Check Details

Version: 1.5.5
Check: running R code from vignettes
Result: ERROR
    Errors in running code in vignettes:
    when running code in ‘HardyWeinberg.Rnw’
     ...
    Relative increase in variance of f due to missings: r = 0.2827
    Fraction of missing information about f: lambda = 0.2219
    
    > set.seed(123)
    
    > Results <- HWMissing(Markers[, 1:5], m = 50, verbose = TRUE)
    Error: segfault from C stack overflow
    Execution halted
    
    ... incomplete output. Crash?
Flavor: r-prerel-solaris-sparc