CRAN Package Check Results for Package HardyWeinberg

Last updated on 2015-06-30 12:47:17.

Flavor Version Tinstall Tcheck Ttotal Status Flags
r-devel-linux-x86_64-debian-clang 1.5.5 1.74 111.71 113.45 NOTE
r-devel-linux-x86_64-debian-gcc 1.5.5 1.41 101.84 103.25 NOTE
r-devel-linux-x86_64-fedora-clang 1.5.5 213.52 OK
r-devel-linux-x86_64-fedora-gcc 1.5.5 195.67 OK
r-devel-osx-x86_64-clang 1.5.5 211.68 OK
r-devel-windows-ix86+x86_64 1.5.5 8.00 163.00 171.00 NOTE
r-patched-linux-x86_64 1.5.5 1.72 103.04 104.76 OK
r-patched-solaris-sparc 1.5.5 1458.30 OK
r-patched-solaris-x86 1.5.5 252.60 OK
r-release-linux-x86_64 1.5.5 1.44 101.70 103.14 OK
r-release-osx-x86_64-mavericks 1.5.5 OK
r-release-windows-ix86+x86_64 1.5.5 8.00 166.00 174.00 OK
r-oldrel-windows-ix86+x86_64 1.5.5 9.00 175.00 184.00 OK

Check Details

Version: 1.5.5
Check: R code for possible problems
Result: NOTE
    CombineChisquare: no visible global function definition for ‘var’
    CombineChisquare: no visible global function definition for ‘pt’
    CombineChisquare: no visible global function definition for ‘qt’
    DnegLow: no visible global function definition for ‘points’
    DnegUp: no visible global function definition for ‘points’
    DposLow: no visible global function definition for ‘points’
    DposUp: no visible global function definition for ‘points’
    HWAlrPlot: no visible global function definition for ‘par’
    HWAlrPlot: no visible global function definition for ‘plot’
    HWAlrPlot: no visible global function definition for ‘lines’
    HWChisq: no visible global function definition for ‘pchisq’
    HWChisqLowerl: no visible global function definition for ‘points’
    HWChisqUpperl: no visible global function definition for ‘points’
    HWClrPlot: no visible global function definition for ‘par’
    HWClrPlot: no visible global function definition for ‘plot’
    HWClrPlot: no visible global function definition for ‘lines’
    HWData: no visible global function definition for ‘runif’
    HWData: no visible global function definition for ‘rbeta’
    HWData: no visible global function definition for ‘rmultinom’
    HWGenotypePlot: no visible global function definition for ‘par’
    HWGenotypePlot: no visible global function definition for ‘plot’
    HWGenotypePlot: no visible global function definition for ‘lines’
    HWGenotypePlot: no visible global function definition for ‘points’
    HWIlrPlot: no visible global function definition for ‘par’
    HWIlrPlot: no visible global function definition for ‘plot’
    HWIlrPlot: no visible global function definition for ‘lines’
    HWLowercl: no visible global function definition for ‘points’
    HWLratio: no visible global function definition for ‘pchisq’
    HWQqplot: no visible global function definition for ‘quantile’
    HWQqplot: no visible global function definition for ‘plot’
    HWQqplot: no visible global function definition for ‘abline’
    HWQqplot: no visible global function definition for ‘points’
    HWTernaryPlot: no visible global function definition for ‘qchisq’
    HWTernaryPlot: no visible global function definition for ‘par’
    HWTernaryPlot: no visible global function definition for ‘plot’
    HWTernaryPlot: no visible global function definition for ‘polygon’
    HWTernaryPlot: no visible global function definition for ‘text’
    HWTernaryPlot: no visible global function definition for ‘lines’
    HWTernaryPlot: no visible global function definition for ‘points’
    HWUppercl: no visible global function definition for ‘points’
    UniqueGenotypeCounts: no visible global function definition for
     ‘aggregate’
    cutoff: no visible global function definition for ‘qchisq’
    mipvalue: no visible global function definition for ‘qnorm’
    mipvalue: no visible global function definition for ‘var’
    mipvalue: no visible global function definition for ‘pt’
Flavors: r-devel-linux-x86_64-debian-clang, r-devel-linux-x86_64-debian-gcc, r-devel-windows-ix86+x86_64