CRAN Package Check Results for Package HiDimDA

Last updated on 2015-07-04 11:49:46.

Flavor Version Tinstall Tcheck Ttotal Status Flags
r-devel-linux-x86_64-debian-clang 0.2-3 2.08 26.17 28.26 NOTE
r-devel-linux-x86_64-debian-gcc 0.2-3 2.35 25.68 28.03 NOTE
r-devel-linux-x86_64-fedora-clang 0.2-3 52.68 NOTE
r-devel-linux-x86_64-fedora-gcc 0.2-3 49.98 NOTE
r-devel-osx-x86_64-clang 0.2-3 51.46 OK
r-devel-windows-ix86+x86_64 0.2-3 18.00 54.00 72.00 NOTE
r-patched-linux-x86_64 0.2-3 2.80 25.96 28.76 OK
r-patched-solaris-sparc 0.2-3 356.80 OK
r-patched-solaris-x86 0.2-3 71.90 OK
r-release-linux-x86_64 0.2-3 2.41 28.52 30.93 OK
r-release-osx-x86_64-mavericks 0.2-3 OK
r-release-windows-ix86+x86_64 0.2-3 15.00 51.00 66.00 OK
r-oldrel-windows-ix86+x86_64 0.2-3 16.00 63.00 79.00 OK

Check Details

Version: 0.2-3
Check: R code for possible problems
Result: NOTE
    DACrossVal: no visible global function definition for ‘runif’
    EvalClrule: no visible global function definition for ‘predict’
    RepLOptim: no visible global function definition for ‘nlminb’
    RepLOptim: no visible global function definition for ‘nlm’
    RepLOptim: no visible global function definition for ‘optim’
    RepLOptim: no visible global function definition for ‘runif’
    RepLOptim: no visible global function definition for ‘qnorm’
    SelectV: no visible global function definition for ‘pt’
    SelectV: no visible global function definition for ‘pf’
    fscores: no visible binding for global variable ‘var’
    grpvar: no visible binding for global variable ‘var’
    locfdrpval: no visible global function definition for ‘qnorm’
    locfdrpval: no visible global function definition for ‘pnorm’
    mylocfdr: no visible global function definition for ‘median’
    mylocfdr: no visible global function definition for ‘quantile’
    mylocfdr: no visible global function definition for ‘hist’
    mylocfdr: no visible global function definition for ‘glm’
    mylocfdr: no visible binding for global variable ‘poisson’
    mylocfdr: no visible global function definition for ‘poly’
    mylocfdr: no visible global function definition for ‘lm’
    mylocfdr: no visible global function definition for ‘qnorm’
    mylocfdr: no visible global function definition for ‘dnorm’
    mylocfdr: no visible global function definition for ‘approx’
    mylocfdr: no visible global function definition for ‘par’
    mylocfdr: no visible global function definition for ‘lines’
    mylocfdr: no visible global function definition for ‘title’
    mylocfdr: no visible global function definition for ‘points’
    mylocfdr: no visible global function definition for ‘matplot’
    mylocfdr: no visible global function definition for ‘abline’
    mylocfdr: no visible global function definition for ‘text’
    mylocmle: no visible global function definition for ‘median’
    mylocmle: no visible global function definition for ‘quantile’
    mylocmle: no visible global function definition for ‘qnorm’
    mylocmle: no visible global function definition for ‘pnorm’
    mylocmle: no visible global function definition for ‘dnorm’
    Undefined global functions or variables:
     abline approx dnorm glm hist lines lm matplot median nlm nlminb optim
     par pf pnorm points poisson poly predict pt qnorm quantile runif text
     title var
Flavors: r-devel-linux-x86_64-debian-clang, r-devel-linux-x86_64-debian-gcc, r-devel-linux-x86_64-fedora-clang, r-devel-linux-x86_64-fedora-gcc, r-devel-windows-ix86+x86_64