CRAN Package Check Results for Package HiDimDA

Last updated on 2014-03-27 21:47:05.

Flavor Version Tinstall Tcheck Ttotal Status Flags
r-devel-linux-x86_64-debian-clang 0.2-1 2.15 56.32 58.47 NOTE
r-devel-linux-x86_64-debian-gcc 0.2-1 2.54 57.66 60.20 NOTE
r-devel-linux-x86_64-fedora-clang 0.2-1 117.17 NOTE
r-devel-linux-x86_64-fedora-gcc 0.2-1 123.68 NOTE
r-devel-macosx-x86_64-clang 0.2-1 90.44 NOTE
r-prerel-linux-x86_64 0.2-1 2.54 56.02 58.55 NOTE
r-prerel-solaris-sparc 0.2-1 660.80 NOTE
r-prerel-solaris-x86 0.2-1 125.70 NOTE
r-prerel-windows-ix86+x86_64 0.2-1 10.00 126.00 136.00 NOTE
r-release-linux-ix86 0.2-1 7.00 123.00 130.00 NOTE
r-release-linux-x86_64 0.2-1 2.75 62.40 65.15 NOTE
r-release-macosx-x86_64 0.2-1 NOTE
r-release-windows-ix86+x86_64 0.2-1 10.00 167.00 177.00 NOTE
r-oldrel-windows-ix86+x86_64 0.2-1 9.00 144.00 153.00 OK

Check Details

Version: 0.2-1
Check: dependencies in R code
Result: NOTE
    'library' or 'require' call to ‘splines’ which was already attached by Depends.
     Please remove these calls from your code.
    Package in Depends field not imported from: ‘locfdr’
     These packages need to be imported from (in the NAMESPACE file)
     for when this namespace is loaded but not attached.
    See the information on DESCRIPTION files in the chapter ‘Creating R
    packages’ of the ‘Writing R Extensions’ manual.
Flavors: r-devel-linux-x86_64-debian-clang, r-devel-linux-x86_64-debian-gcc, r-devel-linux-x86_64-fedora-clang, r-devel-linux-x86_64-fedora-gcc, r-devel-macosx-x86_64-clang, r-prerel-linux-x86_64, r-prerel-solaris-sparc, r-prerel-solaris-x86, r-prerel-windows-ix86+x86_64, r-release-linux-ix86, r-release-linux-x86_64, r-release-windows-ix86+x86_64

Version: 0.2-1
Check: dependencies in R code
Result: NOTE
    ‘library’ or ‘require’ call to ‘splines’ which was already attached by Depends.
     Please remove these calls from your code.
    See the information on DESCRIPTION files in the chapter ‘Creating R
    packages’ of the ‘Writing R Extensions’ manual.
Flavor: r-release-macosx-x86_64