CRAN Package Check Results for Package Jmisc

Last updated on 2016-05-03 13:47:36.

Flavor Version Tinstall Tcheck Ttotal Status Flags
r-devel-linux-x86_64-debian-gcc 0.3.1 0.63 9.25 9.88 NOTE
r-devel-linux-x86_64-fedora-clang 0.3.1 15.67 NOTE
r-devel-linux-x86_64-fedora-gcc 0.3.1 14.30 NOTE
r-devel-osx-x86_64-clang 0.3.1 20.07 NOTE
r-devel-windows-ix86+x86_64 0.3.1 3.00 24.00 27.00 NOTE
r-patched-linux-x86_64 0.3.1 0.66 8.91 9.56 NOTE
r-patched-solaris-sparc 0.3.1 102.00 NOTE
r-patched-solaris-x86 0.3.1 24.70 NOTE
r-release-linux-x86_64 0.3.1 0.68 9.47 10.15 NOTE
r-release-osx-x86_64-mavericks 0.3.1 NOTE
r-release-windows-ix86+x86_64 0.3.1 2.00 34.00 36.00 NOTE
r-oldrel-windows-ix86+x86_64 0.3.1 3.00 23.00 26.00 OK

Check Details

Version: 0.3.1
Check: DESCRIPTION meta-information
Result: NOTE
    Malformed Description field: should contain one or more complete sentences.
Flavors: r-devel-linux-x86_64-debian-gcc, r-devel-linux-x86_64-fedora-clang, r-devel-linux-x86_64-fedora-gcc, r-devel-osx-x86_64-clang, r-devel-windows-ix86+x86_64, r-patched-linux-x86_64, r-patched-solaris-sparc, r-patched-solaris-x86, r-release-linux-x86_64, r-release-osx-x86_64-mavericks, r-release-windows-ix86+x86_64

Version: 0.3.1
Check: R code for possible problems
Result: NOTE
    JBTest: no visible global function definition for ‘pchisq’
    generateSignificance: no visible global function definition for ‘pnorm’
    packages: no visible global function definition for ‘install.packages’
    shift: no visible global function definition for ‘tail’
    shift: no visible global function definition for ‘head’
    splitBy: no visible global function definition for ‘head’
    Undefined global functions or variables:
     head install.packages pchisq pnorm tail
    Consider adding
     importFrom("stats", "pchisq", "pnorm")
     importFrom("utils", "head", "install.packages", "tail")
    to your NAMESPACE file.
Flavors: r-devel-linux-x86_64-debian-gcc, r-devel-linux-x86_64-fedora-clang, r-devel-linux-x86_64-fedora-gcc, r-devel-osx-x86_64-clang, r-devel-windows-ix86+x86_64, r-patched-linux-x86_64, r-patched-solaris-sparc, r-patched-solaris-x86