CRAN Package Check Results for Package Jmisc

Last updated on 2015-05-06 11:48:36.

Flavor Version Tinstall Tcheck Ttotal Status Flags
r-devel-linux-x86_64-debian-clang 0.3.1 0.59 8.89 9.48 NOTE
r-devel-linux-x86_64-debian-gcc 0.3.1 0.57 8.86 9.43 NOTE
r-devel-linux-x86_64-fedora-clang 0.3.1 17.82 NOTE
r-devel-linux-x86_64-fedora-gcc 0.3.1 16.33 NOTE
r-devel-osx-x86_64-clang 0.3.1 22.03 NOTE
r-devel-windows-ix86+x86_64 0.3.1 3.00 15.00 18.00 NOTE
r-patched-linux-x86_64 0.3.1 0.68 8.90 9.58 NOTE
r-patched-solaris-sparc 0.3.1 115.20 NOTE
r-patched-solaris-x86 0.3.1 27.40 NOTE
r-release-linux-x86_64 0.3.1 0.59 8.72 9.30 NOTE
r-release-osx-x86_64-mavericks 0.3.1 NOTE
r-release-osx-x86_64-snowleopard 0.3.1 NOTE
r-release-windows-ix86+x86_64 0.3.1 3.00 14.00 17.00 NOTE
r-oldrel-windows-ix86+x86_64 0.3.1 3.00 23.00 26.00 OK

Check Details

Version: 0.3.1
Check: DESCRIPTION meta-information
Result: NOTE
    Malformed Description field: should contain one or more complete sentences.
Flavors: r-devel-linux-x86_64-debian-clang, r-devel-linux-x86_64-debian-gcc, r-devel-linux-x86_64-fedora-clang, r-devel-linux-x86_64-fedora-gcc, r-devel-osx-x86_64-clang, r-devel-windows-ix86+x86_64, r-patched-linux-x86_64, r-patched-solaris-sparc, r-patched-solaris-x86, r-release-linux-x86_64, r-release-osx-x86_64-mavericks, r-release-osx-x86_64-snowleopard, r-release-windows-ix86+x86_64