CRAN Package Check Results for Package Jmisc

Last updated on 2016-07-29 11:49:39.

Flavor Version Tinstall Tcheck Ttotal Status Flags
r-devel-linux-x86_64-debian-clang 0.3.1 0.59 9.13 9.72 NOTE
r-devel-linux-x86_64-debian-gcc 0.3.1 0.65 10.33 10.98 NOTE
r-devel-linux-x86_64-fedora-clang 0.3.1 15.14 NOTE
r-devel-linux-x86_64-fedora-gcc 0.3.1 14.36 NOTE
r-devel-osx-x86_64-clang 0.3.1 14.83 NOTE
r-devel-windows-ix86+x86_64 0.3.1 3.00 26.00 29.00 NOTE
r-patched-linux-x86_64 0.3.1 0.86 10.57 11.42 NOTE
r-patched-solaris-sparc 0.3.1 103.90 NOTE
r-patched-solaris-x86 0.3.1 23.70 NOTE
r-release-linux-x86_64 0.3.1 0.78 11.22 11.99 NOTE
r-release-osx-x86_64-mavericks 0.3.1 NOTE
r-release-windows-ix86+x86_64 0.3.1 4.00 32.00 36.00 NOTE
r-oldrel-windows-ix86+x86_64 0.3.1 5.00 28.00 33.00 NOTE

Check Details

Version: 0.3.1
Check: DESCRIPTION meta-information
Result: NOTE
    Malformed Description field: should contain one or more complete sentences.
Flavors: r-devel-linux-x86_64-debian-clang, r-devel-linux-x86_64-debian-gcc, r-devel-linux-x86_64-fedora-clang, r-devel-linux-x86_64-fedora-gcc, r-devel-osx-x86_64-clang, r-devel-windows-ix86+x86_64, r-patched-linux-x86_64, r-patched-solaris-sparc, r-patched-solaris-x86, r-release-linux-x86_64, r-release-osx-x86_64-mavericks, r-release-windows-ix86+x86_64, r-oldrel-windows-ix86+x86_64

Version: 0.3.1
Check: R code for possible problems
Result: NOTE
    JBTest: no visible global function definition for ‘pchisq’
    generateSignificance: no visible global function definition for ‘pnorm’
    packages: no visible global function definition for ‘install.packages’
    shift: no visible global function definition for ‘tail’
    shift: no visible global function definition for ‘head’
    splitBy: no visible global function definition for ‘head’
    Undefined global functions or variables:
     head install.packages pchisq pnorm tail
    Consider adding
     importFrom("stats", "pchisq", "pnorm")
     importFrom("utils", "head", "install.packages", "tail")
    to your NAMESPACE file.
Flavors: r-devel-linux-x86_64-debian-clang, r-devel-linux-x86_64-debian-gcc, r-devel-linux-x86_64-fedora-clang, r-devel-linux-x86_64-fedora-gcc, r-devel-osx-x86_64-clang, r-devel-windows-ix86+x86_64, r-patched-linux-x86_64, r-patched-solaris-sparc, r-patched-solaris-x86, r-release-linux-x86_64, r-release-osx-x86_64-mavericks, r-release-windows-ix86+x86_64