CRAN Package Check Results for Package Jmisc

Last updated on 2015-03-27 12:48:35.

Flavor Version Tinstall Tcheck Ttotal Status Flags
r-devel-linux-x86_64-debian-clang 0.3.1 0.68 8.97 9.64 NOTE
r-devel-linux-x86_64-debian-gcc 0.3.1 0.76 9.37 10.13 NOTE
r-devel-linux-x86_64-fedora-clang 0.3.1 17.42 NOTE
r-devel-linux-x86_64-fedora-gcc 0.3.1 16.64 NOTE
r-devel-osx-x86_64-clang 0.3.1 24.43 NOTE
r-prerel-windows-ix86+x86_64 0.3.1 4.00 16.00 20.00 NOTE
r-prerel-linux-x86_64 0.3.1 0.58 8.85 9.43 NOTE
r-prerel-solaris-sparc 0.3.1 115.20 NOTE
r-prerel-solaris-x86 0.3.1 26.80 NOTE
r-release-linux-x86_64 0.3.1 0.62 9.47 10.09 OK
r-release-osx-x86_64-mavericks 0.3.1 OK
r-release-osx-x86_64-snowleopard 0.3.1 OK
r-release-windows-ix86+x86_64 0.3.1 3.00 18.00 21.00 OK
r-oldrel-windows-ix86+x86_64 0.3.1 3.00 18.00 21.00 OK

Check Details

Version: 0.3.1
Check: DESCRIPTION meta-information
Result: NOTE
    Malformed Description field: should contain one or more complete sentences.
Flavors: r-devel-linux-x86_64-debian-clang, r-devel-linux-x86_64-debian-gcc, r-devel-linux-x86_64-fedora-clang, r-devel-linux-x86_64-fedora-gcc, r-devel-osx-x86_64-clang, r-prerel-windows-ix86+x86_64, r-prerel-linux-x86_64, r-prerel-solaris-sparc, r-prerel-solaris-x86