CRAN Package Check Results for Package Jmisc

Last updated on 2015-08-27 11:48:51.

Flavor Version Tinstall Tcheck Ttotal Status Flags
r-devel-linux-x86_64-debian-clang 0.3.1 0.54 8.22 8.76 NOTE
r-devel-linux-x86_64-debian-gcc 0.3.1 0.70 8.47 9.16 NOTE
r-devel-linux-x86_64-fedora-clang 0.3.1 16.36 NOTE
r-devel-linux-x86_64-fedora-gcc 0.3.1 15.18 NOTE
r-devel-osx-x86_64-clang 0.3.1 17.81 NOTE
r-devel-windows-ix86+x86_64 0.3.1 4.00 22.00 26.00 NOTE
r-patched-linux-x86_64 0.3.1 0.72 8.77 9.49 NOTE
r-patched-solaris-sparc 0.3.1 117.30 NOTE
r-patched-solaris-x86 0.3.1 26.70 NOTE
r-release-linux-x86_64 0.3.1 0.72 8.70 9.43 NOTE
r-release-osx-x86_64-mavericks 0.3.1 NOTE
r-release-windows-ix86+x86_64 0.3.1 4.00 18.00 22.00 NOTE
r-oldrel-windows-ix86+x86_64 0.3.1 4.00 28.00 32.00 OK

Check Details

Version: 0.3.1
Check: DESCRIPTION meta-information
Result: NOTE
    Malformed Description field: should contain one or more complete sentences.
Flavors: r-devel-linux-x86_64-debian-clang, r-devel-linux-x86_64-debian-gcc, r-devel-linux-x86_64-fedora-clang, r-devel-linux-x86_64-fedora-gcc, r-devel-osx-x86_64-clang, r-devel-windows-ix86+x86_64, r-patched-linux-x86_64, r-patched-solaris-sparc, r-patched-solaris-x86, r-release-linux-x86_64, r-release-osx-x86_64-mavericks, r-release-windows-ix86+x86_64

Version: 0.3.1
Check: R code for possible problems
Result: NOTE
    JBTest: no visible global function definition for ‘pchisq’
    generateSignificance: no visible global function definition for ‘pnorm’
    packages: no visible global function definition for ‘install.packages’
    shift: no visible global function definition for ‘tail’
    shift: no visible global function definition for ‘head’
    splitBy: no visible global function definition for ‘head’
    Undefined global functions or variables:
     head install.packages pchisq pnorm tail
    Consider adding
     importFrom("stats", "pchisq", "pnorm")
     importFrom("utils", "head", "install.packages", "tail")
    to your NAMESPACE.
Flavors: r-devel-linux-x86_64-debian-clang, r-devel-linux-x86_64-debian-gcc, r-devel-linux-x86_64-fedora-clang, r-devel-linux-x86_64-fedora-gcc, r-devel-windows-ix86+x86_64