CRAN Package Check Results for Package Lmoments

Last updated on 2015-09-01 12:48:18.

Flavor Version Tinstall Tcheck Ttotal Status Flags
r-devel-linux-x86_64-debian-clang 1.1-6 0.49 11.24 11.74 NOTE
r-devel-linux-x86_64-debian-gcc 1.1-6 0.50 11.22 11.72 NOTE
r-devel-linux-x86_64-fedora-clang 1.1-6 22.43 NOTE
r-devel-linux-x86_64-fedora-gcc 1.1-6 20.66 NOTE
r-devel-osx-x86_64-clang 1.1-6 23.19 OK
r-devel-windows-ix86+x86_64 1.1-6 2.00 22.00 24.00 NOTE
r-patched-linux-x86_64 1.1-6 0.55 12.16 12.71 OK
r-patched-solaris-sparc 1.1-6 149.90 OK
r-patched-solaris-x86 1.1-6 36.80 OK
r-release-linux-x86_64 1.1-6 0.54 12.46 13.00 OK
r-release-osx-x86_64-mavericks 1.1-6 OK
r-release-windows-ix86+x86_64 1.1-6 2.00 36.00 38.00 OK
r-oldrel-windows-ix86+x86_64 1.1-6 3.00 25.00 28.00 OK

Check Details

Version: 1.1-6
Check: R code for possible problems
Result: NOTE
    dnormpoly: no visible global function definition for ‘qnorm’
    qnormpoly: no visible global function definition for ‘qnorm’
    rcauchypoly: no visible global function definition for ‘runif’
    rnormpoly: no visible global function definition for ‘runif’
    Undefined global functions or variables:
     qnorm runif
    Consider adding
     importFrom("stats", "qnorm", "runif")
    to your NAMESPACE.
Flavors: r-devel-linux-x86_64-debian-clang, r-devel-linux-x86_64-debian-gcc, r-devel-linux-x86_64-fedora-clang, r-devel-linux-x86_64-fedora-gcc, r-devel-windows-ix86+x86_64