CRAN Package Check Results for Package Lmoments

Last updated on 2014-03-27 21:47:06.

Flavor Version Tinstall Tcheck Ttotal Status Flags
r-devel-linux-x86_64-debian-clang 1.1-5 0.56 12.22 12.79 NOTE
r-devel-linux-x86_64-debian-gcc 1.1-5 0.57 12.42 12.99 NOTE
r-devel-linux-x86_64-fedora-clang 1.1-5 25.26 NOTE
r-devel-linux-x86_64-fedora-gcc 1.1-5 24.45 NOTE
r-devel-macosx-x86_64-clang 1.1-5 26.80 NOTE
r-prerel-linux-x86_64 1.1-5 0.57 12.15 12.72 NOTE
r-prerel-solaris-sparc 1.1-5 135.40 NOTE
r-prerel-solaris-x86 1.1-5 36.00 NOTE
r-prerel-windows-ix86+x86_64 1.1-5 2.00 21.00 23.00 NOTE
r-release-linux-ix86 1.1-5 2.00 33.00 35.00 NOTE
r-release-linux-x86_64 1.1-5 0.64 11.78 12.42 NOTE
r-release-macosx-x86_64 1.1-5 NOTE
r-release-windows-ix86+x86_64 1.1-5 2.00 21.00 23.00 NOTE
r-oldrel-windows-ix86+x86_64 1.1-5 1.00 23.00 24.00 NOTE

Check Details

Version: 1.1-5
Check: Rd files
Result: NOTE
    prepare_Rd: covnormpoly4.Rd:13-14: Dropping empty section \details
    prepare_Rd: data2cauchypoly.Rd:16-17: Dropping empty section \details
Flavors: r-devel-linux-x86_64-debian-clang, r-devel-linux-x86_64-debian-gcc, r-devel-linux-x86_64-fedora-clang, r-devel-linux-x86_64-fedora-gcc, r-devel-macosx-x86_64-clang, r-prerel-linux-x86_64, r-prerel-solaris-sparc, r-prerel-solaris-x86, r-prerel-windows-ix86+x86_64, r-release-linux-ix86, r-release-linux-x86_64, r-release-macosx-x86_64, r-release-windows-ix86+x86_64, r-oldrel-windows-ix86+x86_64