CRAN Package Check Results for Package MCPAN

Last updated on 2014-03-27 21:47:06.

Flavor Version Tinstall Tcheck Ttotal Status Flags
r-devel-linux-x86_64-debian-clang 1.1-15 1.54 28.22 29.76 OK
r-devel-linux-x86_64-debian-gcc 1.1-15 1.52 28.95 30.48 OK
r-devel-linux-x86_64-fedora-clang 1.1-15 54.24 OK
r-devel-linux-x86_64-fedora-gcc 1.1-15 52.10 OK
r-devel-macosx-x86_64-clang 1.1-15 54.52 OK
r-devel-macosx-x86_64-gcc 1.1-15 ERROR
r-prerel-linux-x86_64 1.1-15 1.73 27.96 29.70 OK
r-prerel-solaris-sparc 1.1-15 311.20 OK
r-prerel-solaris-x86 1.1-15 69.80 OK
r-prerel-windows-ix86+x86_64 1.1-15 6.00 38.00 44.00 OK
r-release-linux-ix86 1.1-15 5.00 68.00 73.00 OK
r-release-linux-x86_64 1.1-15 1.68 27.96 29.65 OK
r-release-macosx-x86_64 1.1-15 OK
r-release-windows-ix86+x86_64 1.1-15 4.00 42.00 46.00 OK
r-oldrel-windows-ix86+x86_64 1.1-15 5.00 49.00 54.00 OK

Check Details

Version: 1.1-15
Check: package dependencies
Result: ERROR
    Package required but not available: ‘multcomp’
    
    See the information on DESCRIPTION files in the chapter ‘Creating R
    packages’ of the ‘Writing R Extensions’ manual.
Flavor: r-devel-macosx-x86_64-gcc