CRAN Package Check Results for Package MCPAN

Last updated on 2015-07-03 13:46:37.

Flavor Version Tinstall Tcheck Ttotal Status Flags
r-devel-linux-x86_64-debian-clang 1.1-15 1.18 24.10 25.28 NOTE
r-devel-linux-x86_64-debian-gcc 1.1-15 1.37 23.87 25.24 NOTE
r-devel-linux-x86_64-fedora-clang 1.1-15 45.44 NOTE
r-devel-linux-x86_64-fedora-gcc 1.1-15 42.41 NOTE
r-devel-osx-x86_64-clang 1.1-15 45.08 NOTE
r-devel-windows-ix86+x86_64 1.1-15 5.00 37.00 42.00 NOTE
r-patched-linux-x86_64 1.1-15 1.23 22.92 24.15 NOTE
r-patched-solaris-sparc 1.1-15 301.80 NOTE
r-patched-solaris-x86 1.1-15 59.90 NOTE
r-release-linux-x86_64 1.1-15 1.68 23.92 25.60 NOTE
r-release-osx-x86_64-mavericks 1.1-15 OK
r-release-windows-ix86+x86_64 1.1-15 4.00 36.00 40.00 OK
r-oldrel-windows-ix86+x86_64 1.1-15 6.00 50.00 56.00 OK

Check Details

Version: 1.1-15
Check: S3 generic/method consistency
Result: NOTE
    Found the following apparent S3 methods exported but not registered:
     binomORci.default binomORci.formula binomORci.matrix binomORci.table
     binomRDci.default binomRDci.formula binomRDci.matrix binomRDci.table
     binomRDtest.default binomRDtest.formula binomRDtest.matrix
     binomRDtest.table binomRRci.default binomRRci.formula
     binomRRci.matrix binomRRci.table binomest.default binomest.formula
     binomest.table plotCI.confint.glht plotCI.default plotCI.sci
     plotCI.sci.ratio
    See section ‘Registering S3 methods’ in the ‘Writing R Extensions’
    manual.
Flavors: r-devel-linux-x86_64-debian-clang, r-devel-linux-x86_64-debian-gcc, r-devel-linux-x86_64-fedora-clang, r-devel-linux-x86_64-fedora-gcc, r-devel-osx-x86_64-clang, r-patched-linux-x86_64, r-patched-solaris-sparc, r-patched-solaris-x86, r-release-linux-x86_64

Version: 1.1-15
Check: R code for possible problems
Result: NOTE
    PQln: no visible global function definition for ‘rnorm’
    PQln: no visible global function definition for ‘rchisq’
    Waldci: no visible global function definition for ‘qnorm’
    Waldtest: no visible global function definition for ‘pnorm’
    binomORci.default: no visible global function definition for ‘glm’
    binomORci.default: Error while checking: invalid ‘envir’ argument
    binomest.formula: no visible global function definition for
     ‘model.frame’
    censsample: no visible global function definition for ‘rweibull’
    lndci: no visible binding for global variable ‘var’
    lndest: no visible binding for global variable ‘var’
    lnrci: no visible binding for global variable ‘var’
    lnrest: no visible binding for global variable ‘var’
    plotCII: no visible global function definition for ‘par’
    plotCII: no visible global function definition for ‘plot.new’
    plotCII: no visible global function definition for ‘strwidth’
    plotCII: no visible global function definition for ‘axis’
    plotCII: no visible global function definition for ‘box’
    plotCII: no visible global function definition for ‘abline’
    plotCII: no visible global function definition for ‘arrows’
    poly3estf: no visible binding for global variable ‘median’
    powermcpt : rmvtFS: no visible global function definition for ‘rchisq’
    powermcpt: no visible global function definition for ‘cov2cor’
    Undefined global functions or variables:
     abline arrows axis box cov2cor glm median model.frame par plot.new
     pnorm qnorm rchisq rnorm rweibull strwidth var
Flavors: r-devel-linux-x86_64-debian-clang, r-devel-linux-x86_64-debian-gcc, r-devel-linux-x86_64-fedora-clang, r-devel-linux-x86_64-fedora-gcc, r-devel-windows-ix86+x86_64