CRAN Package Check Results for Package Meth27QC

Last updated on 2015-06-30 12:47:21.

Flavor Version Tinstall Tcheck Ttotal Status Flags
r-devel-linux-x86_64-debian-clang 1.1 0.67 11.18 11.85 NOTE
r-devel-linux-x86_64-debian-gcc 1.1 0.72 10.42 11.14 NOTE
r-devel-linux-x86_64-fedora-clang 1.1 22.10 NOTE
r-devel-linux-x86_64-fedora-gcc 1.1 21.20 NOTE
r-devel-osx-x86_64-clang 1.1 24.15 NOTE
r-devel-windows-ix86+x86_64 1.1 7.00 38.00 45.00 NOTE
r-patched-linux-x86_64 1.1 0.72 10.98 11.69 NOTE
r-patched-solaris-sparc 1.1 150.20 NOTE
r-patched-solaris-x86 1.1 35.10 NOTE
r-release-linux-x86_64 1.1 0.68 11.18 11.87 NOTE
r-release-osx-x86_64-mavericks 1.1 NOTE
r-release-windows-ix86+x86_64 1.1 4.00 21.00 25.00 NOTE
r-oldrel-windows-ix86+x86_64 1.1 6.00 25.00 31.00 NOTE

Check Details

Version: 1.1
Check: R code for possible problems
Result: NOTE
    ImportData: no visible global function definition for ‘read.table’
    ImportData: no visible global function definition for ‘write.table’
    ImportData: no visible global function definition for ‘pdf’
    ImportData: no visible global function definition for ‘title’
    ImportData: no visible global function definition for ‘dev.off’
    QCRep: no visible global function definition for ‘pdf’
    QCRep: no visible global function definition for ‘par’
    QCRep: no visible global function definition for ‘plot’
    QCRep: no visible global function definition for ‘axis’
    QCRep: no visible global function definition for ‘title’
    QCRep: no visible global function definition for ‘rgb’
    QCRep: no visible global function definition for ‘points’
    QCRep: no visible global function definition for ‘text’
    QCRep: no visible global function definition for ‘legend’
    QCRep: no visible global function definition for ‘boxplot’
    QCRep: no visible global function definition for ‘dev.off’
    QCRep: no visible global function definition for ‘write.table’
    QCplot: no visible global function definition for ‘plot’
    QCplot: no visible global function definition for ‘axis’
    QCplot: no visible global function definition for ‘box’
    QCplot: no visible global function definition for ‘points’
    QCplot: no visible global function definition for ‘legend’
    QCplot: no visible global function definition for ‘title’
    QCplot: no visible global function definition for ‘rgb’
    splitandplot : <anonymous>: no visible global function definition for
     ‘title’
    splitandplot: no visible global function definition for ‘title’
    write2Pdf: no visible global function definition for ‘pdf’
    write2Pdf: no visible global function definition for ‘par’
    write2Pdf: no visible global function definition for ‘dev.off’
Flavors: r-devel-linux-x86_64-debian-clang, r-devel-linux-x86_64-debian-gcc, r-devel-windows-ix86+x86_64

Version: 1.1
Check: R code for possible problems
Result: NOTE
    QCRep: warning in axis(1, at = 0:axislen, lab = 0:axislen, cex.axis =
     0.7, tcl = -0.2): partial argument match of 'lab' to 'labels'
    QCplot: warning in axis(1, at = 1:lenRow, lab = 1:lenRow, cex.axis =
     0.7): partial argument match of 'lab' to 'labels'
Flavors: r-devel-linux-x86_64-fedora-clang, r-devel-linux-x86_64-fedora-gcc, r-devel-osx-x86_64-clang, r-patched-linux-x86_64, r-patched-solaris-sparc, r-patched-solaris-x86, r-release-linux-x86_64, r-release-osx-x86_64-mavericks, r-release-windows-ix86+x86_64, r-oldrel-windows-ix86+x86_64