CRAN Package Check Results for Package Meth27QC

Last updated on 2015-04-25 12:46:17.

Flavor Version Tinstall Tcheck Ttotal Status Flags
r-devel-linux-x86_64-debian-clang 1.1 0.70 11.00 11.69 NOTE
r-devel-linux-x86_64-debian-gcc 1.1 0.68 11.19 11.87 NOTE
r-devel-linux-x86_64-fedora-clang 1.1 22.66 NOTE
r-devel-linux-x86_64-fedora-gcc 1.1 23.68 NOTE
r-devel-osx-x86_64-clang 1.1 26.76 NOTE
r-devel-windows-ix86+x86_64 1.1 3.00 19.00 22.00 NOTE
r-patched-linux-x86_64 1.1 0.70 10.97 11.66 NOTE
r-patched-solaris-sparc 1.1 137.70 NOTE
r-patched-solaris-x86 1.1 34.30 NOTE
r-release-linux-x86_64 1.1 0.72 10.83 11.55 NOTE
r-release-osx-x86_64-mavericks 1.1 NOTE
r-release-osx-x86_64-snowleopard 1.1 NOTE
r-release-windows-ix86+x86_64 1.1 3.00 19.00 22.00 NOTE
r-oldrel-windows-ix86+x86_64 1.1 4.00 26.00 30.00 NOTE

Check Details

Version: 1.1
Check: R code for possible problems
Result: NOTE
    QCRep: warning in axis(1, at = 0:axislen, lab = 0:axislen, cex.axis =
     0.7, tcl = -0.2): partial argument match of 'lab' to 'labels'
    QCplot: warning in axis(1, at = 1:lenRow, lab = 1:lenRow, cex.axis =
     0.7): partial argument match of 'lab' to 'labels'
Flavors: r-devel-windows-ix86+x86_64, r-release-windows-ix86+x86_64, r-oldrel-windows-ix86+x86_64