CRAN Package Check Results for Package Meth27QC

Last updated on 2014-03-27 21:47:06.

Flavor Version Tinstall Tcheck Ttotal Status Flags
r-devel-linux-x86_64-debian-clang 1.1 0.89 13.40 14.30 NOTE
r-devel-linux-x86_64-debian-gcc 1.1 0.85 13.32 14.18 NOTE
r-devel-linux-x86_64-fedora-clang 1.1 28.05 NOTE
r-devel-linux-x86_64-fedora-gcc 1.1 26.89 NOTE
r-devel-macosx-x86_64-clang 1.1 32.57 NOTE
r-devel-macosx-x86_64-gcc 1.1 ERROR
r-prerel-linux-x86_64 1.1 0.83 13.28 14.11 NOTE
r-prerel-solaris-sparc 1.1 157.00 NOTE
r-prerel-solaris-x86 1.1 49.50 NOTE
r-prerel-windows-ix86+x86_64 1.1 4.00 20.00 24.00 NOTE
r-release-linux-ix86 1.1 3.00 35.00 38.00 NOTE
r-release-linux-x86_64 1.1 0.88 12.46 13.34 NOTE
r-release-macosx-x86_64 1.1 NOTE
r-release-windows-ix86+x86_64 1.1 4.00 22.00 26.00 NOTE
r-oldrel-windows-ix86+x86_64 1.1 6.00 36.00 42.00 NOTE

Check Details

Version: 1.1
Check: R code for possible problems
Result: NOTE
    QCRep: warning in axis(1, at = 0:axislen, lab = 0:axislen, cex.axis =
     0.7, tcl = -0.2): partial argument match of 'lab' to 'labels'
    QCplot: warning in axis(1, at = 1:lenRow, lab = 1:lenRow, cex.axis =
     0.7): partial argument match of 'lab' to 'labels'
Flavors: r-devel-linux-x86_64-debian-clang, r-devel-linux-x86_64-debian-gcc, r-devel-linux-x86_64-fedora-clang, r-devel-linux-x86_64-fedora-gcc, r-devel-macosx-x86_64-clang, r-prerel-linux-x86_64, r-prerel-solaris-sparc, r-prerel-solaris-x86, r-prerel-windows-ix86+x86_64, r-release-linux-ix86, r-release-linux-x86_64, r-release-macosx-x86_64, r-release-windows-ix86+x86_64, r-oldrel-windows-ix86+x86_64

Version: 1.1
Check: whether package can be installed
Result: ERROR
    Installation failed.
    See ‘/Volumes/XT3/Builds/R-dev-web/QA/Simon/packages/snowleopard-x86_64/results/3.1/Meth27QC.Rcheck/00install.out’ for details.
Flavor: r-devel-macosx-x86_64-gcc