CRAN Package Check Results for Package NHPoisson

Last updated on 2014-07-23 23:48:28.

Flavor Version Tinstall Tcheck Ttotal Status Flags
r-devel-linux-x86_64-debian-clang 3.0 1.40 28.81 30.22 OK
r-devel-linux-x86_64-debian-gcc 3.0 1.42 27.94 29.36 OK
r-devel-linux-x86_64-fedora-clang 3.0 57.90 OK
r-devel-linux-x86_64-fedora-gcc 3.0 56.26 OK
r-devel-osx-x86_64-clang 3.0 51.30 OK
r-devel-windows-ix86+x86_64 3.0 5.00 43.00 48.00 OK
r-patched-linux-x86_64 3.0 1.36 28.38 29.74 OK
r-patched-solaris-sparc 3.0 331.10 OK
r-patched-solaris-x86 3.0 78.00 OK
r-release-linux-ix86 3.0 1.73 41.02 42.74 OK
r-release-linux-x86_64 3.0 1.51 28.49 30.00 OK
r-release-osx-x86_64-mavericks 3.0 OK
r-release-osx-x86_64-snowleopard 3.0 OK
r-release-windows-ix86+x86_64 3.0 4.00 45.00 49.00 OK
r-oldrel-windows-ix86+x86_64 3.0 5.00 29.00 34.00 ERROR

Check Details

Version: 3.0
Check: R code for possible problems
Result: NOTE
    fitPP.fun: no visible global function definition for 'anyNA'
Flavor: r-oldrel-windows-ix86+x86_64

Version: 3.0
Check: examples
Result: ERROR
    Running examples in 'NHPoisson-Ex.R' failed
    The error most likely occurred in:
    
    > ### Name: CalcRes.fun
    > ### Title: Calculate NHPP residuals on overlapping intervals
    > ### Aliases: CalcRes.fun
    >
    > ### ** Examples
    >
    >
    > X1<-rnorm(1000)
    > X2<-rnorm(1000)
    >
    > modE<-fitPP.fun(tind=TRUE,covariates=cbind(X1,X2),
    + posE=round(runif(40,1,1000)), inddat=rep(1,1000),
    + tim=c(1:1000), tit="Simulated example",start=list(b0=1,b1=0,b2=0),
    + dplot=FALSE,modCI=FALSE,modSim=TRUE)
    Error in fitPP.fun(tind = TRUE, covariates = cbind(X1, X2), posE = round(runif(40, :
     could not find function "anyNA"
    Execution halted
Flavor: r-oldrel-windows-ix86+x86_64