CRAN Package Check Results for Package NHPoisson

Last updated on 2014-12-21 23:47:06.

Flavor Version Tinstall Tcheck Ttotal Status Flags
r-devel-linux-x86_64-debian-clang 3.0 1.29 29.75 31.04 OK
r-devel-linux-x86_64-debian-gcc 3.0 1.29 27.36 28.65 OK
r-devel-linux-x86_64-fedora-clang 3.0 57.85 OK
r-devel-linux-x86_64-fedora-gcc 3.0 55.58 OK
r-devel-osx-x86_64-clang 3.0 52.25 OK
r-devel-windows-ix86+x86_64 3.0 5.00 45.00 50.00 OK
r-patched-linux-x86_64 3.0 1.87 28.10 29.97 OK
r-patched-solaris-sparc 3.0 344.30 OK
r-patched-solaris-x86 3.0 79.40 OK
r-release-linux-ix86 3.0 1.67 38.97 40.64 OK
r-release-linux-x86_64 3.0 1.37 29.25 30.62 OK
r-release-osx-x86_64-mavericks 3.0 OK
r-release-osx-x86_64-snowleopard 3.0 OK
r-release-windows-ix86+x86_64 3.0 4.00 44.00 48.00 OK
r-oldrel-windows-ix86+x86_64 3.0 4.00 31.00 35.00 ERROR

Check Details

Version: 3.0
Check: R code for possible problems
Result: NOTE
    fitPP.fun: no visible global function definition for 'anyNA'
Flavor: r-oldrel-windows-ix86+x86_64

Version: 3.0
Check: examples
Result: ERROR
    Running examples in 'NHPoisson-Ex.R' failed
    The error most likely occurred in:
    
    > ### Name: CalcRes.fun
    > ### Title: Calculate NHPP residuals on overlapping intervals
    > ### Aliases: CalcRes.fun
    >
    > ### ** Examples
    >
    >
    > X1<-rnorm(1000)
    > X2<-rnorm(1000)
    >
    > modE<-fitPP.fun(tind=TRUE,covariates=cbind(X1,X2),
    + posE=round(runif(40,1,1000)), inddat=rep(1,1000),
    + tim=c(1:1000), tit="Simulated example",start=list(b0=1,b1=0,b2=0),
    + dplot=FALSE,modCI=FALSE,modSim=TRUE)
    Error in fitPP.fun(tind = TRUE, covariates = cbind(X1, X2), posE = round(runif(40, :
     could not find function "anyNA"
    Execution halted
Flavor: r-oldrel-windows-ix86+x86_64