CRAN Package Check Results for Package NHPoisson

Last updated on 2015-05-27 11:49:28.

Flavor Version Tinstall Tcheck Ttotal Status Flags
r-devel-linux-x86_64-debian-clang 3.1 4.14 60.03 64.17 OK
r-devel-linux-x86_64-debian-gcc 3.1 3.96 59.07 63.04 OK
r-devel-linux-x86_64-fedora-clang 3.1 117.96 OK
r-devel-linux-x86_64-fedora-gcc 3.1 112.48 OK
r-devel-osx-x86_64-clang 3.1 103.87 OK
r-devel-windows-ix86+x86_64 3.1 11.00 86.00 97.00 OK
r-patched-linux-x86_64 3.1 3.92 59.48 63.40 OK
r-patched-solaris-sparc 3.1 776.00 OK
r-patched-solaris-x86 3.1 173.50 OK
r-release-linux-x86_64 3.1 4.01 58.56 62.57 OK
r-release-osx-x86_64-mavericks 3.1 OK
r-release-osx-x86_64-snowleopard 3.1 ERROR
r-release-windows-ix86+x86_64 3.1 11.00 90.00 101.00 OK
r-oldrel-windows-ix86+x86_64 3.1 18.00 116.00 134.00 OK

Check Details

Version: 3.1
Check: package dependencies
Result: ERROR
    Package required but not available: ‘car’
    
    See section ‘The DESCRIPTION file’ in the ‘Writing R Extensions’
    manual.
Flavor: r-release-osx-x86_64-snowleopard