CRAN Package Check Results for Package NetCluster

Last updated on 2016-07-29 11:49:43.

Flavor Version Tinstall Tcheck Ttotal Status Flags
r-devel-linux-x86_64-debian-clang 0.2 0.51 9.11 9.62 NOTE
r-devel-linux-x86_64-debian-gcc 0.2 2.75 10.65 13.39 NOTE
r-devel-linux-x86_64-fedora-clang 0.2 15.63 NOTE
r-devel-linux-x86_64-fedora-gcc 0.2 14.30 NOTE
r-devel-osx-x86_64-clang 0.2 15.37 NOTE
r-devel-windows-ix86+x86_64 0.2 4.00 24.00 28.00 NOTE
r-patched-linux-x86_64 0.2 0.70 10.29 10.98 NOTE
r-patched-solaris-sparc 0.2 96.30 NOTE
r-patched-solaris-x86 0.2 21.40 NOTE
r-release-linux-x86_64 0.2 0.64 11.03 11.66 NOTE
r-release-osx-x86_64-mavericks 0.2 NOTE
r-release-windows-ix86+x86_64 0.2 4.00 38.00 42.00 NOTE
r-oldrel-windows-ix86+x86_64 0.2 4.00 33.00 37.00 OK

Check Details

Version: 0.2
Check: R code for possible problems
Result: NOTE
    clustConfigurations: no visible global function definition for ‘plot’
    Undefined global functions or variables:
     plot
    Consider adding
     importFrom("graphics", "plot")
    to your NAMESPACE file.
Flavors: r-devel-linux-x86_64-debian-clang, r-devel-linux-x86_64-debian-gcc, r-devel-linux-x86_64-fedora-clang, r-devel-linux-x86_64-fedora-gcc, r-devel-osx-x86_64-clang, r-devel-windows-ix86+x86_64, r-patched-linux-x86_64, r-patched-solaris-sparc, r-patched-solaris-x86, r-release-linux-x86_64, r-release-osx-x86_64-mavericks, r-release-windows-ix86+x86_64