CRAN Package Check Results for Package NetCluster

Last updated on 2015-09-03 13:46:56.

Flavor Version Tinstall Tcheck Ttotal Status Flags
r-devel-linux-x86_64-debian-clang 0.2 0.49 8.46 8.95 NOTE
r-devel-linux-x86_64-debian-gcc 0.2 0.55 8.84 9.38 NOTE
r-devel-linux-x86_64-fedora-clang 0.2 17.15 NOTE
r-devel-linux-x86_64-fedora-gcc 0.2 15.85 NOTE
r-devel-osx-x86_64-clang 0.2 21.58 OK
r-devel-windows-ix86+x86_64 0.2 5.00 21.00 26.00 NOTE
r-patched-linux-x86_64 0.2 0.54 9.15 9.69 OK
r-patched-solaris-sparc 0.2 122.10 OK
r-patched-solaris-x86 0.2 27.40 OK
r-release-linux-x86_64 0.2 0.53 8.87 9.40 OK
r-release-osx-x86_64-mavericks 0.2 OK
r-release-windows-ix86+x86_64 0.2 3.00 18.00 21.00 OK
r-oldrel-windows-ix86+x86_64 0.2 4.00 22.00 26.00 OK

Check Details

Version: 0.2
Check: R code for possible problems
Result: NOTE
    clustConfigurations: no visible global function definition for ‘plot’
    Undefined global functions or variables:
     plot
    Consider adding
     importFrom("graphics", "plot")
    to your NAMESPACE.
Flavors: r-devel-linux-x86_64-debian-clang, r-devel-linux-x86_64-debian-gcc, r-devel-linux-x86_64-fedora-clang, r-devel-linux-x86_64-fedora-gcc, r-devel-windows-ix86+x86_64