CRAN Package Check Results for Package NetCluster

Last updated on 2016-02-10 11:55:21.

Flavor Version Tinstall Tcheck Ttotal Status Flags
r-devel-linux-x86_64-debian-gcc 0.2 0.53 8.23 8.77 NOTE
r-devel-linux-x86_64-fedora-clang 0.2 16.07 NOTE
r-devel-linux-x86_64-fedora-gcc 0.2 14.52 NOTE
r-devel-osx-x86_64-clang 0.2 18.88 NOTE
r-devel-windows-ix86+x86_64 0.2 4.00 20.00 24.00 NOTE
r-patched-linux-x86_64 0.2 0.57 8.89 9.46 OK
r-patched-solaris-sparc 0.2 103.30 OK
r-patched-solaris-x86 0.2 23.60 OK
r-release-linux-x86_64 0.2 0.60 8.61 9.21 OK
r-release-osx-x86_64-mavericks 0.2 OK
r-release-windows-ix86+x86_64 0.2 4.00 19.00 23.00 OK
r-oldrel-windows-ix86+x86_64 0.2 5.00 21.00 26.00 OK

Check Details

Version: 0.2
Check: R code for possible problems
Result: NOTE
    clustConfigurations: no visible global function definition for ‘plot’
    Undefined global functions or variables:
     plot
    Consider adding
     importFrom("graphics", "plot")
    to your NAMESPACE file.
Flavors: r-devel-linux-x86_64-debian-gcc, r-devel-linux-x86_64-fedora-clang, r-devel-linux-x86_64-fedora-gcc, r-devel-osx-x86_64-clang, r-devel-windows-ix86+x86_64