CRAN Package Check Results for Package NetCluster

Last updated on 2015-07-28 11:51:44.

Flavor Version Tinstall Tcheck Ttotal Status Flags
r-devel-linux-x86_64-debian-clang 0.2 0.53 9.44 9.97 NOTE
r-devel-linux-x86_64-debian-gcc 0.2 0.61 8.62 9.23 NOTE
r-devel-linux-x86_64-fedora-clang 0.2 18.97 NOTE
r-devel-linux-x86_64-fedora-gcc 0.2 17.07 NOTE
r-devel-osx-x86_64-clang 0.2 20.58 OK
r-devel-windows-ix86+x86_64 0.2 2.00 17.00 19.00 NOTE
r-patched-linux-x86_64 0.2 0.54 9.01 9.56 OK
r-patched-solaris-sparc 0.2 122.10 OK
r-patched-solaris-x86 0.2 26.90 OK
r-release-linux-x86_64 0.2 0.56 9.42 9.98 OK
r-release-osx-x86_64-mavericks 0.2 OK
r-release-windows-ix86+x86_64 0.2 3.00 32.00 35.00 OK
r-oldrel-windows-ix86+x86_64 0.2 3.00 29.00 32.00 OK

Check Details

Version: 0.2
Check: R code for possible problems
Result: NOTE
    clustConfigurations: no visible global function definition for ‘plot’
    Undefined global functions or variables:
     plot
    Consider adding
     importFrom("graphics", "plot")
    to your NAMESPACE.
Flavors: r-devel-linux-x86_64-debian-clang, r-devel-linux-x86_64-debian-gcc, r-devel-linux-x86_64-fedora-clang, r-devel-linux-x86_64-fedora-gcc, r-devel-windows-ix86+x86_64