CRAN Package Check Results for Package NetCluster

Last updated on 2016-09-25 11:47:16.

Flavor Version Tinstall Tcheck Ttotal Status Flags
r-devel-linux-x86_64-debian-clang 0.2 0.62 9.58 10.20 NOTE
r-devel-linux-x86_64-debian-gcc 0.2 0.57 9.62 10.19 NOTE
r-devel-linux-x86_64-fedora-clang 0.2 17.16 NOTE
r-devel-linux-x86_64-fedora-gcc 0.2 16.35 NOTE
r-devel-macos-x86_64-clang 0.2 16.08 NOTE
r-devel-windows-ix86+x86_64 0.2 4.00 25.00 29.00 NOTE
r-patched-linux-x86_64 0.2 0.66 9.61 10.27 NOTE
r-patched-solaris-sparc 0.2 96.30 NOTE
r-patched-solaris-x86 0.2 24.20 NOTE
r-release-linux-x86_64 0.2 0.67 9.54 10.21 NOTE
r-release-osx-x86_64-mavericks 0.2 NOTE
r-release-windows-ix86+x86_64 0.2 2.00 26.00 28.00 NOTE
r-oldrel-windows-ix86+x86_64 0.2 4.00 37.00 41.00 OK

Check Details

Version: 0.2
Check: R code for possible problems
Result: NOTE
    clustConfigurations: no visible global function definition for ‘plot’
    Undefined global functions or variables:
     plot
    Consider adding
     importFrom("graphics", "plot")
    to your NAMESPACE file.
Flavors: r-devel-linux-x86_64-debian-clang, r-devel-linux-x86_64-debian-gcc, r-devel-linux-x86_64-fedora-clang, r-devel-linux-x86_64-fedora-gcc, r-devel-macos-x86_64-clang, r-devel-windows-ix86+x86_64, r-patched-linux-x86_64, r-patched-solaris-sparc, r-patched-solaris-x86, r-release-linux-x86_64, r-release-osx-x86_64-mavericks, r-release-windows-ix86+x86_64