CRAN Package Check Results for Package NetCluster

Last updated on 2016-08-25 13:47:34.

Flavor Version Tinstall Tcheck Ttotal Status Flags
r-devel-linux-x86_64-debian-clang 0.2 0.59 9.37 9.97 NOTE
r-devel-linux-x86_64-debian-gcc 0.2 2.63 9.52 12.15 NOTE
r-devel-linux-x86_64-fedora-clang 0.2 16.94 NOTE
r-devel-linux-x86_64-fedora-gcc 0.2 15.80 NOTE
r-devel-osx-x86_64-clang 0.2 16.32 NOTE
r-devel-windows-ix86+x86_64 0.2 3.00 26.00 29.00 NOTE
r-patched-linux-x86_64 0.2 0.64 9.39 10.03 NOTE
r-patched-solaris-sparc 0.2 96.30 NOTE
r-patched-solaris-x86 0.2 23.10 NOTE
r-release-linux-x86_64 0.2 0.68 9.31 9.98 NOTE
r-release-osx-x86_64-mavericks 0.2 NOTE
r-release-windows-ix86+x86_64 0.2 4.00 35.00 39.00 NOTE
r-oldrel-windows-ix86+x86_64 0.2 2.00 37.00 39.00 OK

Check Details

Version: 0.2
Check: R code for possible problems
Result: NOTE
    clustConfigurations: no visible global function definition for ‘plot’
    Undefined global functions or variables:
     plot
    Consider adding
     importFrom("graphics", "plot")
    to your NAMESPACE file.
Flavors: r-devel-linux-x86_64-debian-clang, r-devel-linux-x86_64-debian-gcc, r-devel-linux-x86_64-fedora-clang, r-devel-linux-x86_64-fedora-gcc, r-devel-osx-x86_64-clang, r-devel-windows-ix86+x86_64, r-patched-linux-x86_64, r-patched-solaris-sparc, r-patched-solaris-x86, r-release-linux-x86_64, r-release-osx-x86_64-mavericks, r-release-windows-ix86+x86_64