CRAN Package Check Results for Package PottsUtils

Last updated on 2014-03-27 21:47:09.

Flavor Version Tinstall Tcheck Ttotal Status Flags
r-devel-linux-x86_64-debian-clang 0.2-3 1.14 14.54 15.68 OK
r-devel-linux-x86_64-debian-gcc 0.2-3 1.09 14.38 15.47 OK
r-devel-linux-x86_64-fedora-clang 0.2-3 36.55 OK
r-devel-linux-x86_64-fedora-gcc 0.2-3 34.76 OK
r-devel-macosx-x86_64-clang 0.2-3 38.67 OK
r-devel-macosx-x86_64-gcc 0.2-3 OK
r-prerel-linux-x86_64 0.2-3 1.23 14.61 15.84 OK
r-prerel-solaris-sparc 0.2-3 190.20 OK
r-prerel-solaris-x86 0.2-3 46.50 OK
r-prerel-windows-ix86+x86_64 0.2-3 5.00 29.00 34.00 OK
r-release-linux-ix86 0.2-3 3.00 29.00 32.00 OK
r-release-linux-x86_64 0.2-3 1.18 13.74 14.92 OK
r-release-macosx-x86_64 0.2-3 OK
r-release-windows-ix86+x86_64 0.2-3 5.00 31.00 36.00 OK
r-oldrel-windows-ix86+x86_64 0.2-2 3.00 113.00 116.00 NOTE

Check Details

Version: 0.2-2
Check: installed files from 'inst/doc'
Result: NOTE
    The following directories should probably not be installed:
     'figures'
    
    Consider the use of a .Rinstignore file: see 'Writing R Extensions',
    or move the vignette sources from 'inst/doc' to 'vignettes'.
    * checking examples ...
Flavor: r-oldrel-windows-ix86+x86_64