CRAN Package Check Results for Package PottsUtils

Last updated on 2014-08-25 01:48:10.

Flavor Version Tinstall Tcheck Ttotal Status Flags
r-devel-linux-x86_64-debian-clang 0.3-2 1.17 13.89 15.06 OK
r-devel-linux-x86_64-debian-gcc 0.3-2 OK
r-devel-linux-x86_64-fedora-clang 0.3-2 34.96 OK
r-devel-linux-x86_64-fedora-gcc 0.3-2 33.15 OK
r-devel-osx-x86_64-clang 0.3-2 38.23 OK
r-devel-windows-ix86+x86_64 0.3-2 4.00 30.00 34.00 OK
r-patched-linux-x86_64 0.3-2 1.28 13.91 15.18 OK
r-patched-solaris-sparc 0.3-2 169.30 OK
r-patched-solaris-x86 0.3-2 54.60 OK
r-release-linux-ix86 0.3-2 1.78 22.38 24.16 OK
r-release-linux-x86_64 0.3-2 1.13 14.31 15.44 OK
r-release-osx-x86_64-mavericks 0.3-2 NOTE
r-release-osx-x86_64-snowleopard 0.3-2 OK
r-release-windows-ix86+x86_64 0.3-2 4.00 30.00 34.00 OK
r-oldrel-windows-ix86+x86_64 0.3-2 5.00 32.00 37.00 OK

Check Details

Version: 0.3-2
Check: re-building of vignette outputs
Result: NOTE
    Error in re-building vignettes:
     ...
    Error in texi2dvi(file = file, pdf = TRUE, clean = clean, quiet = quiet, :
     Running 'texi2dvi' on 'Intro.tex' failed.
    LaTeX errors:
    ! LaTeX Error: File `fullpage.sty' not found.
    
    Type X to quit or <RETURN> to proceed,
    or enter new name. (Default extension: sty)
    
    ign_test/PottsUtils/vignettes/Intro.tex:3: ==> Fatal error occurred, no output
     PDF file produced!
    Calls: buildVignettes -> texi2pdf -> texi2dvi
    Execution halted
Flavor: r-release-osx-x86_64-mavericks