CRAN Package Check Results for Package PottsUtils

Last updated on 2016-09-25 11:47:19.

Flavor Version Tinstall Tcheck Ttotal Status Flags
r-devel-linux-x86_64-debian-clang 0.3-2 3.33 37.43 40.76 NOTE
r-devel-linux-x86_64-debian-gcc 0.3-2 3.33 37.24 40.57 NOTE
r-devel-linux-x86_64-fedora-clang 0.3-2 87.38 NOTE
r-devel-linux-x86_64-fedora-gcc 0.3-2 83.36 NOTE
r-devel-macos-x86_64-clang 0.3-2 1.54 ERROR
r-devel-windows-ix86+x86_64 0.3-2 11.00 90.00 101.00 NOTE
r-patched-linux-x86_64 0.3-2 3.38 39.36 42.74 NOTE
r-patched-solaris-sparc 0.3-2 12.50 ERROR
r-patched-solaris-x86 0.3-2 2.80 ERROR
r-release-linux-x86_64 0.3-2 4.08 38.83 42.91 NOTE
r-release-osx-x86_64-mavericks 0.3-2 NOTE
r-release-windows-ix86+x86_64 0.3-2 12.00 145.00 157.00 NOTE
r-oldrel-windows-ix86+x86_64 0.3-2 18.00 134.00 152.00 NOTE

Check Details

Version: 0.3-2
Check: R code for possible problems
Result: NOTE
    findBonds: no visible global function definition for ‘runif’
    rPotts1ParDecoup: no visible global function definition for ‘runif’
    Undefined global functions or variables:
     runif
    Consider adding
     importFrom("stats", "runif")
    to your NAMESPACE file.
Flavors: r-devel-linux-x86_64-debian-clang, r-devel-linux-x86_64-debian-gcc, r-devel-linux-x86_64-fedora-clang, r-devel-linux-x86_64-fedora-gcc, r-devel-windows-ix86+x86_64, r-patched-linux-x86_64, r-release-linux-x86_64, r-release-osx-x86_64-mavericks, r-release-windows-ix86+x86_64

Version: 0.3-2
Check: compiled code
Result: NOTE
    File ‘PottsUtils/libs/PottsUtils.so’:
     Found ‘rand’, possibly from ‘rand’ (C)
     Object: ‘sw.o’
    
    Compiled code should not call entry points which might terminate R nor
    write to stdout/stderr instead of to the console, nor the system RNG.
    
    See ‘Writing portable packages’ in the ‘Writing R Extensions’ manual.
Flavors: r-devel-linux-x86_64-debian-clang, r-devel-linux-x86_64-debian-gcc, r-devel-linux-x86_64-fedora-clang, r-devel-linux-x86_64-fedora-gcc, r-patched-linux-x86_64, r-release-linux-x86_64

Version: 0.3-2
Check: package dependencies
Result: ERROR
    Package required but not available: ‘miscF’
    
    See section ‘The DESCRIPTION file’ in the ‘Writing R Extensions’
    manual.
Flavors: r-devel-macos-x86_64-clang, r-patched-solaris-sparc, r-patched-solaris-x86

Version: 0.3-2
Check: compiled code
Result: NOTE
    File ‘PottsUtils/libs/PottsUtils.so’:
     Found ‘_rand’, possibly from ‘rand’ (C)
     Object: ‘sw.o’
    
    Compiled code should not call entry points which might terminate R nor
    write to stdout/stderr instead of to the console, nor the system RNG.
    
    See ‘Writing portable packages’ in the ‘Writing R Extensions’ manual.
Flavor: r-release-osx-x86_64-mavericks

Version: 0.3-2
Check: compiled code
Result: NOTE
    File 'PottsUtils/libs/i386/PottsUtils.dll':
     Found 'rand', possibly from 'rand' (C)
     Object: 'sw.o'
    File 'PottsUtils/libs/x64/PottsUtils.dll':
     Found 'rand', possibly from 'rand' (C)
     Object: 'sw.o'
    
    Compiled code should not call entry points which might terminate R nor
    write to stdout/stderr instead of to the console, nor the system RNG.
    
    See 'Writing portable packages' in the 'Writing R Extensions' manual.
Flavor: r-oldrel-windows-ix86+x86_64