CRAN Package Check Results for Package PottsUtils

Last updated on 2014-07-25 01:48:50.

Flavor Version Tinstall Tcheck Ttotal Status Flags
r-devel-linux-x86_64-debian-clang 0.3-1 1.09 21.81 22.90 OK
r-devel-linux-x86_64-debian-gcc 0.3-1 1.10 20.80 21.90 OK
r-devel-linux-x86_64-fedora-clang 0.3-1 39.43 OK
r-devel-linux-x86_64-fedora-gcc 0.3-1 29.71 OK
r-devel-osx-x86_64-clang 0.3-1 19.43 ERROR
r-devel-windows-ix86+x86_64 0.3-1 5.00 43.00 48.00 OK
r-patched-linux-x86_64 0.3-1 1.24 22.08 23.32 OK
r-patched-solaris-sparc 0.3-1 253.70 OK
r-patched-solaris-x86 0.3-1 68.10 OK
r-release-linux-ix86 0.3-0 1.65 22.29 23.94 OK
r-release-linux-x86_64 0.3-1 1.18 22.03 23.21 OK
r-release-osx-x86_64-mavericks 0.3-1 ERROR
r-release-osx-x86_64-snowleopard 0.3-1 OK
r-release-windows-ix86+x86_64 0.3-1 5.00 46.00 51.00 OK
r-oldrel-windows-ix86+x86_64 0.3-1 5.00 38.00 43.00 OK

Memtest notes: valgrind

Check Details

Version: 0.3-1
Check: examples
Result: ERROR
    Running examples in ‘PottsUtils-Ex.R’ failed
    The error most likely occurred in:
    
    > ### Name: SW
    > ### Title: Generate Random Samples from a Compound Potts Model by the
    > ### Swendsen-Wang Algorithm
    > ### Aliases: SW
    > ### Keywords: distribution
    >
    > ### ** Examples
    >
    > #Example 1: Generate 100 samples from a Potts model with the
    > # neighborhood structure corresponding to a
    > # second-order Markov random field defined on a
    > # 3*3 2D graph. The number of colors is 2.
    > # beta=0.1. All weights are equal to 1.
    >
    > edges <- getEdges(mask=matrix(1, 2, 2), neiStruc=rep(2,4))
    > set.seed(100)
    > SW(n=500, nvertex=4, ncolor=2, edges, beta=0.8)
    R(67632,0x7fff78ab4310) malloc: *** mach_vm_map(size=562615266246656) failed (error code=3)
    *** error: can't allocate region
    *** set a breakpoint in malloc_error_break to debug
    R(67632,0x7fff78ab4310) malloc: *** mach_vm_map(size=562615266246656) failed (error code=3)
    *** error: can't allocate region
    *** set a breakpoint in malloc_error_break to debug
    Error: cannot allocate vector of size 523976.3 Gb
    Execution halted
Flavor: r-devel-osx-x86_64-clang

Version: 0.3-1
Check: examples
Result: ERROR
    Running examples in ‘PottsUtils-Ex.R’ failed
    The error most likely occurred in:
    
    > ### Name: SW
    > ### Title: Generate Random Samples from a Compound Potts Model by the
    > ### Swendsen-Wang Algorithm
    > ### Aliases: SW
    > ### Keywords: distribution
    >
    > ### ** Examples
    >
    > #Example 1: Generate 100 samples from a Potts model with the
    > # neighborhood structure corresponding to a
    > # second-order Markov random field defined on a
    > # 3*3 2D graph. The number of colors is 2.
    > # beta=0.1. All weights are equal to 1.
    >
    > edges <- getEdges(mask=matrix(1, 2, 2), neiStruc=rep(2,4))
    > set.seed(100)
    > SW(n=500, nvertex=4, ncolor=2, edges, beta=0.8)
    R(14172,0x7fff733bf310) malloc: *** mach_vm_map(size=561024636465152) failed (error code=3)
    *** error: can't allocate region
    *** set a breakpoint in malloc_error_break to debug
    R(14172,0x7fff733bf310) malloc: *** mach_vm_map(size=561024636465152) failed (error code=3)
    *** error: can't allocate region
    *** set a breakpoint in malloc_error_break to debug
    Error: cannot allocate vector of size 522494.9 Gb
    Execution halted
Flavor: r-release-osx-x86_64-mavericks