CRAN Package Check Results for Package PottsUtils

Last updated on 2015-05-26 12:47:24.

Flavor Version Tinstall Tcheck Ttotal Status Flags
r-devel-linux-x86_64-debian-clang 0.3-2 0.94 14.91 15.85 NOTE
r-devel-linux-x86_64-debian-gcc 0.3-2 0.93 14.54 15.48 NOTE
r-devel-linux-x86_64-fedora-clang 0.3-2 32.08 NOTE
r-devel-linux-x86_64-fedora-gcc 0.3-2 29.89 NOTE
r-devel-osx-x86_64-clang 0.3-2 40.42 NOTE
r-devel-windows-ix86+x86_64 0.3-2 6.00 31.00 37.00 NOTE
r-patched-linux-x86_64 0.3-2 0.94 14.55 15.49 NOTE
r-patched-solaris-sparc 0.3-2 199.90 NOTE
r-patched-solaris-x86 0.3-2 43.30 NOTE
r-release-linux-x86_64 0.3-2 0.95 14.76 15.70 NOTE
r-release-osx-x86_64-mavericks 0.3-2 NOTE
r-release-osx-x86_64-snowleopard 0.3-2 NOTE
r-release-windows-ix86+x86_64 0.3-2 6.00 30.00 36.00 NOTE
r-oldrel-windows-ix86+x86_64 0.3-2 6.00 35.00 41.00 NOTE

Check Details

Version: 0.3-2
Check: compiled code
Result: NOTE
    File ‘PottsUtils/libs/PottsUtils.so’:
     Found ‘rand’, possibly from ‘rand’ (C)
     Object: ‘sw.o’
    
    Compiled code should not call entry points which might terminate R nor
    write to stdout/stderr instead of to the console, nor the system RNG.
    
    See ‘Writing portable packages’ in the ‘Writing R Extensions’ manual.
Flavors: r-devel-linux-x86_64-debian-clang, r-devel-linux-x86_64-debian-gcc, r-devel-linux-x86_64-fedora-clang, r-devel-linux-x86_64-fedora-gcc, r-patched-linux-x86_64, r-patched-solaris-sparc, r-patched-solaris-x86, r-release-linux-x86_64

Version: 0.3-2
Check: compiled code
Result: NOTE
    File ‘PottsUtils/libs/PottsUtils.so’:
     Found ‘_rand’, possibly from ‘rand’ (C)
     Object: ‘sw.o’
    
    Compiled code should not call entry points which might terminate R nor
    write to stdout/stderr instead of to the console, nor the system RNG.
    
    See ‘Writing portable packages’ in the ‘Writing R Extensions’ manual.
Flavors: r-devel-osx-x86_64-clang, r-release-osx-x86_64-mavericks, r-release-osx-x86_64-snowleopard

Version: 0.3-2
Check: compiled code
Result: NOTE
    File 'PottsUtils/libs/i386/PottsUtils.dll':
     Found 'rand', possibly from 'rand' (C)
     Object: 'sw.o'
    File 'PottsUtils/libs/x64/PottsUtils.dll':
     Found 'rand', possibly from 'rand' (C)
     Object: 'sw.o'
    
    Compiled code should not call entry points which might terminate R nor
    write to stdout/stderr instead of to the console, nor the system RNG.
    
    See 'Writing portable packages' in the 'Writing R Extensions' manual.
Flavors: r-devel-windows-ix86+x86_64, r-release-windows-ix86+x86_64, r-oldrel-windows-ix86+x86_64