CRAN Package Check Results for Package R.oo

Last updated on 2016-02-06 11:48:30.

Flavor Version Tinstall Tcheck Ttotal Status Flags
r-devel-linux-x86_64-debian-gcc 1.19.0 2.31 33.09 35.39 NOTE
r-devel-linux-x86_64-fedora-clang 1.19.0 65.75 NOTE
r-devel-linux-x86_64-fedora-gcc 1.19.0 63.10 NOTE
r-devel-osx-x86_64-clang 1.19.0 75.62 NOTE
r-devel-windows-ix86+x86_64 1.19.0 20.00 89.00 109.00 NOTE
r-patched-linux-x86_64 1.19.0 2.76 35.09 37.84 OK
r-patched-solaris-sparc 1.19.0 426.80 OK
r-patched-solaris-x86 1.19.0 85.70 OK
r-release-linux-x86_64 1.19.0 2.58 35.37 37.95 OK
r-release-osx-x86_64-mavericks 1.19.0 OK
r-release-windows-ix86+x86_64 1.19.0 11.00 55.00 66.00 OK
r-oldrel-windows-ix86+x86_64 1.19.0 13.00 62.00 75.00 OK

Check Details

Version: 1.19.0
Check: R code for possible problems
Result: NOTE
    .makeObjectFinalizer : finalizer: no visible global function definition
     for ‘sessionInfo’
    compile.Rdoc : compileRdoc : tag: no visible binding for global
     variable ‘line’
    Undefined global functions or variables:
     line sessionInfo
    Consider adding
     importFrom("stats", "line")
     importFrom("utils", "sessionInfo")
    to your NAMESPACE.
Flavors: r-devel-linux-x86_64-debian-gcc, r-devel-linux-x86_64-fedora-clang, r-devel-linux-x86_64-fedora-gcc, r-devel-windows-ix86+x86_64

Version: 1.19.0
Check: R code for possible problems
Result: NOTE
    .makeObjectFinalizer : finalizer: no visible global function definition
     for ‘sessionInfo’
    compile.Rdoc : compileRdoc : tag: no visible binding for global
     variable ‘line’
    Undefined global functions or variables:
     line sessionInfo
    Consider adding
     importFrom("stats", "line")
     importFrom("utils", "sessionInfo")
    to your NAMESPACE file.
Flavor: r-devel-osx-x86_64-clang