CRAN Package Check Results for Package R.oo

Last updated on 2015-06-29 13:48:22.

Flavor Version Tinstall Tcheck Ttotal Status Flags
r-devel-linux-x86_64-debian-clang 1.19.0 2.68 34.85 37.53 NOTE
r-devel-linux-x86_64-debian-gcc 1.19.0 3.81 34.35 38.16 NOTE
r-devel-linux-x86_64-fedora-clang 1.19.0 70.42 OK
r-devel-linux-x86_64-fedora-gcc 1.19.0 69.00 OK
r-devel-osx-x86_64-clang 1.19.0 71.85 OK
r-devel-windows-ix86+x86_64 1.19.0 15.00 56.00 71.00 OK
r-patched-linux-x86_64 1.19.0 2.49 34.87 37.36 OK
r-patched-solaris-sparc 1.19.0 450.80 OK
r-patched-solaris-x86 1.19.0 93.30 OK
r-release-linux-x86_64 1.19.0 2.44 34.21 36.65 OK
r-release-osx-x86_64-mavericks 1.19.0 OK
r-release-windows-ix86+x86_64 1.19.0 8.00 68.00 76.00 OK
r-oldrel-windows-ix86+x86_64 1.19.0 13.00 62.00 75.00 OK

Check Details

Version: 1.19.0
Check: R code for possible problems
Result: NOTE
    .makeObjectFinalizer : finalizer: no visible global function definition
     for ‘sessionInfo’
    compile.Rdoc : compileRdoc : tag: no visible binding for global
     variable ‘line’
Flavors: r-devel-linux-x86_64-debian-clang, r-devel-linux-x86_64-debian-gcc