CRAN Package Check Results for Package ROI.plugin.quadprog

Last updated on 2014-03-27 21:47:11.

Flavor Version Tinstall Tcheck Ttotal Status Flags
r-devel-linux-x86_64-debian-clang 0.0-2 0.73 9.06 9.79 OK
r-devel-linux-x86_64-debian-gcc 0.0-2 0.76 9.06 9.82 OK
r-devel-linux-x86_64-fedora-clang 0.0-2 19.00 OK
r-devel-linux-x86_64-fedora-gcc 0.0-2 17.18 OK
r-devel-macosx-x86_64-clang 0.0-2 20.39 OK
r-devel-macosx-x86_64-gcc 0.0-2 OK
r-prerel-linux-x86_64 0.0-2 0.74 9.20 9.94 OK
r-prerel-solaris-sparc 0.0-2 106.30 OK
r-prerel-solaris-x86 0.0-2 27.80 OK
r-prerel-windows-ix86+x86_64 0.0-2 3.00 18.00 21.00 OK
r-release-linux-ix86 0.0-2 2.00 22.00 24.00 OK
r-release-linux-x86_64 0.0-2 0.80 8.27 9.07 OK
r-release-macosx-x86_64 0.0-2 ERROR
r-release-windows-ix86+x86_64 0.0-2 4.00 18.00 22.00 OK
r-oldrel-windows-ix86+x86_64 0.0-2 5.00 20.00 25.00 OK

Check Details

Version: 0.0-2
Check: whether package can be installed
Result: ERROR
    Installation failed.
    See ‘/Volumes/XT3/Builds/R-dev-web/QA/Simon/packages/snowleopard-x86_64/results/3.0/ROI.plugin.quadprog.Rcheck/00install.out’ for details.
Flavor: r-release-macosx-x86_64