CRAN Package Check Results for Package RVowpalWabbit

Last updated on 2015-05-23 11:51:33.

Flavor Version Tinstall Tcheck Ttotal Status Flags
r-devel-linux-x86_64-debian-clang 0.0.6 94.34 12.01 106.34 NOTE
r-devel-linux-x86_64-debian-gcc 0.0.6 102.40 11.90 114.29 NOTE
r-devel-linux-x86_64-fedora-gcc 0.0.6 213.48 NOTE
r-patched-linux-x86_64 0.0.6 107.73 11.73 119.46 NOTE
r-release-linux-x86_64 0.0.6 102.28 12.00 114.28 NOTE
r-release-osx-x86_64-mavericks 0.0.6 ERROR
r-release-osx-x86_64-snowleopard 0.0.6 ERROR

Check Details

Version: 0.0.6
Check: installed package size
Result: NOTE
     installed size is 23.3Mb
     sub-directories of 1Mb or more:
     libs 3.6Mb
     test 19.6Mb
Flavors: r-devel-linux-x86_64-debian-clang, r-devel-linux-x86_64-debian-gcc, r-devel-linux-x86_64-fedora-gcc, r-patched-linux-x86_64, r-release-linux-x86_64

Version: 0.0.6
Check: dependencies in R code
Result: NOTE
    Package in Depends field not imported from: ‘Rcpp’
     These packages need to be imported from (in the NAMESPACE file)
     for when this namespace is loaded but not attached.
Flavors: r-devel-linux-x86_64-debian-clang, r-devel-linux-x86_64-debian-gcc, r-devel-linux-x86_64-fedora-gcc, r-patched-linux-x86_64, r-release-linux-x86_64

Version: 0.0.6
Check: compiled code
Result: NOTE
    File ‘RVowpalWabbit/libs/RVowpalWabbit.so’:
     Found ‘rand’, possibly from ‘rand’ (C)
     Objects: ‘parse_regressor.o’, ‘parser.o’
    
    Compiled code should not call entry points which might terminate R nor
    write to stdout/stderr instead of to the console, nor the system RNG.
    
    See ‘Writing portable packages’ in the ‘Writing R Extensions’ manual.
Flavors: r-devel-linux-x86_64-debian-clang, r-devel-linux-x86_64-debian-gcc, r-devel-linux-x86_64-fedora-gcc, r-patched-linux-x86_64, r-release-linux-x86_64

Version: 0.0.6
Check: whether package can be installed
Result: ERROR
    Installation failed.
Flavors: r-release-osx-x86_64-mavericks, r-release-osx-x86_64-snowleopard