CRAN Package Check Results for Package RVowpalWabbit

Last updated on 2016-06-28 12:47:01.

Flavor Version Tinstall Tcheck Ttotal Status Flags
r-devel-linux-x86_64-debian-gcc 0.0.6 135.91 12.33 148.24 NOTE
r-devel-linux-x86_64-fedora-gcc 0.0.6 220.54 NOTE
r-devel-osx-x86_64-clang 0.0.6 166.21 NOTE
r-patched-linux-x86_64 0.0.6 95.85 12.09 107.94 NOTE
r-release-linux-x86_64 0.0.6 94.89 11.61 106.50 NOTE
r-release-osx-x86_64-mavericks 0.0.6 ERROR

Memtest notes: gcc6-UBSAN gcc-UBSAN

Check Details

Version: 0.0.6
Check: installed package size
Result: NOTE
     installed size is 25.9Mb
     sub-directories of 1Mb or more:
     libs 6.2Mb
     test 19.6Mb
Flavors: r-devel-linux-x86_64-debian-gcc, r-devel-linux-x86_64-fedora-gcc, r-devel-osx-x86_64-clang, r-patched-linux-x86_64, r-release-linux-x86_64

Version: 0.0.6
Check: dependencies in R code
Result: NOTE
    Package in Depends field not imported from: ‘Rcpp’
     These packages need to be imported from (in the NAMESPACE file)
     for when this namespace is loaded but not attached.
Flavors: r-devel-linux-x86_64-debian-gcc, r-devel-linux-x86_64-fedora-gcc, r-devel-osx-x86_64-clang, r-patched-linux-x86_64, r-release-linux-x86_64

Version: 0.0.6
Check: compiled code
Result: NOTE
    File ‘RVowpalWabbit/libs/RVowpalWabbit.so’:
     Found ‘rand’, possibly from ‘rand’ (C)
     Objects: ‘parse_regressor.o’, ‘parser.o’
    
    Compiled code should not call entry points which might terminate R nor
    write to stdout/stderr instead of to the console, nor the system RNG.
    
    See ‘Writing portable packages’ in the ‘Writing R Extensions’ manual.
Flavors: r-devel-linux-x86_64-debian-gcc, r-devel-linux-x86_64-fedora-gcc, r-patched-linux-x86_64, r-release-linux-x86_64

Version: 0.0.6
Check: compiled code
Result: NOTE
    File ‘RVowpalWabbit/libs/RVowpalWabbit.so’:
     Found ‘_rand’, possibly from ‘rand’ (C)
     Objects: ‘parse_regressor.o’, ‘parser.o’
    
    Compiled code should not call entry points which might terminate R nor
    write to stdout/stderr instead of to the console, nor the system RNG.
    
    See ‘Writing portable packages’ in the ‘Writing R Extensions’ manual.
Flavor: r-devel-osx-x86_64-clang

Version: 0.0.6
Check: whether package can be installed
Result: ERROR
    Installation failed.
Flavor: r-release-osx-x86_64-mavericks