CRAN Package Check Results for Package RVowpalWabbit

Last updated on 2016-09-25 11:47:24.

Flavor Version Tinstall Tcheck Ttotal Status Flags
r-devel-linux-x86_64-debian-clang 0.0.7 111.85 15.99 127.84 NOTE
r-devel-linux-x86_64-debian-gcc 0.0.7 117.70 15.49 133.18 NOTE
r-devel-linux-x86_64-fedora-clang 0.0.7 20.04 NOTE --install=fake
r-devel-linux-x86_64-fedora-gcc 0.0.7 260.83 NOTE
r-devel-macos-x86_64-clang 0.0.7 184.36 NOTE
r-patched-linux-x86_64 0.0.7 94.55 12.02 106.57 NOTE
r-release-linux-x86_64 0.0.7 95.36 11.97 107.33 NOTE
r-release-osx-x86_64-mavericks 0.0.7 ERROR

Memtest notes: clang-UBSAN clang-UBSAN gcc6-UBSAN gcc6-UBSAN gcc7-UBSAN gcc7-UBSAN

Check Details

Version: 0.0.7
Check: installed package size
Result: NOTE
     installed size is 23.5Mb
     sub-directories of 1Mb or more:
     libs 3.8Mb
     test 19.6Mb
Flavors: r-devel-linux-x86_64-debian-clang, r-devel-linux-x86_64-debian-gcc, r-devel-linux-x86_64-fedora-gcc, r-devel-macos-x86_64-clang, r-patched-linux-x86_64, r-release-linux-x86_64

Version: 0.0.7
Flags: --install=fake
Check: installed package size
Result: NOTE
     installed size is 19.7Mb
     sub-directories of 1Mb or more:
     test 19.6Mb
Flavor: r-devel-linux-x86_64-fedora-clang

Version: 0.0.7
Check: whether package can be installed
Result: ERROR
    Installation failed.
Flavor: r-release-osx-x86_64-mavericks