CRAN Package Check Results for Package RcmdrPlugin.SCDA

Last updated on 2015-04-19 11:51:18.

Flavor Version Tinstall Tcheck Ttotal Status Flags
r-devel-linux-x86_64-debian-clang 1.1 4.67 50.77 55.44 OK
r-devel-linux-x86_64-debian-gcc 1.1 4.55 50.85 55.40 OK
r-devel-linux-x86_64-fedora-clang 1.1 117.53 OK
r-devel-linux-x86_64-fedora-gcc 1.1 118.87 OK
r-devel-osx-x86_64-clang 1.1 113.69 OK
r-devel-windows-ix86+x86_64 1.1 35.00 116.00 151.00 OK
r-patched-linux-x86_64 1.1 4.60 50.62 55.22 OK
r-patched-solaris-sparc 1.1 686.00 OK
r-patched-solaris-x86 1.1 169.40 OK
r-release-linux-x86_64 1.1 4.51 49.90 54.41 OK
r-release-osx-x86_64-mavericks 1.1 OK
r-release-osx-x86_64-snowleopard 1.1 ERROR
r-release-windows-ix86+x86_64 1.1 38.00 72.00 110.00 OK
r-oldrel-windows-ix86+x86_64 1.1 55.00 252.00 307.00 OK

Check Details

Version: 1.1
Check: package dependencies
Result: ERROR
    Package required but not available: ‘Rcmdr’
    
    See section ‘The DESCRIPTION file’ in the ‘Writing R Extensions’
    manual.
Flavor: r-release-osx-x86_64-snowleopard