CRAN Package Check Results for Package RcmdrPlugin.SCDA

Last updated on 2014-10-30 23:47:25.

Flavor Version Tinstall Tcheck Ttotal Status Flags
r-devel-linux-x86_64-debian-clang 1.0 2.44 45.27 47.71 OK
r-devel-linux-x86_64-debian-gcc 1.0 2.47 45.62 48.09 OK
r-devel-linux-x86_64-fedora-clang 1.0 70.24 OK
r-devel-linux-x86_64-fedora-gcc 1.0 68.62 OK
r-devel-osx-x86_64-clang 1.0 71.93 OK
r-devel-windows-ix86+x86_64 1.0 37.00 74.00 111.00 OK
r-patched-linux-x86_64 1.0 2.44 42.86 45.29 OK
r-patched-solaris-sparc 1.0 386.10 OK
r-patched-solaris-x86 1.0 115.00 OK
r-release-linux-ix86 1.0 0.46 1.72 2.18 ERROR
r-release-linux-x86_64 1.0 2.61 47.24 49.84 OK
r-release-osx-x86_64-mavericks 1.0 OK
r-release-osx-x86_64-snowleopard 1.0 OK
r-release-windows-ix86+x86_64 1.0 47.00 129.00 176.00 OK
r-oldrel-windows-ix86+x86_64 1.0 39.00 91.00 130.00 OK

Check Details

Version: 1.0
Check: package dependencies
Result: ERROR
    Package required but not available: ‘Rcmdr’
    
    See the information on DESCRIPTION files in the chapter ‘Creating R
    packages’ of the ‘Writing R Extensions’ manual.
Flavor: r-release-linux-ix86