CRAN Package Check Results for Package RgoogleMaps

Last updated on 2014-08-25 01:48:12.

Flavor Version Tinstall Tcheck Ttotal Status Flags
r-devel-linux-x86_64-debian-clang 1.2.0.6 1.01 21.95 22.96 NOTE
r-devel-linux-x86_64-debian-gcc 1.2.0.6 NOTE
r-devel-linux-x86_64-fedora-clang 1.2.0.6 46.56 NOTE
r-devel-linux-x86_64-fedora-gcc 1.2.0.6 43.55 NOTE
r-devel-osx-x86_64-clang 1.2.0.6 40.90 NOTE
r-devel-windows-ix86+x86_64 1.2.0.6 4.00 30.00 34.00 NOTE
r-patched-linux-x86_64 1.2.0.6 1.14 22.36 23.50 OK
r-patched-solaris-sparc 1.2.0.6 227.80 OK
r-patched-solaris-x86 1.2.0.6 63.90 OK
r-release-linux-ix86 1.2.0.6 1.44 31.23 32.66 OK
r-release-linux-x86_64 1.2.0.6 1.33 23.22 24.56 OK
r-release-osx-x86_64-mavericks 1.2.0.6 NOTE
r-release-osx-x86_64-snowleopard 1.2.0.6 OK
r-release-windows-ix86+x86_64 1.2.0.6 4.00 32.00 36.00 OK
r-oldrel-windows-ix86+x86_64 1.2.0.6 4.00 36.00 40.00 OK

Check Details

Version: 1.2.0.6
Check: R code for possible problems
Result: NOTE
    ColorMap: no visible global function definition for ‘brewer.pal’
    ColorMap: no visible global function definition for ‘plotPolys’
    DF2SpatialPointsDataFrame: no visible global function definition for
     ‘CRS’
    DF2SpatialPointsDataFrame: no visible global function definition for
     ‘coordinates<-’
    DF2SpatialPointsDataFrame: no visible global function definition for
     ‘proj4string<-’
    PlotPolysOnStaticMap: no visible global function definition for
     ‘calcCentroid’
    PlotPolysOnStaticMap: no visible global function definition for
     ‘addPolys’
    SpatialToPBS: no visible global function definition for ‘bbox’
    SpatialToPBS: no visible global function definition for ‘coordinates’
    bubbleMap: no visible global function definition for ‘CRS’
    bubbleMap: no visible global function definition for ‘spTransform’
Flavors: r-devel-linux-x86_64-debian-clang, r-devel-linux-x86_64-debian-gcc, r-devel-linux-x86_64-fedora-clang, r-devel-linux-x86_64-fedora-gcc, r-devel-osx-x86_64-clang, r-devel-windows-ix86+x86_64

Version: 1.2.0.6
Check: package dependencies
Result: NOTE
    Packages suggested but not available for checking: ‘maptools’ ‘rgdal’
Flavor: r-release-osx-x86_64-mavericks