CRAN Package Check Results for Package RgoogleMaps

Last updated on 2015-06-29 13:48:21.

Flavor Version Tinstall Tcheck Ttotal Status Flags
r-devel-linux-x86_64-debian-clang 1.2.0.7 0.98 24.29 25.27 NOTE
r-devel-linux-x86_64-debian-gcc 1.2.0.7 0.87 24.83 25.70 NOTE
r-devel-linux-x86_64-fedora-clang 1.2.0.7 43.15 OK
r-devel-linux-x86_64-fedora-gcc 1.2.0.7 41.99 OK
r-devel-osx-x86_64-clang 1.2.0.7 37.44 OK
r-devel-windows-ix86+x86_64 1.2.0.7 7.00 30.00 37.00 NOTE
r-patched-linux-x86_64 1.2.0.7 1.28 24.45 25.73 OK
r-patched-solaris-sparc 1.2.0.7 204.20 OK
r-patched-solaris-x86 1.2.0.7 50.10 OK
r-release-linux-x86_64 1.2.0.7 0.95 25.39 26.34 OK
r-release-osx-x86_64-mavericks 1.2.0.7 NOTE
r-release-windows-ix86+x86_64 1.2.0.7 7.00 34.00 41.00 OK
r-oldrel-windows-ix86+x86_64 1.2.0.7 8.00 35.00 43.00 OK

Check Details

Version: 1.2.0.7
Check: R code for possible problems
Result: NOTE
    AddAlpha: no visible global function definition for ‘col2rgb’
    AddAlpha: no visible global function definition for ‘rgb’
    ColorMap: no visible global function definition for ‘grey’
    PlotOnStaticMap: no visible global function definition for ‘dev.cur’
    PlotPolysOnStaticMap: no visible global function definition for ‘rgb’
    SpatialToPBS : <anonymous>: no visible global function definition for
     ‘slot’
    bubbleMap : PolyCol: no visible global function definition for
     ‘colorRampPalette’
    bubbleMap: no visible global function definition for ‘as’
    bubbleMap: no visible global function definition for ‘col2rgb’
    bubbleMap: no visible global function definition for ‘rgb’
    bubbleMap : <anonymous>: no visible global function definition for
     ‘rgb’
    updateusr: no visible global function definition for ‘xy.coords’
Flavors: r-devel-linux-x86_64-debian-clang, r-devel-linux-x86_64-debian-gcc, r-devel-windows-ix86+x86_64

Version: 1.2.0.7
Check: package dependencies
Result: NOTE
    Package suggested but not available for checking: ‘rgdal’
Flavor: r-release-osx-x86_64-mavericks