CRAN Package Check Results for Package SpatialNP

Last updated on 2014-03-27 21:47:12.

Flavor Version Tinstall Tcheck Ttotal Status Flags
r-devel-linux-x86_64-debian-clang 1.1-1 1.38 15.00 16.38 OK
r-devel-linux-x86_64-debian-gcc 1.1-1 1.50 15.37 16.87 OK
r-devel-linux-x86_64-fedora-clang 1.1-1 31.32 OK
r-devel-linux-x86_64-fedora-gcc 1.1-1 29.90 OK
r-devel-macosx-x86_64-clang 1.1-1 31.70 OK
r-devel-macosx-x86_64-gcc 1.1-1 NOTE
r-prerel-linux-x86_64 1.1-1 1.46 15.12 16.58 OK
r-prerel-solaris-sparc 1.1-1 196.40 OK
r-prerel-solaris-x86 1.1-1 45.90 OK
r-prerel-windows-ix86+x86_64 1.1-1 6.00 32.00 38.00 OK
r-release-linux-ix86 1.1-1 3.00 41.00 44.00 OK
r-release-linux-x86_64 1.1-1 1.53 14.56 16.09 OK
r-release-macosx-x86_64 1.1-1 OK
r-release-windows-ix86+x86_64 1.1-1 6.00 33.00 39.00 OK
r-oldrel-windows-ix86+x86_64 1.1-1 5.00 31.00 36.00 OK

Check Details

Version: 1.1-1
Check: package dependencies
Result: NOTE
    Packages suggested but not available for checking: 'ICSNP' 'MNM'
Flavor: r-devel-macosx-x86_64-gcc

Version: 1.1-1
Check: Rd cross-references
Result: NOTE
    Packages unavailable to check Rd xrefs: 'ICSNP', 'MNM'
Flavor: r-devel-macosx-x86_64-gcc