CRAN Package Check Results for Package SpatialNP

Last updated on 2015-06-30 12:47:35.

Flavor Version Tinstall Tcheck Ttotal Status Flags
r-devel-linux-x86_64-debian-clang 1.1-1 1.62 13.64 15.27 NOTE
r-devel-linux-x86_64-debian-gcc 1.1-1 1.39 13.54 14.93 NOTE
r-devel-linux-x86_64-fedora-clang 1.1-1 29.70 OK
r-devel-linux-x86_64-fedora-gcc 1.1-1 26.44 OK
r-devel-osx-x86_64-clang 1.1-1 28.70 OK
r-devel-windows-ix86+x86_64 1.1-1 11.00 29.00 40.00 NOTE
r-patched-linux-x86_64 1.1-1 1.47 14.12 15.59 OK
r-patched-solaris-sparc 1.1-1 195.60 OK
r-patched-solaris-x86 1.1-1 42.60 OK
r-release-linux-x86_64 1.1-1 1.46 15.07 16.53 OK
r-release-osx-x86_64-mavericks 1.1-1 OK
r-release-windows-ix86+x86_64 1.1-1 11.00 29.00 40.00 OK
r-oldrel-windows-ix86+x86_64 1.1-1 13.00 52.00 65.00 OK

Check Details

Version: 1.1-1
Check: R code for possible problems
Result: NOTE
    RCov: no visible binding for global variable ‘na.fail’
    SCov: no visible binding for global variable ‘na.fail’
    SRCov: no visible binding for global variable ‘na.fail’
    SSCov: no visible binding for global variable ‘na.fail’
    ae.hl.estimate: no visible binding for global variable ‘na.fail’
    ae.hl.estimate: no visible global function definition for ‘median’
    ae.spatial.median: no visible binding for global variable ‘na.fail’
    ae.spatial.median: no visible global function definition for ‘median’
    covshape: no visible global function definition for ‘cov’
    hl.location: no visible binding for global variable ‘na.fail’
    hl.location: no visible global function definition for ‘median’
    hl.location: no visible binding for global variable ‘median’
    mvhuberM: no visible binding for global variable ‘na.fail’
    mvhuberM: no visible global function definition for ‘qchisq’
    mvhuberM: no visible global function definition for ‘pchisq’
    mvhuberM: no visible global function definition for ‘cov’
    mvhuberM: no visible global function definition for ‘mahalanobis’
    mvhuberM: no visible global function definition for ‘var’
    rank.shape: no visible binding for global variable ‘na.fail’
    signrank.shape: no visible binding for global variable ‘na.fail’
    signs.shape: no visible binding for global variable ‘na.fail’
    spat.median: no visible binding for global variable ‘na.fail’
    spat.median: no visible global function definition for ‘median’
    spat.median: no visible binding for global variable ‘median’
    spatial.location: no visible binding for global variable ‘na.fail’
    spatial.rank: no visible binding for global variable ‘na.fail’
    spatial.shape: no visible binding for global variable ‘na.fail’
    spatial.signrank: no visible binding for global variable ‘na.fail’
    spatial.signs: no visible binding for global variable ‘na.fail’
    spatial.signs: no visible global function definition for ‘median’
    spatial.symmsign: no visible binding for global variable ‘na.fail’
    sr.indep.test: no visible binding for global variable ‘na.fail’
    sr.indep.test: no visible global function definition for ‘pchisq’
    sr.loc.test: no visible binding for global variable ‘na.fail’
    sr.loc.test: no visible global function definition for ‘pchisq’
    sr.sphere.test: no visible binding for global variable ‘na.fail’
    sr.sphere.test: no visible global function definition for ‘pchisq’
    symmhuber: no visible binding for global variable ‘na.fail’
    symmhuber: no visible global function definition for ‘cov’
    symmhuber: no visible global function definition for ‘qchisq’
    symmhuber: no visible global function definition for ‘pchisq’
    symmsign.shape: no visible binding for global variable ‘na.fail’
Flavors: r-devel-linux-x86_64-debian-clang, r-devel-linux-x86_64-debian-gcc, r-devel-windows-ix86+x86_64