CRAN Package Check Results for Package VineCopula

Last updated on 2015-04-27 11:48:57.

Flavor Version Tinstall Tcheck Ttotal Status Flags
r-devel-linux-x86_64-debian-clang 1.4 10.91 90.94 101.84 OK
r-devel-linux-x86_64-debian-gcc 1.4 14.56 86.98 101.54 OK
r-devel-linux-x86_64-fedora-clang 1.4 196.40 OK
r-devel-linux-x86_64-fedora-gcc 1.4 184.31 OK
r-devel-osx-x86_64-clang 1.4 152.67 OK
r-devel-windows-ix86+x86_64 1.4 49.00 152.00 201.00 OK
r-patched-linux-x86_64 1.4 14.96 85.96 100.92 OK
r-patched-solaris-sparc 1.4 1183.70 OK
r-patched-solaris-x86 1.4 248.00 OK
r-release-linux-x86_64 1.4 14.68 87.08 101.77 OK
r-release-osx-x86_64-mavericks 1.4 OK
r-release-osx-x86_64-snowleopard 1.4 ERROR
r-release-windows-ix86+x86_64 1.4 64.00 201.00 265.00 OK
r-oldrel-windows-ix86+x86_64 1.4 46.00 173.00 219.00 OK

Check Details

Version: 1.4
Check: package dependencies
Result: ERROR
    Package required but not available: ‘igraph’
    
    Package suggested but not available for checking: ‘CDVine’
    
    See section ‘The DESCRIPTION file’ in the ‘Writing R Extensions’
    manual.
Flavor: r-release-osx-x86_64-snowleopard