CRAN Package Check Results for Package VineCopula

Last updated on 2014-08-25 01:48:18.

Flavor Version Tinstall Tcheck Ttotal Status Flags
r-devel-linux-x86_64-debian-clang 1.3 11.19 95.74 106.93 NOTE
r-devel-linux-x86_64-debian-gcc 1.3 NOTE
r-devel-linux-x86_64-fedora-clang 1.3 233.53 NOTE
r-devel-linux-x86_64-fedora-gcc 1.3 223.42 NOTE
r-devel-osx-x86_64-clang 1.3 173.15 NOTE
r-devel-windows-ix86+x86_64 1.3 49.00 153.00 202.00 NOTE
r-patched-linux-x86_64 1.3 16.23 93.90 110.13 OK
r-patched-solaris-sparc 1.3 1323.10 OK
r-patched-solaris-x86 1.3 295.80 OK
r-release-linux-ix86 1.3 18.17 114.36 132.53 OK
r-release-linux-x86_64 1.3 16.48 95.28 111.76 OK
r-release-osx-x86_64-mavericks 1.3 ERROR
r-release-osx-x86_64-snowleopard 1.3 OK
r-release-windows-ix86+x86_64 1.3 48.00 165.00 213.00 OK
r-oldrel-windows-ix86+x86_64 1.3 47.00 162.00 209.00 OK

Check Details

Version: 1.3
Check: R code for possible problems
Result: NOTE
    gof_PIT: no visible global function definition for ‘ad.test’
Flavors: r-devel-linux-x86_64-debian-clang, r-devel-linux-x86_64-debian-gcc, r-devel-linux-x86_64-fedora-clang, r-devel-linux-x86_64-fedora-gcc, r-devel-osx-x86_64-clang, r-devel-windows-ix86+x86_64

Version: 1.3
Check: package dependencies
Result: ERROR
    Package required but not available: ‘copula’
    
    See the information on DESCRIPTION files in the chapter ‘Creating R
    packages’ of the ‘Writing R Extensions’ manual.
Flavor: r-release-osx-x86_64-mavericks