CRAN Package Check Results for Package VineCopula

Last updated on 2015-07-02 11:48:50.

Flavor Version Tinstall Tcheck Ttotal Status Flags
r-devel-linux-x86_64-debian-clang 1.5 10.86 103.68 114.54 NOTE
r-devel-linux-x86_64-debian-gcc 1.5 14.46 103.06 117.52 NOTE
r-devel-linux-x86_64-fedora-clang 1.5 223.03 NOTE
r-devel-linux-x86_64-fedora-gcc 1.5 216.76 NOTE
r-devel-osx-x86_64-clang 1.5 180.28 OK
r-devel-windows-ix86+x86_64 1.5 50.00 200.00 250.00 NOTE
r-patched-linux-x86_64 1.5 14.79 103.38 118.18 OK
r-patched-solaris-sparc 1.5 1508.90 OK
r-patched-solaris-x86 1.5 272.40 OK
r-release-linux-x86_64 1.5 15.26 103.99 119.26 OK
r-release-osx-x86_64-mavericks 1.5 OK
r-release-windows-ix86+x86_64 1.5 54.00 223.00 277.00 OK
r-oldrel-windows-ix86+x86_64 1.5 53.00 244.00 297.00 OK

Check Details

Version: 1.5
Check: R code for possible problems
Result: NOTE
    BiCopCDF : cdf: no visible global function definition for ‘qnorm’
    BiCopChiPlot: no visible global function definition for ‘abline’
    BiCopEst : tauder: no visible global function definition for
     ‘integrate’
    BiCopEst: no visible global function definition for ‘var’
    BiCopGofTest: no visible global function definition for ‘pchisq’
    BiCopGofTest: no visible global function definition for ‘var’
    BiCopIndTest: no visible global function definition for ‘pnorm’
    BiCopKPlot: no visible global function definition for ‘integrate’
    BiCopKPlot: no visible global function definition for ‘points’
    BiCopKPlot: no visible global function definition for ‘abline’
    BiCopLambda: no visible global function definition for ‘lines’
    BiCopMetaContour: no visible global function definition for ‘runif’
    BiCopMetaContour: no visible global function definition for ‘qnorm’
    BiCopMetaContour: no visible global function definition for ‘qt’
    BiCopMetaContour: no visible global function definition for ‘qexp’
    BiCopMetaContour: no visible global function definition for ‘qgamma’
    BiCopPar2TailDep: no visible global function definition for ‘pt’
    BiCopPar2Tau : fu: no visible global function definition for
     ‘integrate’
    BiCopPar2Tau : fl: no visible global function definition for
     ‘integrate’
    BiCopPar2Tau : <anonymous>: no visible global function definition for
     ‘integrate’
    Frank.itau.JJ : tauF: no visible global function definition for
     ‘integrate’
    Frank.itau.JJ: no visible global function definition for ‘uniroot’
    Joe.itau.JJ : tauF: no visible global function definition for
     ‘integrate’
    Joe.itau.JJ: no visible global function definition for ‘uniroot’
    MLE_intern: no visible global function definition for ‘optim’
    MLE_intern: no visible global function definition for ‘optimize’
    MLE_intern_Tawn: no visible global function definition for ‘optim’
    RVineClarkeTest: no visible global function definition for ‘pbinom’
    RVineHessian: no visible global function definition for
     ‘getFromNamespace’
    RVineMLE: no visible global function definition for ‘modifyList’
    RVineMLE: no visible global function definition for ‘optim’
    RVineSeqEstTau: no visible global function definition for ‘cor’
    RVineTreePlot: no visible global function definition for ‘strwidth’
    RVineTreePlot: no visible global function definition for ‘par’
    RVineVuongTest: no visible global function definition for ‘pnorm’
    TauMatrix: no visible global function definition for ‘combn’
    boot.stat: no visible global function definition for ‘qnorm’
    boot.stat: no visible global function definition for ‘qt’
    clarke.test: no visible global function definition for ‘pbinom’
    cop.pdf: no visible global function definition for ‘qnorm’
    cop.pdf: no visible global function definition for ‘qt’
    cop.pdf: no visible global function definition for ‘dt’
    cop.pdf: no visible global function definition for ‘qgamma’
    dp.copuladata: no visible global function definition for ‘modifyList’
    dp.copuladata: no visible global function definition for ‘par’
    dp.copuladata: no visible binding for global variable ‘hist’
    dp.copuladata: no visible global function definition for ‘box’
    dp.copuladata: no visible global function definition for ‘abline’
    gof_PIT: no visible global function definition for ‘qnorm’
    gof_PIT: no visible binding for global variable ‘pchisq’
    gof_PIT: no visible global function definition for ‘ks.test’
    gof_White: no visible global function definition for ‘getFromNamespace’
    gof_White: no visible global function definition for ‘pchisq’
    gof_White2: no visible global function definition for
     ‘getFromNamespace’
    gof_White2: no visible global function definition for ‘pchisq’
    gtLambda: no visible global function definition for ‘runif’
    kurtosis: no visible global function definition for ‘var’
    lp.copuladata: no visible global function definition for ‘modifyList’
    lp.copuladata: no visible global function definition for ‘par’
    meta.dens: no visible global function definition for ‘pnorm’
    meta.dens: no visible global function definition for ‘dnorm’
    meta.dens: no visible global function definition for ‘pt’
    meta.dens: no visible global function definition for ‘dt’
    meta.dens: no visible global function definition for ‘pgamma’
    meta.dens: no visible global function definition for ‘dgamma’
    meta.dens: no visible global function definition for ‘pexp’
    meta.dens: no visible global function definition for ‘dexp’
    obs.stat: no visible global function definition for ‘qnorm’
    obs.stat: no visible global function definition for ‘qt’
    pairs.copuladata: no visible global function definition for
     ‘terrain.colors’
    pairs.copuladata: no visible global function definition for ‘par’
    pairs.copuladata: no visible global function definition for ‘pairs’
    plot.BiCop: no visible global function definition for ‘pnorm’
    plot.BiCop: no visible global function definition for ‘qnorm’
    plot.BiCop: no visible global function definition for ‘dnorm’
    plot.BiCop: no visible global function definition for ‘modifyList’
    plot.BiCop: no visible global function definition for ‘rgb’
    plot.BiCop: no visible global function definition for
     ‘colorRampPalette’
    up.copuladata: no visible global function definition for ‘modifyList’
    up.copuladata: no visible global function definition for ‘par’
    up.copuladata: no visible binding for global variable ‘points’
    up.copuladata: no visible global function definition for ‘cor’
    up.copuladata: no visible binding for global variable ‘text’
    vuong.test: no visible global function definition for ‘var’
    vuong.test: no visible global function definition for ‘qnorm’
    vuong.test: no visible global function definition for ‘pnorm’
Flavors: r-devel-linux-x86_64-debian-clang, r-devel-linux-x86_64-debian-gcc, r-devel-linux-x86_64-fedora-gcc, r-devel-windows-ix86+x86_64

Version: 1.5
Check: R code for possible problems
Result: NOTE
    BiCopCDF : cdf: no visible global function definition for ‘qnorm’
    BiCopChiPlot: no visible global function definition for ‘abline’
    BiCopEst : tauder: no visible global function definition for
     ‘integrate’
    BiCopEst: no visible global function definition for ‘var’
    BiCopGofTest: no visible global function definition for ‘pchisq’
    BiCopGofTest: no visible global function definition for ‘var’
    BiCopIndTest: no visible global function definition for ‘pnorm’
    BiCopKPlot: no visible global function definition for ‘integrate’
    BiCopKPlot: no visible global function definition for ‘points’
    BiCopKPlot: no visible global function definition for ‘abline’
    BiCopLambda: no visible global function definition for ‘lines’
    BiCopMetaContour: no visible global function definition for ‘runif’
    BiCopMetaContour: no visible global function definition for ‘qnorm’
    BiCopMetaContour: no visible global function definition for ‘qt’
    BiCopMetaContour: no visible global function definition for ‘qexp’
    BiCopMetaContour: no visible global function definition for ‘qgamma’
    BiCopPar2TailDep: no visible global function definition for ‘pt’
    BiCopPar2Tau : fu: no visible global function definition for
     ‘integrate’
    BiCopPar2Tau : fl: no visible global function definition for
     ‘integrate’
    BiCopPar2Tau : <anonymous>: no visible global function definition for
     ‘integrate’
    Frank.itau.JJ : tauF: no visible global function definition for
     ‘integrate’
    Frank.itau.JJ: no visible global function definition for ‘uniroot’
    Joe.itau.JJ : tauF: no visible global function definition for
     ‘integrate’
    Joe.itau.JJ: no visible global function definition for ‘uniroot’
    MLE_intern: no visible global function definition for ‘optim’
    MLE_intern: no visible global function definition for ‘optimize’
    MLE_intern_Tawn: no visible global function definition for ‘optim’
    RVineClarkeTest: no visible global function definition for ‘pbinom’
    RVineHessian: no visible global function definition for
     ‘getFromNamespace’
    RVineMLE: no visible global function definition for ‘modifyList’
    RVineMLE: no visible global function definition for ‘optim’
    RVineSeqEstTau: no visible global function definition for ‘cor’
    RVineTreePlot: no visible global function definition for ‘strwidth’
    RVineTreePlot: no visible global function definition for ‘par’
    RVineVuongTest: no visible global function definition for ‘pnorm’
    TauMatrix: no visible global function definition for ‘combn’
    boot.stat: no visible global function definition for ‘qnorm’
    boot.stat: no visible global function definition for ‘qt’
    clarke.test: no visible global function definition for ‘pbinom’
    cop.pdf: no visible global function definition for ‘qnorm’
    cop.pdf: no visible global function definition for ‘qt’
    cop.pdf: no visible global function definition for ‘dt’
    cop.pdf: no visible global function definition for ‘qgamma’
    dp.copuladata: no visible global function definition for ‘modifyList’
    dp.copuladata: no visible global function definition for ‘par’
    dp.copuladata: no visible binding for global variable ‘hist’
    dp.copuladata: no visible global function definition for ‘box’
    dp.copuladata: no visible global function definition for ‘abline’
    gof_PIT: no visible global function definition for ‘qnorm’
    gof_PIT: no visible binding for global variable ‘pchisq’
    gof_PIT: no visible global function definition for ‘ks.test’
    gof_White: no visible global function definition for ‘getFromNamespace’
    gof_White: no visible global function definition for ‘pchisq’
    gof_White2: no visible global function definition for
     ‘getFromNamespace’
    gof_White2: no visible global function definition for ‘pchisq’
    gtLambda: no visible global function definition for ‘runif’
    kurtosis: no visible global function definition for ‘var’
    lp.copuladata: no visible global function definition for ‘modifyList’
    lp.copuladata: no visible global function definition for ‘par’
    meta.dens: no visible global function definition for ‘pnorm’
    meta.dens: no visible global function definition for ‘dnorm’
    meta.dens: no visible global function definition for ‘pt’
    meta.dens: no visible global function definition for ‘dt’
    meta.dens: no visible global function definition for ‘pgamma’
    meta.dens: no visible global function definition for ‘dgamma’
    meta.dens: no visible global function definition for ‘pexp’
    meta.dens: no visible global function definition for ‘dexp’
    obs.stat: no visible global function definition for ‘qnorm’
    obs.stat: no visible global function definition for ‘qt’
    pairs.copuladata: no visible global function definition for
     ‘terrain.colors’
    pairs.copuladata: no visible global function definition for ‘par’
    pairs.copuladata: no visible global function definition for ‘pairs’
    plot.BiCop: no visible global function definition for ‘pnorm’
    plot.BiCop: no visible global function definition for ‘qnorm’
    plot.BiCop: no visible global function definition for ‘dnorm’
    plot.BiCop: no visible global function definition for ‘modifyList’
    plot.BiCop: no visible global function definition for ‘rgb’
    plot.BiCop: no visible global function definition for
     ‘colorRampPalette’
    up.copuladata: no visible global function definition for ‘modifyList’
    up.copuladata: no visible global function definition for ‘par’
    up.copuladata: no visible binding for global variable ‘points’
    up.copuladata: no visible global function definition for ‘cor’
    up.copuladata: no visible binding for global variable ‘text’
    vuong.test: no visible global function definition for ‘var’
    vuong.test: no visible global function definition for ‘qnorm’
    vuong.test: no visible global function definition for ‘pnorm’
    Undefined global functions or variables:
     abline box colorRampPalette combn cor dexp dgamma dnorm dt
     getFromNamespace hist integrate ks.test lines modifyList optim
     optimize pairs par pbinom pchisq pexp pgamma pnorm points pt qexp
     qgamma qnorm qt rgb runif strwidth terrain.colors text uniroot var
Flavor: r-devel-linux-x86_64-fedora-clang