CRAN Package Check Results for Package VineCopula

Last updated on 2014-12-20 23:47:31.

Flavor Version Tinstall Tcheck Ttotal Status Flags
r-devel-linux-x86_64-debian-clang 1.3 11.78 90.86 102.64 NOTE
r-devel-linux-x86_64-debian-gcc 1.3 15.62 88.13 103.75 NOTE
r-devel-linux-x86_64-fedora-clang 1.3 230.36 NOTE
r-devel-linux-x86_64-fedora-gcc 1.3 217.79 NOTE
r-devel-osx-x86_64-clang 1.3 181.98 NOTE
r-devel-windows-ix86+x86_64 1.3 52.00 162.00 214.00 NOTE
r-patched-linux-x86_64 1.3 16.45 95.74 112.19 NOTE
r-patched-solaris-sparc 1.3 176.90 OK
r-patched-solaris-x86 1.3 297.50 NOTE
r-release-linux-ix86 1.3 17.31 109.63 126.94 NOTE
r-release-linux-x86_64 1.3 15.96 94.26 110.22 NOTE
r-release-osx-x86_64-mavericks 1.3 ERROR
r-release-osx-x86_64-snowleopard 1.3 OK
r-release-windows-ix86+x86_64 1.3 54.00 170.00 224.00 NOTE
r-oldrel-windows-ix86+x86_64 1.3 54.00 165.00 219.00 OK

Check Details

Version: 1.3
Check: R code for possible problems
Result: NOTE
    gof_PIT: no visible global function definition for ‘ad.test’
Flavors: r-devel-linux-x86_64-debian-clang, r-devel-linux-x86_64-debian-gcc, r-devel-linux-x86_64-fedora-clang, r-devel-linux-x86_64-fedora-gcc, r-devel-osx-x86_64-clang, r-devel-windows-ix86+x86_64, r-patched-linux-x86_64, r-patched-solaris-x86, r-release-linux-ix86, r-release-linux-x86_64, r-release-windows-ix86+x86_64

Version: 1.3
Check: package dependencies
Result: ERROR
    Package required but not available: ‘copula’
    
    See the information on DESCRIPTION files in the chapter ‘Creating R
    packages’ of the ‘Writing R Extensions’ manual.
Flavor: r-release-osx-x86_64-mavericks