CRAN Package Check Results for Package VineCopula

Last updated on 2014-03-27 21:47:13.

Flavor Version Tinstall Tcheck Ttotal Status Flags
r-devel-linux-x86_64-debian-clang 1.2 5.84 128.09 133.93 ERROR
r-devel-linux-x86_64-debian-gcc 1.2 9.97 47.77 57.74 OK
r-devel-linux-x86_64-fedora-clang 1.2 102.75 OK
r-devel-linux-x86_64-fedora-gcc 1.2 102.11 OK
r-devel-macosx-x86_64-clang 1.2 84.49 OK
r-devel-macosx-x86_64-gcc 1.2 OK
r-prerel-linux-x86_64 1.2 10.05 46.53 56.58 OK
r-prerel-solaris-sparc 1.2 643.00 OK
r-prerel-solaris-x86 1.2 132.90 OK
r-prerel-windows-ix86+x86_64 1.2 40.00 80.00 120.00 OK
r-release-linux-ix86 1.2 21.00 102.00 123.00 OK
r-release-linux-x86_64 1.2 10.28 47.58 57.86 OK
r-release-macosx-x86_64 1.2 OK
r-release-windows-ix86+x86_64 1.2 42.00 77.00 119.00 OK
r-oldrel-windows-ix86+x86_64 1.2 44.00 71.00 115.00 OK

Check Details

Version: 1.2
Check: package dependencies
Result: NOTE
    Package suggested but not available for checking: ‘CDVine’
Flavor: r-devel-linux-x86_64-debian-clang

Version: 1.2
Check: examples
Result: ERROR
    Running examples in ‘VineCopula-Ex.R’ failed
    The error most likely occurred in:
    
    > ### Name: C2RVine
    > ### Title: Transform C-vine to R-vine structure
    > ### Aliases: C2RVine
    >
    > ### ** Examples
    >
    > # simulate a sample of size 500 from a 4-dimensional C-vine
    > # copula model with mixed pair-copulas
    > # load package CDVine
    > library(CDVine)
    Error in library(CDVine) : there is no package called ‘CDVine’
    Execution halted
Flavor: r-devel-linux-x86_64-debian-clang