CRAN Package Check Results for Package anacor

Last updated on 2015-07-03 13:46:22.

Flavor Version Tinstall Tcheck Ttotal Status Flags
r-devel-linux-x86_64-debian-clang 1.0-5 4.70 47.56 52.25 NOTE
r-devel-linux-x86_64-debian-gcc 1.0-5 4.64 45.74 50.38 NOTE
r-devel-linux-x86_64-fedora-clang 1.0-5 106.58 NOTE
r-devel-linux-x86_64-fedora-gcc 1.0-5 102.48 NOTE
r-devel-osx-x86_64-clang 1.0-5 88.66 NOTE
r-devel-windows-ix86+x86_64 1.0-5 14.00 68.00 82.00 NOTE
r-patched-linux-x86_64 1.0-5 4.70 46.64 51.33 NOTE
r-patched-solaris-sparc 1.0-5 609.70 NOTE
r-patched-solaris-x86 1.0-5 138.50 NOTE
r-release-linux-x86_64 1.0-5 4.56 45.83 50.39 NOTE
r-release-osx-x86_64-mavericks 1.0-5 NOTE
r-release-windows-ix86+x86_64 1.0-5 13.00 67.00 80.00 NOTE
r-oldrel-windows-ix86+x86_64 1.0-5 23.00 99.00 122.00 OK

Check Details

Version: 1.0-5
Check: DESCRIPTION meta-information
Result: NOTE
    Malformed Title field: should not end in a period.
Flavors: r-devel-linux-x86_64-debian-clang, r-devel-linux-x86_64-debian-gcc, r-devel-linux-x86_64-fedora-clang, r-devel-linux-x86_64-fedora-gcc, r-devel-osx-x86_64-clang, r-devel-windows-ix86+x86_64, r-patched-linux-x86_64, r-patched-solaris-sparc, r-patched-solaris-x86, r-release-linux-x86_64, r-release-osx-x86_64-mavericks, r-release-windows-ix86+x86_64

Version: 1.0-5
Check: R code for possible problems
Result: NOTE
    plot.anacor: no visible global function definition for ‘dev.new’
    plot.anacor: no visible global function definition for ‘hcl’
    Undefined global functions or variables:
     dev.new hcl
Flavors: r-devel-linux-x86_64-debian-clang, r-devel-linux-x86_64-debian-gcc, r-devel-linux-x86_64-fedora-clang, r-devel-linux-x86_64-fedora-gcc, r-devel-windows-ix86+x86_64