CRAN Package Check Results for Package binom

Last updated on 2014-12-18 00:48:44.

Flavor Version Tinstall Tcheck Ttotal Status Flags
r-devel-linux-x86_64-debian-clang 1.1-1 1.10 20.18 21.28 NOTE
r-devel-linux-x86_64-debian-gcc 1.1-1 1.02 20.12 21.14 NOTE
r-devel-linux-x86_64-fedora-clang 1.1-1 43.66 NOTE
r-devel-linux-x86_64-fedora-gcc 1.1-1 40.26 NOTE
r-devel-osx-x86_64-clang 1.1-1 39.20 NOTE
r-devel-windows-ix86+x86_64 1.1-1 10.00 34.00 44.00 NOTE
r-patched-linux-x86_64 1.1-1 1.17 20.46 21.63 NOTE
r-patched-solaris-sparc 1.1-1 235.10 NOTE
r-patched-solaris-x86 1.1-1 52.30 NOTE
r-release-linux-ix86 1.1-1 1.51 25.71 27.22 NOTE
r-release-linux-x86_64 1.1-1 1.08 21.96 23.04 NOTE
r-release-osx-x86_64-mavericks 1.1-1 OK
r-release-osx-x86_64-snowleopard 1.1-1 OK
r-release-windows-ix86+x86_64 1.1-1 7.00 42.00 49.00 NOTE
r-oldrel-windows-ix86+x86_64 1.1-1 7.00 49.00 56.00 OK

Check Details

Version: 1.1-1
Check: R code for possible problems
Result: NOTE
    binom.bayes.densityplot: no visible global function definition for
     ‘ggplot’
    binom.bayes.densityplot: no visible global function definition for
     ‘aes_string’
    binom.bayes.densityplot: no visible global function definition for
     ‘geom_polygon’
    binom.bayes.densityplot: no visible global function definition for
     ‘facet_wrap’
    binom.bayes.densityplot: no visible global function definition for
     ‘xlim’
    binom.bayes.densityplot: no visible global function definition for
     ‘xlab’
    binom.bayes.densityplot: no visible global function definition for
     ‘ylim’
    binom.bayes.densityplot: no visible global function definition for
     ‘ylab’
    binom.bayes.densityplot: no visible global function definition for
     ‘theme_bw’
    binom.profile: no visible global function definition for ‘xyplot’
    binom.profile : <anonymous>: no visible global function definition for
     ‘panel.xyplot’
    binom.profile : <anonymous>: no visible global function definition for
     ‘llines’
    binom.profile : <anonymous>: no visible global function definition for
     ‘ltext’
    integrate.poly: no visible global function definition for ‘polynomial’
    integrate.poly: no visible global function definition for ‘integral’
    panel.binom.lrt: no visible global function definition for
     ‘panel.xyplot’
    panel.binom.lrt: no visible global function definition for
     ‘current.panel.limits’
    panel.binom.lrt: no visible global function definition for ‘llines’
    panel.binom.lrt: no visible global function definition for ‘ltext’
    panel.binom.lrt: no visible global function definition for ‘lpoints’
    panel.binom.plot.levelplot: no visible global function definition for
     ‘panel.levelplot’
    panel.binom.plot.levelplot: no visible global function definition for
     ‘lpolygon’
    panel.binom.plot.xyplot: no visible global function definition for
     ‘panel.abline’
    panel.binom.plot.xyplot: no visible global function definition for
     ‘panel.xyplot’
    tkbinom.power: no visible global function definition for
     ‘trellis.par.set’
    tkbinom.power: no visible global function definition for ‘col.whitebg’
    tkbinom.power : <local>: no visible global function definition for
     ‘tclVar’
    tkbinom.power : <local>: no visible binding for global variable
     ‘tclVar’
    tkbinom.power : <local>: no visible global function definition for
     ‘trellis.par.get’
    tkbinom.power : <local> : replot: no visible global function definition
     for ‘tclObj’
    tkbinom.power : <local> : replot: no visible global function definition
     for ‘xyplot’
    tkbinom.power : <local> : replot : <anonymous>: no visible global
     function definition for ‘llines’
    tkbinom.power : <local> : replot : <anonymous>: no visible global
     function definition for ‘panel.abline’
    tkbinom.power : <local> : replot : <anonymous>: no visible global
     function definition for ‘tclObj’
    tkbinom.power : <local> : replot.maybe: no visible global function
     definition for ‘tclObj’
    tkbinom.power : <local>: no visible global function definition for
     ‘tktoplevel’
    tkbinom.power : <local>: no visible global function definition for
     ‘tkwm.title’
    tkbinom.power : <local>: no visible global function definition for
     ‘tkframe’
    tkbinom.power : <local>: no visible global function definition for
     ‘tkpack’
    tkbinom.power : <local>: no visible global function definition for
     ‘tklabel’
    tkbinom.power : <local>: no visible global function definition for
     ‘tkradiobutton’
    tkbinom.power : <local>: no visible global function definition for
     ‘tkcheckbutton’
    tkbinom.power : <local>: no visible global function definition for
     ‘tkscale’
    tkbinom.power : <local>: no visible global function definition for
     ‘tkbutton’
    tkbinom.power : <local> : <anonymous>: no visible global function
     definition for ‘tkdestroy’
    tkbinom.power2: no visible global function definition for
     ‘trellis.par.set’
    tkbinom.power2: no visible global function definition for ‘col.whitebg’
    tkbinom.power2 : <local>: no visible global function definition for
     ‘tclVar’
    tkbinom.power2 : <local>: no visible binding for global variable
     ‘tclVar’
    tkbinom.power2 : <local> : replot: no visible global function
     definition for ‘tclObj’
    tkbinom.power2 : <local> : replot.maybe: no visible global function
     definition for ‘tclObj’
    tkbinom.power2 : <local>: no visible global function definition for
     ‘tktoplevel’
    tkbinom.power2 : <local>: no visible global function definition for
     ‘tkwm.title’
    tkbinom.power2 : <local>: no visible global function definition for
     ‘tkframe’
    tkbinom.power2 : <local>: no visible global function definition for
     ‘tkpack’
    tkbinom.power2 : <local>: no visible global function definition for
     ‘tklabel’
    tkbinom.power2 : <local>: no visible global function definition for
     ‘tkradiobutton’
    tkbinom.power2 : <local>: no visible global function definition for
     ‘tkcheckbutton’
    tkbinom.power2 : <local>: no visible global function definition for
     ‘tkscale’
    tkbinom.power2 : <local>: no visible global function definition for
     ‘tkbutton’
    tkbinom.power2 : <local> : <anonymous>: no visible global function
     definition for ‘tkdestroy’
Flavors: r-devel-linux-x86_64-debian-clang, r-devel-linux-x86_64-debian-gcc, r-devel-linux-x86_64-fedora-clang, r-devel-linux-x86_64-fedora-gcc, r-devel-osx-x86_64-clang, r-devel-windows-ix86+x86_64, r-patched-linux-x86_64, r-patched-solaris-sparc, r-patched-solaris-x86, r-release-linux-ix86, r-release-linux-x86_64, r-release-windows-ix86+x86_64