CRAN Package Check Results for Package copBasic

Last updated on 2015-07-05 11:47:08.

Flavor Version Tinstall Tcheck Ttotal Status Flags
r-devel-linux-x86_64-debian-clang 1.7.1 1.96 25.97 27.93 NOTE
r-devel-linux-x86_64-debian-gcc 1.7.1 1.73 25.46 27.19 NOTE
r-devel-linux-x86_64-fedora-clang 1.7.1 50.24 NOTE
r-devel-linux-x86_64-fedora-gcc 1.7.1 47.00 NOTE
r-devel-osx-x86_64-clang 1.7.1 48.06 OK
r-devel-windows-ix86+x86_64 1.7.1 8.00 46.00 54.00 NOTE
r-patched-linux-x86_64 1.7.1 1.94 25.60 27.54 OK
r-patched-solaris-sparc 1.7.1 336.80 OK
r-patched-solaris-x86 1.7.1 67.60 OK
r-release-linux-x86_64 1.7.1 1.75 26.20 27.96 OK
r-release-osx-x86_64-mavericks 1.7.1 OK
r-release-windows-ix86+x86_64 1.7.1 8.00 44.00 52.00 OK
r-oldrel-windows-ix86+x86_64 1.7.1 5.00 40.00 45.00 OK

Check Details

Version: 1.7.1
Check: R code for possible problems
Result: NOTE
    COPinv: no visible global function definition for ‘uniroot’
    COPinv2: no visible global function definition for ‘uniroot’
    EMPIRgridderinv: no visible global function definition for ‘approx’
    EMPIRgridderinv2: no visible global function definition for ‘approx’
    EMPIRqua.regress: no visible global function definition for
     ‘complete.cases’
    EMPIRqua.regress: no visible global function definition for ‘approx’
    EMPIRqua.regress2: no visible global function definition for
     ‘complete.cases’
    EMPIRqua.regress2: no visible global function definition for ‘approx’
    EMPIRsim: no visible global function definition for ‘plot’
    EMPIRsim: no visible global function definition for ‘runif’
    EMPIRsim: no visible global function definition for ‘approx’
    EMPIRsim: no visible global function definition for ‘dev.list’
    EMPIRsimv: no visible global function definition for ‘runif’
    EMPIRsimv: no visible global function definition for ‘approx’
    LpCOPpermsym: no visible global function definition for ‘integrate’
    LpCOPpermsym : <anonymous> : <anonymous>: no visible global function
     definition for ‘integrate’
    LpCOPradsym: no visible global function definition for ‘integrate’
    LpCOPradsym : <anonymous> : <anonymous>: no visible global function
     definition for ‘integrate’
    PLACKETTpar: no visible global function definition for ‘uniroot’
    PLACKETTpar: no visible global function definition for ‘median’
    PLACKETTsim: no visible global function definition for ‘runif’
    densityCOPplot: no visible global function definition for ‘qnorm’
    densityCOPplot: no visible global function definition for ‘dnorm’
    densityCOPplot: no visible global function definition for ‘plot’
    densityCOPplot: no visible global function definition for ‘lines’
    densityCOPplot: no visible global function definition for ‘rgb’
    densityCOPplot: no visible global function definition for ‘contour’
    derCOPinv: no visible global function definition for ‘uniroot’
    derCOPinv2: no visible global function definition for ‘uniroot’
    diagCOP: no visible global function definition for ‘plot’
    diagCOP: no visible global function definition for ‘dev.list’
    diagCOPatf: no visible global function definition for ‘uniroot’
    giniCOP: no visible global function definition for ‘integrate’
    hoefCOP: no visible global function definition for ‘integrate’
    hoefCOP : <anonymous> : <anonymous>: no visible global function
     definition for ‘integrate’
    isCOP.PQD: no visible global function definition for ‘cor’
    kullCOP: no visible global function definition for ‘integrate’
    kullCOP : <anonymous> : <anonymous>: no visible global function
     definition for ‘integrate’
    kullCOP: no visible global function definition for ‘qnorm’
    lcomoms2.ABKGcop2parameter: no visible global function definition for
     ‘complete.cases’
    lcomoms2.ABcop2parameter: no visible global function definition for
     ‘complete.cases’
    level.curvesCOP: no visible global function definition for ‘plot’
    level.curvesCOP: no visible global function definition for ‘abline’
    level.curvesCOP2: no visible global function definition for ‘plot’
    level.curvesCOP2: no visible global function definition for ‘abline’
    qua.regressCOP.draw: no visible global function definition for ‘plot’
    qua.regressCOP.draw: no visible global function definition for ‘lines’
    rhoCOP: no visible global function definition for ‘integrate’
    rhoCOP : <anonymous> : <anonymous>: no visible global function
     definition for ‘integrate’
    sectionCOP: no visible global function definition for ‘plot’
    sectionCOP: no visible global function definition for ‘dev.list’
    semicorCOP: no visible global function definition for ‘qnorm’
    semicorCOP: no visible global function definition for ‘cor’
    simCOP: no visible global function definition for ‘runif’
    simCOP: no visible global function definition for ‘complete.cases’
    simCOP: no visible global function definition for ‘qnorm’
    simCOP: no visible global function definition for ‘plot’
    simCOP: no visible global function definition for ‘dev.list’
    simCOPmicro: no visible global function definition for ‘runif’
    simcomposite3COP: no visible global function definition for ‘runif’
    simcomposite3COP: no visible global function definition for ‘rgb’
    simcompositeCOP: no visible global function definition for ‘runif’
    simcompositeCOP: no visible global function definition for ‘rgb’
    taildepCOP: no visible global function definition for ‘qnorm’
    taildepCOP: no visible global function definition for ‘lines’
    taildepCOP: no visible global function definition for ‘points’
    tailordCOP: no visible global function definition for ‘qnorm’
    tailordCOP: no visible global function definition for ‘lines’
    tailordCOP: no visible global function definition for ‘points’
    tauCOP: no visible global function definition for ‘integrate’
    tauCOP : <anonymous> : <anonymous>: no visible global function
     definition for ‘integrate’
    uvlmoms: no visible global function definition for ‘quantile’
    vuongCOP: no visible global function definition for ‘qnorm’
    wolfCOP: no visible global function definition for ‘integrate’
    wolfCOP : <anonymous> : <anonymous>: no visible global function
     definition for ‘integrate’
    Undefined global functions or variables:
     abline approx complete.cases contour cor dev.list dnorm integrate
     lines median plot points qnorm quantile rgb runif uniroot
Flavors: r-devel-linux-x86_64-debian-clang, r-devel-linux-x86_64-debian-gcc, r-devel-linux-x86_64-fedora-clang, r-devel-linux-x86_64-fedora-gcc, r-devel-windows-ix86+x86_64