CRAN Package Check Results for Package copBasic

Last updated on 2014-07-26 01:49:42.

Flavor Version Tinstall Tcheck Ttotal Status Flags
r-devel-linux-x86_64-debian-clang 1.5.4 1.47 26.16 27.63 NOTE
r-devel-linux-x86_64-debian-gcc 1.5.4 1.44 25.20 26.64 NOTE
r-devel-linux-x86_64-fedora-clang 1.5.4 54.35 NOTE
r-devel-linux-x86_64-fedora-gcc 1.5.4 51.84 NOTE
r-devel-osx-x86_64-clang 1.5.4 50.34 NOTE
r-devel-windows-ix86+x86_64 1.5.4 4.00 47.00 51.00 NOTE
r-patched-linux-x86_64 1.5.4 1.42 25.01 26.42 NOTE
r-patched-solaris-sparc 1.5.4 335.80 NOTE
r-patched-solaris-x86 1.5.4 67.60 NOTE
r-release-linux-ix86 1.5.4 1.92 35.20 37.13 NOTE
r-release-linux-x86_64 1.5.4 1.44 25.43 26.88 NOTE
r-release-osx-x86_64-mavericks 1.5.4 NOTE
r-release-osx-x86_64-snowleopard 1.5.4 OK
r-release-windows-ix86+x86_64 1.5.4 6.00 42.00 48.00 NOTE
r-oldrel-windows-ix86+x86_64 1.5.4 5.00 44.00 49.00 NOTE

Check Details

Version: 1.5.4
Check: dependencies in R code
Result: NOTE
    Package in Depends field not imported from: ‘lmomco’
     These packages need to be imported from (in the NAMESPACE file)
     for when this namespace is loaded but not attached.
    See the information on DESCRIPTION files in the chapter ‘Creating R
    packages’ of the ‘Writing R Extensions’ manual.
Flavors: r-devel-linux-x86_64-debian-clang, r-devel-linux-x86_64-debian-gcc, r-devel-linux-x86_64-fedora-clang, r-devel-linux-x86_64-fedora-gcc, r-devel-osx-x86_64-clang, r-devel-windows-ix86+x86_64, r-patched-linux-x86_64, r-patched-solaris-sparc, r-patched-solaris-x86, r-release-linux-ix86, r-release-linux-x86_64, r-release-osx-x86_64-mavericks, r-release-windows-ix86+x86_64, r-oldrel-windows-ix86+x86_64