CRAN Package Check Results for Package copBasic

Last updated on 2014-03-27 21:47:02.

Flavor Version Tinstall Tcheck Ttotal Status Flags
r-devel-linux-x86_64-debian-clang 1.5.4 1.50 26.33 27.83 NOTE
r-devel-linux-x86_64-debian-gcc 1.5.4 1.57 27.08 28.65 NOTE
r-devel-linux-x86_64-fedora-clang 1.5.4 54.21 NOTE
r-devel-linux-x86_64-fedora-gcc 1.5.4 52.59 NOTE
r-devel-macosx-x86_64-clang 1.5.4 50.25 NOTE
r-devel-macosx-x86_64-gcc 1.5.4 OK
r-prerel-linux-x86_64 1.5.4 1.69 26.66 28.35 NOTE
r-prerel-solaris-sparc 1.5.4 335.80 NOTE
r-prerel-solaris-x86 1.5.4 67.10 NOTE
r-prerel-windows-ix86+x86_64 1.5.4 4.00 44.00 48.00 NOTE
r-release-linux-ix86 1.5.4 5.00 64.00 69.00 NOTE
r-release-linux-x86_64 1.5.4 1.87 26.24 28.11 NOTE
r-release-macosx-x86_64 1.5.4 OK
r-release-windows-ix86+x86_64 1.5.4 4.00 44.00 48.00 NOTE
r-oldrel-windows-ix86+x86_64 1.5.4 6.00 62.00 68.00 OK

Check Details

Version: 1.5.4
Check: dependencies in R code
Result: NOTE
    Package in Depends field not imported from: ‘lmomco’
     These packages need to be imported from (in the NAMESPACE file)
     for when this namespace is loaded but not attached.
    See the information on DESCRIPTION files in the chapter ‘Creating R
    packages’ of the ‘Writing R Extensions’ manual.
Flavors: r-devel-linux-x86_64-debian-clang, r-devel-linux-x86_64-debian-gcc, r-devel-linux-x86_64-fedora-clang, r-devel-linux-x86_64-fedora-gcc, r-devel-macosx-x86_64-clang, r-prerel-linux-x86_64, r-prerel-solaris-sparc, r-prerel-solaris-x86, r-prerel-windows-ix86+x86_64, r-release-linux-ix86, r-release-linux-x86_64, r-release-windows-ix86+x86_64