CRAN Package Check Results for Package copBasic

Last updated on 2016-05-06 12:52:37.

Flavor Version Tinstall Tcheck Ttotal Status Flags
r-devel-linux-x86_64-debian-gcc 2.0.1 2.35 32.73 35.08 OK
r-devel-linux-x86_64-fedora-clang 2.0.1 60.70 OK
r-devel-linux-x86_64-fedora-gcc 2.0.1 55.55 OK
r-devel-osx-x86_64-clang 2.0.1 72.73 OK
r-devel-windows-ix86+x86_64 2.0.1 9.00 63.00 72.00 OK
r-patched-linux-x86_64 2.0.1 2.31 31.72 34.02 OK
r-patched-solaris-sparc 2.0.1 389.90 NOTE
r-patched-solaris-x86 2.0.1 77.10 NOTE
r-release-linux-x86_64 2.0.1 2.45 31.66 34.10 OK
r-release-osx-x86_64-mavericks 2.0.1 OK
r-release-windows-ix86+x86_64 2.0.1 9.00 63.00 72.00 OK
r-oldrel-windows-ix86+x86_64 2.0.1 14.00 60.00 74.00 OK

Check Details

Version: 2.0.1
Check: installed package size
Result: NOTE
     installed size is 5.2Mb
     sub-directories of 1Mb or more:
     data 3.3Mb
     help 1.5Mb
Flavors: r-patched-solaris-sparc, r-patched-solaris-x86