CRAN Package Check Results for Package ezsim

Last updated on 2015-05-21 13:46:51.

Flavor Version Tinstall Tcheck Ttotal Status Flags
r-devel-linux-x86_64-debian-clang 0.5.5 1.32 51.10 52.42 NOTE
r-devel-linux-x86_64-debian-gcc 0.5.5 1.32 45.61 46.94 NOTE
r-devel-linux-x86_64-fedora-clang 0.5.5 100.32 NOTE
r-devel-linux-x86_64-fedora-gcc 0.5.5 92.28 NOTE
r-devel-osx-x86_64-clang 0.5.5 90.33 NOTE
r-devel-windows-ix86+x86_64 0.5.5 6.00 74.00 80.00 NOTE
r-patched-linux-x86_64 0.5.5 1.32 45.75 47.07 NOTE
r-patched-solaris-sparc 0.5.5 586.90 NOTE
r-patched-solaris-x86 0.5.5 114.10 NOTE
r-release-linux-x86_64 0.5.5 1.82 48.35 50.16 NOTE
r-release-osx-x86_64-mavericks 0.5.5 NOTE
r-release-osx-x86_64-snowleopard 0.5.5 ERROR
r-release-windows-ix86+x86_64 0.5.5 5.00 69.00 74.00 NOTE
r-oldrel-windows-ix86+x86_64 0.5.5 12.00 98.00 110.00 OK

Check Details

Version: 0.5.5
Check: DESCRIPTION meta-information
Result: NOTE
    Malformed Description field: should contain one or more complete sentences.
Flavors: r-devel-linux-x86_64-debian-clang, r-devel-linux-x86_64-debian-gcc, r-devel-linux-x86_64-fedora-clang, r-devel-linux-x86_64-fedora-gcc, r-devel-osx-x86_64-clang, r-devel-windows-ix86+x86_64, r-patched-linux-x86_64, r-patched-solaris-sparc, r-patched-solaris-x86, r-release-linux-x86_64, r-release-osx-x86_64-mavericks, r-release-windows-ix86+x86_64

Version: 0.5.5
Check: package dependencies
Result: ERROR
    Package required but not available: ‘ggplot2’
    
    See section ‘The DESCRIPTION file’ in the ‘Writing R Extensions’
    manual.
Flavor: r-release-osx-x86_64-snowleopard