CRAN Package Check Results for Package ezsim

Last updated on 2015-09-04 11:47:34.

Flavor Version Tinstall Tcheck Ttotal Status Flags
r-devel-linux-x86_64-debian-clang 0.5.5 1.25 49.09 50.34 NOTE
r-devel-linux-x86_64-debian-gcc 0.5.5 1.26 45.99 47.25 NOTE
r-devel-linux-x86_64-fedora-clang 0.5.5 95.60 NOTE
r-devel-linux-x86_64-fedora-gcc 0.5.5 91.31 NOTE
r-devel-osx-x86_64-clang 0.5.5 79.80 NOTE
r-devel-windows-ix86+x86_64 0.5.5 6.00 74.00 80.00 NOTE
r-patched-linux-x86_64 0.5.5 1.32 45.63 46.95 NOTE
r-patched-solaris-sparc 0.5.5 564.50 NOTE
r-patched-solaris-x86 0.5.5 115.60 NOTE
r-release-linux-x86_64 0.5.5 1.33 46.44 47.77 NOTE
r-release-osx-x86_64-mavericks 0.5.5 NOTE
r-release-windows-ix86+x86_64 0.5.5 8.00 79.00 87.00 NOTE
r-oldrel-windows-ix86+x86_64 0.5.5 11.00 130.00 141.00 OK

Check Details

Version: 0.5.5
Check: DESCRIPTION meta-information
Result: NOTE
    Malformed Description field: should contain one or more complete sentences.
Flavors: r-devel-linux-x86_64-debian-clang, r-devel-linux-x86_64-debian-gcc, r-devel-linux-x86_64-fedora-clang, r-devel-linux-x86_64-fedora-gcc, r-devel-osx-x86_64-clang, r-devel-windows-ix86+x86_64, r-patched-linux-x86_64, r-patched-solaris-sparc, r-patched-solaris-x86, r-release-linux-x86_64, r-release-osx-x86_64-mavericks, r-release-windows-ix86+x86_64

Version: 0.5.5
Check: R code for possible problems
Result: NOTE
    createFormula: no visible global function definition for ‘tail’
    createFormula: no visible global function definition for ‘head’
    createFormula: no visible global function definition for ‘as.formula’
    ezsim: no visible global function definition for ‘runif’
    plot.ezsim: no visible global function definition for ‘quantile’
    plot.ezsim: no visible global function definition for ‘head’
    plot.ezsim: no visible global function definition for ‘tail’
    plot.ezsim: no visible global function definition for ‘plot’
    plot.ezsim: no visible binding for global variable ‘dnorm’
    plot.ezsim: no visible binding for global variable ‘pdf’
    plot.ezsim: no visible global function definition for ‘dev.off’
    plot.ezsim : <anonymous>: no visible global function definition for
     ‘dev.new’
    plot.summary.ezsim: no visible global function definition for ‘head’
    plot.summary.ezsim: no visible global function definition for ‘tail’
    plot.summary.ezsim: no visible binding for global variable ‘pdf’
    plot.summary.ezsim: no visible global function definition for ‘dev.off’
    plot.summary.ezsim : <anonymous>: no visible global function definition
     for ‘dev.new’
    Undefined global functions or variables:
     as.formula dev.new dev.off dnorm head pdf plot quantile runif tail
    Consider adding
     importFrom("grDevices", "dev.new", "dev.off", "pdf")
     importFrom("graphics", "plot")
     importFrom("stats", "as.formula", "dnorm", "quantile", "runif")
     importFrom("utils", "head", "tail")
    to your NAMESPACE.
Flavors: r-devel-linux-x86_64-debian-clang, r-devel-linux-x86_64-debian-gcc, r-devel-linux-x86_64-fedora-clang, r-devel-linux-x86_64-fedora-gcc, r-devel-windows-ix86+x86_64