CRAN Package Check Results for Package glasso

Last updated on 2014-03-27 21:47:04.

Flavor Version Tinstall Tcheck Ttotal Status Flags
r-devel-linux-x86_64-debian-clang 1.7 1.62 8.69 10.31 NOTE
r-devel-linux-x86_64-debian-gcc 1.7 1.62 8.84 10.46 NOTE
r-devel-linux-x86_64-fedora-clang 1.7 19.08 NOTE
r-devel-linux-x86_64-fedora-gcc 1.7 17.95 NOTE
r-devel-macosx-x86_64-clang 1.7 24.80 NOTE
r-prerel-linux-x86_64 1.7 1.62 8.71 10.33 NOTE
r-prerel-solaris-sparc 1.7 112.80 NOTE
r-prerel-solaris-x86 1.7 28.50 NOTE
r-prerel-windows-ix86+x86_64 1.7 6.00 20.00 26.00 NOTE
r-release-linux-ix86 1.7 5.00 26.00 31.00 NOTE
r-release-linux-x86_64 1.7 1.69 8.22 9.91 NOTE
r-release-macosx-x86_64 1.7 NOTE
r-release-windows-ix86+x86_64 1.7 6.00 21.00 27.00 NOTE
r-oldrel-windows-ix86+x86_64 1.7 4.00 20.00 24.00 NOTE

Check Details

Version: 1.7
Check: compilation flags in Makevars
Result: NOTE
    Package has both ‘src/Makevars.in’ and ‘src/Makevars’.
    Installation with --no-configure' is unlikely to work. If you intended
    ‘src/Makevars’ to be used on Windows, rename it to ‘src/Makevars.win’
    otherwise remove it. If ‘configure’ created ‘src/Makevars’, you need a
    ‘cleanup’ script.
Flavors: r-devel-linux-x86_64-debian-clang, r-devel-linux-x86_64-debian-gcc, r-devel-linux-x86_64-fedora-clang, r-devel-linux-x86_64-fedora-gcc, r-devel-macosx-x86_64-clang, r-prerel-linux-x86_64, r-prerel-solaris-sparc, r-prerel-solaris-x86, r-prerel-windows-ix86+x86_64, r-release-linux-ix86, r-release-linux-x86_64, r-release-macosx-x86_64, r-release-windows-ix86+x86_64

Version: 1.7
Check: compiled code
Result: NOTE
    File ‘/home/hornik/tmp/R.check/r-devel-clang/Work/build/Packages/glasso/libs/glasso.so’:
     Found ‘_gfortran_st_write’, possibly from ‘write’ (Fortran), ‘print’
     (Fortran)
     Object: ‘glasso.o’
    
    Compiled code should not call entry points which might terminate R nor
    write to stdout/stderr instead of to the console.
    
    See ‘Writing portable packages’ in the ‘Writing R Extensions’ manual.
Flavor: r-devel-linux-x86_64-debian-clang

Version: 1.7
Check: compiled code
Result: NOTE
    File ‘/home/hornik/tmp/R.check/r-devel-gcc/Work/build/Packages/glasso/libs/glasso.so’:
     Found ‘_gfortran_st_write’, possibly from ‘write’ (Fortran), ‘print’
     (Fortran)
     Object: ‘glasso.o’
    
    Compiled code should not call entry points which might terminate R nor
    write to stdout/stderr instead of to the console.
    
    See ‘Writing portable packages’ in the ‘Writing R Extensions’ manual.
Flavor: r-devel-linux-x86_64-debian-gcc

Version: 1.7
Check: Rd line widths
Result: NOTE
    Rd file 'glasso.Rd':
     \usage lines wider than 90 characters:
     glasso(s, rho, zero=NULL, thr=1.0e-4, maxit=1e4, approx=FALSE, penalize.diagonal=TRUE, start=c("cold","warm"), w.init=NULL,wi.init=NUL ... [TRUNCATED]
    
    Rd file 'glassopath.Rd':
     \usage lines wider than 90 characters:
     glassopath(s, rholist=NULL, thr=1.0e-4, maxit=1e4, approx=FALSE, penalize.diagonal=TRUE, w.init=NULL,wi.init=NULL, trace=1)
    
    These lines will be truncated in the PDF manual.
Flavors: r-devel-linux-x86_64-fedora-clang, r-devel-linux-x86_64-fedora-gcc

Version: 1.7
Check: compiled code
Result: NOTE
    File ‘/data/gannet/ripley/R/packages/tests-clang/glasso.Rcheck/glasso/libs/glasso.so’:
     Found ‘_gfortran_st_write’, possibly from ‘write’ (Fortran), ‘print’
     (Fortran)
     Object: ‘glasso.o’
    
    Compiled code should not call entry points which might terminate R nor
    write to stdout/stderr instead of to the console.
    
    See ‘Writing portable packages’ in the ‘Writing R Extensions’ manual.
Flavor: r-devel-linux-x86_64-fedora-clang

Version: 1.7
Check: compiled code
Result: NOTE
    File ‘/data/gannet/ripley/R/packages/tests-devel/glasso.Rcheck/glasso/libs/glasso.so’:
     Found ‘_gfortran_st_write’, possibly from ‘write’ (Fortran), ‘print’
     (Fortran)
     Object: ‘glasso.o’
    
    Compiled code should not call entry points which might terminate R nor
    write to stdout/stderr instead of to the console.
    
    See ‘Writing portable packages’ in the ‘Writing R Extensions’ manual.
Flavor: r-devel-linux-x86_64-fedora-gcc

Version: 1.7
Check: compiled code
Result: NOTE
    File ‘/Users/ripley/R/packages/tests-devel/glasso.Rcheck/glasso/libs/glasso.so’:
     Found ‘__gfortran_st_write’, possibly from ‘write’ (Fortran), ‘print’
     (Fortran)
     Object: ‘glasso.o’
    
    Compiled code should not call entry points which might terminate R nor
    write to stdout/stderr instead of to the console.
    
    See ‘Writing portable packages’ in the ‘Writing R Extensions’ manual.
Flavor: r-devel-macosx-x86_64-clang

Version: 1.7
Check: compiled code
Result: NOTE
    File ‘/home/hornik/tmp/R.check/r-prerel-gcc/Work/build/Packages/glasso/libs/glasso.so’:
     Found ‘_gfortran_st_write’, possibly from ‘write’ (Fortran), ‘print’
     (Fortran)
     Object: ‘glasso.o’
    
    Compiled code should not call entry points which might terminate R nor
    write to stdout/stderr instead of to the console.
    
    See ‘Writing portable packages’ in the ‘Writing R Extensions’ manual.
Flavor: r-prerel-linux-x86_64

Version: 1.7
Check: compiled code
Result: NOTE
    File 'd:/Rcompile/CRANpkg/lib/3.1/glasso/libs/i386/glasso.dll':
     Found '_gfortran_st_write', possibly from 'write' (Fortran), 'print'
     (Fortran)
     Object: 'glasso.o'
    File 'd:/Rcompile/CRANpkg/lib/3.1/glasso/libs/x64/glasso.dll':
     Found '_gfortran_st_write', possibly from 'write' (Fortran), 'print'
     (Fortran)
     Object: 'glasso.o'
    
    Compiled code should not call entry points which might terminate R nor
    write to stdout/stderr instead of to the console.
    
    See 'Writing portable packages' in the 'Writing R Extensions' manual.
    * checking examples ...
Flavor: r-prerel-windows-ix86+x86_64

Version: 1.7
Check: compiled code
Result: NOTE
    File ‘/home/hornik/tmp/R.check/r-release-gcc/Work/build/Packages/glasso/libs/glasso.so’:
     Found ‘_gfortran_st_write’, possibly from ‘write’ (Fortran), ‘print’
     (Fortran)
     Object: ‘glasso.o’
    
    Compiled code should not call entry points which might terminate R nor
    write to stdout/stderr instead of to the console.
    
    See ‘Writing portable packages’ in the ‘Writing R Extensions’ manual.
Flavors: r-release-linux-ix86, r-release-linux-x86_64

Version: 1.7
Check: compiled code
Result: NOTE
    File ‘/Volumes/XT3/Builds/R-dev-web/QA/Simon/packages/snowleopard-x86_64/results/3.0/glasso.Rcheck/glasso/libs/glasso.so’:
     Found ‘__gfortran_st_write’, possibly from ‘write’ (Fortran), ‘print’
     (Fortran)
     Object: ‘glasso.o’
    
    Compiled code should not call entry points which might terminate R nor
    write to stdout/stderr instead of to the console.
    
    See ‘Writing portable packages’ in the ‘Writing R Extensions’ manual.
Flavor: r-release-macosx-x86_64

Version: 1.7
Check: compiled code
Result: NOTE
    File 'd:/Rcompile/CRANpkg/lib/3.0/glasso/libs/i386/glasso.dll':
     Found '_gfortran_st_write', possibly from 'write' (Fortran), 'print'
     (Fortran)
     Object: 'glasso.o'
    File 'd:/Rcompile/CRANpkg/lib/3.0/glasso/libs/x64/glasso.dll':
     Found '_gfortran_st_write', possibly from 'write' (Fortran), 'print'
     (Fortran)
     Object: 'glasso.o'
    
    Compiled code should not call entry points which might terminate R nor
    write to stdout/stderr instead of to the console.
    
    See 'Writing portable packages' in the 'Writing R Extensions' manual.
    * checking examples ...
Flavor: r-release-windows-ix86+x86_64

Version: 1.7
Check: compiled code
Result: NOTE
    File 'd:/Rcompile/CRANpkg/lib/2.15/glasso/libs/i386/glasso.dll':
     Found '_gfortran_st_write', possibly from 'write' (Fortran), 'print'
     (Fortran)
     Object: 'glasso.o'
    File 'd:/Rcompile/CRANpkg/lib/2.15/glasso/libs/x64/glasso.dll':
     Found '_gfortran_st_write', possibly from 'write' (Fortran), 'print'
     (Fortran)
     Object: 'glasso.o'
    
    Compiled code should not call functions which might terminate R nor
    write to stdout/stderr instead of to the console.
    
    See 'Writing portable packages' in the 'Writing R Extensions' manual.
    * checking examples ...
Flavor: r-oldrel-windows-ix86+x86_64