CRAN Package Check Results for Package glasso

Last updated on 2016-06-30 12:52:39.

Flavor Version Tinstall Tcheck Ttotal Status Flags
r-devel-linux-x86_64-debian-gcc 1.8 1.92 9.43 11.35 NOTE
r-devel-linux-x86_64-fedora-clang 1.8 16.00 NOTE
r-devel-linux-x86_64-fedora-gcc 1.8 14.83 NOTE
r-devel-osx-x86_64-clang 1.8 15.68 NOTE
r-devel-windows-ix86+x86_64 1.8 7.00 24.00 31.00 NOTE
r-patched-linux-x86_64 1.8 2.20 10.05 12.25 NOTE
r-patched-solaris-sparc 1.8 94.20 NOTE
r-patched-solaris-x86 1.8 21.90 NOTE
r-release-linux-x86_64 1.8 1.96 9.27 11.23 NOTE
r-release-osx-x86_64-mavericks 1.8 NOTE
r-release-windows-ix86+x86_64 1.8 8.00 32.00 40.00 NOTE
r-oldrel-windows-ix86+x86_64 1.8 6.00 20.00 26.00 NOTE

Check Details

Version: 1.8
Check: DESCRIPTION meta-information
Result: NOTE
    Malformed Description field: should contain one or more complete sentences.
Flavors: r-devel-linux-x86_64-debian-gcc, r-devel-linux-x86_64-fedora-clang, r-devel-linux-x86_64-fedora-gcc, r-devel-osx-x86_64-clang, r-devel-windows-ix86+x86_64, r-patched-linux-x86_64, r-patched-solaris-sparc, r-patched-solaris-x86, r-release-linux-x86_64, r-release-osx-x86_64-mavericks, r-release-windows-ix86+x86_64, r-oldrel-windows-ix86+x86_64