CRAN Package Check Results for Package glasso

Last updated on 2016-02-11 11:50:10.

Flavor Version Tinstall Tcheck Ttotal Status Flags
r-devel-linux-x86_64-debian-gcc 1.8 1.60 7.45 9.06 NOTE
r-devel-linux-x86_64-fedora-clang 1.8 15.66 NOTE
r-devel-linux-x86_64-fedora-gcc 1.8 14.89 NOTE
r-devel-osx-x86_64-clang 1.8 20.85 NOTE
r-devel-windows-ix86+x86_64 1.8 11.00 21.00 32.00 NOTE
r-patched-linux-x86_64 1.8 1.72 8.14 9.87 NOTE
r-patched-solaris-sparc 1.8 102.30 NOTE
r-patched-solaris-x86 1.8 23.10 NOTE
r-release-linux-x86_64 1.8 1.72 7.89 9.61 NOTE
r-release-osx-x86_64-mavericks 1.8 NOTE
r-release-windows-ix86+x86_64 1.8 6.00 20.00 26.00 NOTE
r-oldrel-windows-ix86+x86_64 1.8 10.00 23.00 33.00 OK

Check Details

Version: 1.8
Check: DESCRIPTION meta-information
Result: NOTE
    Malformed Description field: should contain one or more complete sentences.
Flavors: r-devel-linux-x86_64-debian-gcc, r-devel-linux-x86_64-fedora-clang, r-devel-linux-x86_64-fedora-gcc, r-devel-osx-x86_64-clang, r-devel-windows-ix86+x86_64, r-patched-linux-x86_64, r-patched-solaris-sparc, r-patched-solaris-x86, r-release-linux-x86_64, r-release-osx-x86_64-mavericks, r-release-windows-ix86+x86_64