CRAN Package Check Results for Package gstudio

Last updated on 2014-07-28 01:48:01.

Flavor Version Tinstall Tcheck Ttotal Status Flags
r-devel-linux-x86_64-debian-clang 1.3 7.80 100.36 108.16 OK
r-devel-linux-x86_64-debian-gcc 1.3 7.72 98.02 105.74 OK
r-devel-linux-x86_64-fedora-clang 1.3 260.65 OK --no-vignettes
r-devel-linux-x86_64-fedora-gcc 1.3 253.54 OK --no-vignettes
r-devel-osx-x86_64-clang 1.3 190.20 OK --no-vignettes
r-devel-windows-ix86+x86_64 1.3 21.00 138.00 159.00 OK
r-patched-linux-x86_64 1.3 9.17 101.30 110.46 OK
r-patched-solaris-sparc 1.3 1205.00 OK --no-vignettes
r-patched-solaris-x86 1.3 317.10 OK
r-release-linux-ix86 1.3 8.93 116.54 125.47 OK
r-release-linux-x86_64 1.3 7.75 101.63 109.38 OK
r-release-osx-x86_64-mavericks 1.3 NOTE
r-release-osx-x86_64-snowleopard 1.3 OK
r-release-windows-ix86+x86_64 1.3 22.00 152.00 174.00 OK
r-oldrel-windows-ix86+x86_64 1.3 24.00 147.00 171.00 OK

Check Details

Version: 1.3
Check: re-building of vignette outputs
Result: NOTE
    Error in re-building vignettes:
     ...
    Error in texi2dvi(file = file, pdf = TRUE, clean = clean, quiet = quiet, :
     Running 'texi2dvi' on 'gstudio.tex' failed.
    LaTeX errors:
    ! LaTeX Error: File `kmath.sty' not found.
    
    Type X to quit or <RETURN> to proceed,
    or enter new name. (Default extension: sty)
    
    _test/gstudio/vignettes/gstudio.tex:12: ==> Fatal error occurred, no output PD
    F file produced!
    Calls: buildVignettes -> texi2pdf -> texi2dvi
    Execution halted
Flavor: r-release-osx-x86_64-mavericks