CRAN Package Check Results for Package gstudio

Last updated on 2015-03-27 12:48:33.

Flavor Version Tinstall Tcheck Ttotal Status Flags
r-devel-linux-x86_64-debian-clang 1.3 5.90 76.44 82.34 WARN
r-devel-linux-x86_64-debian-gcc 1.3 5.36 73.06 78.42 WARN
r-devel-linux-x86_64-fedora-clang 1.3 172.50 WARN
r-devel-linux-x86_64-fedora-gcc 1.3 167.46 WARN
r-devel-osx-x86_64-clang 1.3 155.47 WARN
r-prerel-windows-ix86+x86_64 1.3 19.00 108.00 127.00 WARN
r-prerel-linux-x86_64 1.3 5.40 73.60 79.00 WARN
r-prerel-solaris-sparc 1.3 1069.30 NOTE --no-vignettes
r-prerel-solaris-x86 1.3 222.50 NOTE
r-release-linux-x86_64 1.3 8.73 103.84 112.57 OK
r-release-osx-x86_64-mavericks 1.3 OK
r-release-osx-x86_64-snowleopard 1.3 OK
r-release-windows-ix86+x86_64 1.3 30.00 165.00 195.00 OK
r-oldrel-windows-ix86+x86_64 1.3 28.00 150.00 178.00 OK

Check Details

Version: 1.3
Check: DESCRIPTION meta-information
Result: NOTE
    Malformed Title field: should not end in a period.
Flavors: r-devel-linux-x86_64-debian-clang, r-devel-linux-x86_64-debian-gcc, r-devel-linux-x86_64-fedora-clang, r-devel-linux-x86_64-fedora-gcc, r-devel-osx-x86_64-clang, r-prerel-windows-ix86+x86_64, r-prerel-linux-x86_64, r-prerel-solaris-x86

Version: 1.3
Check: use of S3 registration
Result: WARN
    Registered S3 method from a standard package overwritten by 'gstudio':
     method from
     plot.data.frame graphics
Flavors: r-devel-linux-x86_64-debian-clang, r-devel-linux-x86_64-debian-gcc, r-devel-linux-x86_64-fedora-clang, r-devel-linux-x86_64-fedora-gcc, r-devel-osx-x86_64-clang, r-prerel-windows-ix86+x86_64, r-prerel-linux-x86_64

Version: 1.3
Flags: --no-vignettes
Check: DESCRIPTION meta-information
Result: NOTE
    Malformed Title field: should not end in a period.
Flavor: r-prerel-solaris-sparc