CRAN Package Check Results for Package gstudio

Last updated on 2014-12-20 03:49:32.

Flavor Version Tinstall Tcheck Ttotal Status Flags
r-devel-linux-x86_64-debian-clang 1.3 7.95 99.38 107.32 OK
r-devel-linux-x86_64-debian-gcc 1.3 7.65 96.61 104.26 OK
r-devel-linux-x86_64-fedora-clang 1.3 246.92 OK --no-vignettes
r-devel-linux-x86_64-fedora-gcc 1.3 215.93 OK --no-vignettes
r-devel-osx-x86_64-clang 1.3 197.15 OK --no-vignettes
r-devel-windows-ix86+x86_64 1.3 23.00 138.00 161.00 OK
r-patched-linux-x86_64 1.3 7.95 102.40 110.34 OK
r-patched-solaris-sparc 1.3 1201.30 OK --no-vignettes
r-patched-solaris-x86 1.3 323.40 OK
r-release-linux-ix86 1.3 8.93 114.90 123.83 OK
r-release-linux-x86_64 1.3 7.89 101.72 109.61 OK
r-release-osx-x86_64-mavericks 1.3 NOTE
r-release-osx-x86_64-snowleopard 1.3 OK
r-release-windows-ix86+x86_64 1.3 27.00 159.00 186.00 OK
r-oldrel-windows-ix86+x86_64 1.3 24.00 152.00 176.00 OK

Check Details

Version: 1.3
Check: re-building of vignette outputs
Result: NOTE
    Error in re-building vignettes:
     ...
    Error in texi2dvi(file = file, pdf = TRUE, clean = clean, quiet = quiet, :
     Running 'texi2dvi' on 'gstudio.tex' failed.
    LaTeX errors:
    ! LaTeX Error: File `kmath.sty' not found.
    
    Type X to quit or <RETURN> to proceed,
    or enter new name. (Default extension: sty)
    
    _test/gstudio/vignettes/gstudio.tex:12: ==> Fatal error occurred, no output PD
    F file produced!
    Calls: buildVignettes -> texi2pdf -> texi2dvi
    Execution halted
Flavor: r-release-osx-x86_64-mavericks