CRAN Package Check Results for Package gstudio

Last updated on 2014-11-22 20:46:55.

Flavor Version Tinstall Tcheck Ttotal Status Flags
r-devel-linux-x86_64-debian-clang 1.3 8.09 100.69 108.78 OK
r-devel-linux-x86_64-debian-gcc 1.3 7.52 95.61 103.13 OK
r-devel-linux-x86_64-fedora-clang 1.3 253.14 OK --no-vignettes
r-devel-linux-x86_64-fedora-gcc 1.3 234.93 OK --no-vignettes
r-devel-osx-x86_64-clang 1.3 195.81 OK --no-vignettes
r-devel-windows-ix86+x86_64 1.3 23.00 133.00 156.00 OK
r-patched-linux-x86_64 1.3 7.96 101.62 109.57 OK
r-patched-solaris-sparc 1.3 1201.30 OK --no-vignettes
r-patched-solaris-x86 1.3 321.40 OK
r-release-linux-ix86 1.3 9.24 115.36 124.60 OK
r-release-linux-x86_64 1.3 7.92 102.52 110.44 OK
r-release-osx-x86_64-mavericks 1.3 NOTE
r-release-osx-x86_64-snowleopard 1.3 OK
r-release-windows-ix86+x86_64 1.3 38.00 149.00 187.00 OK
r-oldrel-windows-ix86+x86_64 1.3 22.00 139.00 161.00 OK

Check Details

Version: 1.3
Check: re-building of vignette outputs
Result: NOTE
    Error in re-building vignettes:
     ...
    Error in texi2dvi(file = file, pdf = TRUE, clean = clean, quiet = quiet, :
     Running 'texi2dvi' on 'gstudio.tex' failed.
    LaTeX errors:
    ! LaTeX Error: File `kmath.sty' not found.
    
    Type X to quit or <RETURN> to proceed,
    or enter new name. (Default extension: sty)
    
    _test/gstudio/vignettes/gstudio.tex:12: ==> Fatal error occurred, no output PD
    F file produced!
    Calls: buildVignettes -> texi2pdf -> texi2dvi
    Execution halted
Flavor: r-release-osx-x86_64-mavericks