CRAN Package Check Results for Package irtrees

Last updated on 2016-07-24 11:47:26.

Flavor Version Tinstall Tcheck Ttotal Status Flags
r-devel-linux-x86_64-debian-clang 0.1.0 0.93 10.87 11.80 NOTE
r-devel-linux-x86_64-debian-gcc 0.1.0 0.70 10.69 11.39 NOTE
r-devel-linux-x86_64-fedora-clang 0.1.0 15.45 NOTE
r-devel-linux-x86_64-fedora-gcc 0.1.0 14.42 NOTE
r-devel-osx-x86_64-clang 0.1.0 14.89 NOTE
r-devel-windows-ix86+x86_64 0.1.0 2.00 25.00 27.00 NOTE
r-patched-linux-x86_64 0.1.0 0.73 10.99 11.72 NOTE
r-patched-solaris-sparc 0.1.0 102.20 NOTE
r-patched-solaris-x86 0.1.0 23.20 NOTE
r-release-linux-x86_64 0.1.0 0.69 10.45 11.14 NOTE
r-release-osx-x86_64-mavericks 0.1.0 NOTE
r-release-windows-ix86+x86_64 0.1.0 2.00 23.00 25.00 NOTE
r-oldrel-windows-ix86+x86_64 0.1.0 4.00 22.00 26.00 NOTE

Check Details

Version: 0.1.0
Check: R code for possible problems
Result: NOTE
    dendrify: no visible binding for global variable ‘item’
    dendrify: no visible binding for global variable ‘node’
    dendrify: no visible binding for global variable ‘value’
    exogenize: no visible binding for global variable ‘item’
    Undefined global functions or variables:
     item node value
Flavors: r-devel-linux-x86_64-debian-clang, r-devel-linux-x86_64-debian-gcc, r-devel-linux-x86_64-fedora-clang, r-devel-linux-x86_64-fedora-gcc, r-devel-osx-x86_64-clang, r-devel-windows-ix86+x86_64, r-patched-linux-x86_64, r-patched-solaris-sparc, r-patched-solaris-x86, r-release-linux-x86_64, r-release-osx-x86_64-mavericks, r-release-windows-ix86+x86_64

Version: 0.1.0
Check: R code for possible problems
Result: NOTE
    dendrify: no visible binding for global variable 'item'
    dendrify: no visible binding for global variable 'node'
    dendrify: no visible binding for global variable 'value'
    exogenize: no visible binding for global variable 'item'
Flavor: r-oldrel-windows-ix86+x86_64