CRAN Package Check Results for Package irtrees

Last updated on 2016-02-06 11:48:17.

Flavor Version Tinstall Tcheck Ttotal Status Flags
r-devel-linux-x86_64-debian-gcc 0.1.0 0.58 7.86 8.43 NOTE
r-devel-linux-x86_64-fedora-clang 0.1.0 15.19 NOTE
r-devel-linux-x86_64-fedora-gcc 0.1.0 14.39 NOTE
r-devel-osx-x86_64-clang 0.1.0 18.91 NOTE
r-devel-windows-ix86+x86_64 0.1.0 5.00 20.00 25.00 NOTE
r-patched-linux-x86_64 0.1.0 0.62 8.50 9.12 NOTE
r-patched-solaris-sparc 0.1.0 100.80 NOTE
r-patched-solaris-x86 0.1.0 22.50 NOTE
r-release-linux-x86_64 0.1.0 0.64 8.70 9.34 NOTE
r-release-osx-x86_64-mavericks 0.1.0 NOTE
r-release-windows-ix86+x86_64 0.1.0 4.00 30.00 34.00 NOTE
r-oldrel-windows-ix86+x86_64 0.1.0 5.00 28.00 33.00 NOTE

Check Details

Version: 0.1.0
Check: R code for possible problems
Result: NOTE
    dendrify: no visible binding for global variable ‘item’
    dendrify: no visible binding for global variable ‘node’
    dendrify: no visible binding for global variable ‘value’
    exogenize: no visible binding for global variable ‘item’
    Undefined global functions or variables:
     item node value
Flavors: r-devel-linux-x86_64-debian-gcc, r-devel-linux-x86_64-fedora-clang, r-devel-linux-x86_64-fedora-gcc, r-devel-osx-x86_64-clang, r-devel-windows-ix86+x86_64

Version: 0.1.0
Check: R code for possible problems
Result: NOTE
    dendrify: no visible binding for global variable ‘item’
    dendrify: no visible binding for global variable ‘node’
    dendrify: no visible binding for global variable ‘value’
    exogenize: no visible binding for global variable ‘item’
Flavors: r-patched-linux-x86_64, r-patched-solaris-sparc, r-patched-solaris-x86, r-release-linux-x86_64, r-release-osx-x86_64-mavericks, r-release-windows-ix86+x86_64, r-oldrel-windows-ix86+x86_64