CRAN Package Check Results for Package irtrees

Last updated on 2015-09-02 13:47:00.

Flavor Version Tinstall Tcheck Ttotal Status Flags
r-devel-linux-x86_64-debian-clang 0.1.0 0.53 8.23 8.76 NOTE
r-devel-linux-x86_64-debian-gcc 0.1.0 0.53 8.14 8.67 NOTE
r-devel-linux-x86_64-fedora-clang 0.1.0 16.48 NOTE
r-devel-linux-x86_64-fedora-gcc 0.1.0 16.02 NOTE
r-devel-osx-x86_64-clang 0.1.0 17.66 NOTE
r-devel-windows-ix86+x86_64 0.1.0 4.00 21.00 25.00 NOTE
r-patched-linux-x86_64 0.1.0 0.57 8.90 9.48 NOTE
r-patched-solaris-sparc 0.1.0 112.80 NOTE
r-patched-solaris-x86 0.1.0 27.80 NOTE
r-release-linux-x86_64 0.1.0 0.57 9.20 9.77 NOTE
r-release-osx-x86_64-mavericks 0.1.0 NOTE
r-release-windows-ix86+x86_64 0.1.0 4.00 17.00 21.00 NOTE
r-oldrel-windows-ix86+x86_64 0.1.0 4.00 21.00 25.00 NOTE

Check Details

Version: 0.1.0
Check: R code for possible problems
Result: NOTE
    dendrify: no visible binding for global variable ‘item’
    dendrify: no visible binding for global variable ‘node’
    dendrify: no visible binding for global variable ‘value’
    exogenize: no visible binding for global variable ‘item’
    Undefined global functions or variables:
     item node value
Flavors: r-devel-linux-x86_64-debian-clang, r-devel-linux-x86_64-debian-gcc, r-devel-linux-x86_64-fedora-clang, r-devel-linux-x86_64-fedora-gcc, r-devel-osx-x86_64-clang, r-devel-windows-ix86+x86_64

Version: 0.1.0
Check: R code for possible problems
Result: NOTE
    dendrify: no visible binding for global variable ‘item’
    dendrify: no visible binding for global variable ‘node’
    dendrify: no visible binding for global variable ‘value’
    exogenize: no visible binding for global variable ‘item’
Flavors: r-patched-linux-x86_64, r-patched-solaris-sparc, r-patched-solaris-x86, r-release-linux-x86_64, r-release-osx-x86_64-mavericks, r-release-windows-ix86+x86_64, r-oldrel-windows-ix86+x86_64