CRAN Package Check Results for Package irtrees

Last updated on 2014-12-21 23:47:03.

Flavor Version Tinstall Tcheck Ttotal Status Flags
r-devel-linux-x86_64-debian-clang 0.1.0 0.62 9.43 10.05 NOTE
r-devel-linux-x86_64-debian-gcc 0.1.0 0.64 9.43 10.07 NOTE
r-devel-linux-x86_64-fedora-clang 0.1.0 21.12 NOTE
r-devel-linux-x86_64-fedora-gcc 0.1.0 19.63 NOTE
r-devel-osx-x86_64-clang 0.1.0 23.07 NOTE
r-devel-windows-ix86+x86_64 0.1.0 2.00 18.00 20.00 NOTE
r-patched-linux-x86_64 0.1.0 0.63 9.22 9.86 NOTE
r-patched-solaris-sparc 0.1.0 116.80 NOTE
r-patched-solaris-x86 0.1.0 30.00 NOTE
r-release-linux-ix86 0.1.0 0.93 14.83 15.76 NOTE
r-release-linux-x86_64 0.1.0 0.64 9.44 10.08 NOTE
r-release-osx-x86_64-mavericks 0.1.0 NOTE
r-release-windows-ix86+x86_64 0.1.0 3.00 17.00 20.00 NOTE
r-oldrel-windows-ix86+x86_64 0.1.0 3.00 19.00 22.00 NOTE

Check Details

Version: 0.1.0
Check: R code for possible problems
Result: NOTE
    dendrify: no visible binding for global variable ‘item’
    dendrify: no visible binding for global variable ‘node’
    dendrify: no visible binding for global variable ‘value’
    exogenize: no visible binding for global variable ‘item’
Flavors: r-devel-linux-x86_64-debian-clang, r-devel-linux-x86_64-debian-gcc, r-devel-linux-x86_64-fedora-clang, r-devel-linux-x86_64-fedora-gcc, r-devel-osx-x86_64-clang, r-devel-windows-ix86+x86_64, r-patched-linux-x86_64, r-patched-solaris-sparc, r-patched-solaris-x86, r-release-linux-ix86, r-release-linux-x86_64, r-release-osx-x86_64-mavericks, r-release-windows-ix86+x86_64, r-oldrel-windows-ix86+x86_64