CRAN Package Check Results for Package irtrees

Last updated on 2014-03-27 21:47:05.

Flavor Version Tinstall Tcheck Ttotal Status Flags
r-devel-linux-x86_64-debian-clang 0.1.0 0.62 11.36 11.98 NOTE
r-devel-linux-x86_64-debian-gcc 0.1.0 0.60 11.24 11.85 NOTE
r-devel-linux-x86_64-fedora-clang 0.1.0 24.24 NOTE
r-devel-linux-x86_64-fedora-gcc 0.1.0 23.03 NOTE
r-devel-macosx-x86_64-clang 0.1.0 27.47 NOTE
r-prerel-linux-x86_64 0.1.0 0.62 11.29 11.91 NOTE
r-prerel-solaris-sparc 0.1.0 140.70 NOTE
r-prerel-solaris-x86 0.1.0 35.20 NOTE
r-prerel-windows-ix86+x86_64 0.1.0 3.00 19.00 22.00 NOTE
r-release-linux-ix86 0.1.0 2.00 29.00 31.00 NOTE
r-release-linux-x86_64 0.1.0 0.66 10.48 11.15 NOTE
r-release-macosx-x86_64 0.1.0 NOTE
r-release-windows-ix86+x86_64 0.1.0 2.00 19.00 21.00 NOTE
r-oldrel-windows-ix86+x86_64 0.1.0 2.00 21.00 23.00 NOTE

Check Details

Version: 0.1.0
Check: R code for possible problems
Result: NOTE
    dendrify: no visible binding for global variable ‘item’
    dendrify: no visible binding for global variable ‘node’
    dendrify: no visible binding for global variable ‘value’
    exogenize: no visible binding for global variable ‘item’
Flavors: r-devel-linux-x86_64-debian-clang, r-devel-linux-x86_64-debian-gcc, r-devel-linux-x86_64-fedora-clang, r-devel-linux-x86_64-fedora-gcc, r-devel-macosx-x86_64-clang, r-prerel-linux-x86_64, r-prerel-solaris-sparc, r-prerel-solaris-x86, r-prerel-windows-ix86+x86_64, r-release-linux-ix86, r-release-linux-x86_64, r-release-macosx-x86_64, r-release-windows-ix86+x86_64, r-oldrel-windows-ix86+x86_64