CRAN Package Check Results for Package lmomco

Last updated on 2015-07-31 11:49:14.

Flavor Version Tinstall Tcheck Ttotal Status Flags
r-devel-linux-x86_64-debian-clang 2.1.4 5.04 83.68 88.72 NOTE
r-devel-linux-x86_64-debian-gcc 2.1.4 7.40 83.41 90.81 NOTE
r-devel-linux-x86_64-fedora-clang 2.1.4 170.54 NOTE
r-devel-linux-x86_64-fedora-gcc 2.1.4 160.00 NOTE
r-devel-osx-x86_64-clang 2.1.4 150.41 OK
r-devel-windows-ix86+x86_64 2.1.4 21.00 198.00 219.00 NOTE
r-patched-linux-x86_64 2.1.4 4.96 83.74 88.70 OK
r-patched-solaris-sparc 2.1.4 1123.80 OK
r-patched-solaris-x86 2.1.4 193.60 OK
r-release-linux-x86_64 2.1.4 6.98 84.68 91.66 OK
r-release-osx-x86_64-mavericks 2.1.4 OK
r-release-windows-ix86+x86_64 2.1.4 21.00 144.00 165.00 OK
r-oldrel-windows-ix86+x86_64 2.1.4 10.00 112.00 122.00 OK

Check Details

Version: 2.1.4
Check: R code for possible problems
Result: NOTE
    .onAttach: no visible global function definition for
     ‘packageDescription’
    add.lmomco.axis : NPPf: no visible global function definition for ‘par’
    add.lmomco.axis : NPPf: no visible global function definition for
     ‘qnorm’
    add.lmomco.axis : NPPf: no visible global function definition for
     ‘Axis’
    add.lmomco.axis : NPPf: no visible global function definition for
     ‘mtext’
    add.lmomco.axis : RIf: no visible global function definition for
     ‘qnorm’
    add.lmomco.axis : RIf: no visible global function definition for ‘Axis’
    add.lmomco.axis : RIf: no visible global function definition for
     ‘mtext’
    add.lmomco.axis : SNVf: no visible global function definition for
     ‘Axis’
    add.lmomco.axis : SNVf: no visible global function definition for
     ‘mtext’
    are.parln3.valid: no visible global function definition for ‘pnorm’
    cdf2lmom: no visible global function definition for ‘integrate’
    cdf2lmom : sfunc: no visible global function definition for ‘integrate’
    cdfaep4: no visible global function definition for ‘pgamma’
    cdfemu : Ymu: no visible global function definition for ‘integrate’
    cdfemu: no visible global function definition for ‘integrate’
    cdfgam: no visible global function definition for ‘pgamma’
    cdfgld: no visible global function definition for ‘uniroot’
    cdfgno : erf: no visible global function definition for ‘pnorm’
    cdfgov: no visible global function definition for ‘uniroot’
    cdfkmu : marcumq.integral: no visible global function definition for
     ‘integrate’
    cdfkmu: no visible global function definition for ‘integrate’
    cdflmrq: no visible global function definition for ‘uniroot’
    cdfln3: no visible global function definition for ‘pnorm’
    cdfnor: no visible global function definition for ‘pnorm’
    cdfpe3: no visible global function definition for ‘pnorm’
    cdfpe3: no visible global function definition for ‘pgamma’
    cdfrice: no visible global function definition for ‘integrate’
    cdfsla: no visible global function definition for ‘dnorm’
    cdfsla: no visible global function definition for ‘pnorm’
    cdfst3: no visible global function definition for ‘pnorm’
    cdfst3: no visible global function definition for ‘pt’
    cdftexp: no visible global function definition for ‘pexp’
    check.pdf: no visible global function definition for ‘integrate’
    check.pdf: no visible global function definition for ‘polygon’
    check.pdf: no visible global function definition for ‘rgb’
    cmlmomco: no visible global function definition for ‘integrate’
    dat2bernquaf: no visible global function definition for ‘uniroot’
    expect.max.ostat: no visible global function definition for ‘integrate’
    freq.curve.all: no visible global function definition for ‘qnorm’
    freq.curve.all: no visible global function definition for ‘plot’
    freq.curve.all: no visible global function definition for ‘lines’
    gen.freq.curves: no visible global function definition for ‘qnorm’
    gen.freq.curves: no visible global function definition for ‘plot’
    gen.freq.curves: no visible global function definition for ‘lines’
    gen.freq.curves: no visible global function definition for ‘points’
    lmomRCmark : wj: no visible global function definition for ‘pbeta’
    lmomaep4: no visible global function definition for ‘pbeta’
    lmomaep4 : delf: no visible global function definition for ‘pbeta’
    lmomaep4: no visible global function definition for ‘integrate’
    lmomaep4 : delf1y : <anonymous> : delf1z: no visible global function
     definition for ‘pbeta’
    lmomaep4 : delf1y : <anonymous>: no visible global function definition
     for ‘integrate’
    lmomemu : yacoubsintegral: no visible global function definition for
     ‘integrate’
    lmomemu: no visible global function definition for ‘integrate’
    lmomgno : erf: no visible global function definition for ‘pnorm’
    lmomkmu : marcumq.integral: no visible global function definition for
     ‘integrate’
    lmomkmu: no visible global function definition for ‘integrate’
    lmomnor : erf: no visible global function definition for ‘pnorm’
    lmomrevgum : Ei: no visible global function definition for ‘integrate’
    lmoms.bernstein: no visible global function definition for ‘integrate’
    lmoms.bootbarvar : WJR: no visible global function definition for
     ‘pbeta’
    lmoms.bootbarvar : WIJRS : afunc: no visible global function definition
     for ‘pbeta’
    lmoms.bootbarvar : VJRS : afunc: no visible global function definition
     for ‘pbeta’
    lmoms.bootbarvar: no visible global function definition for ‘var’
    lmomst3 : afunc: no visible global function definition for ‘pbeta’
    lmomst3: no visible global function definition for ‘integrate’
    lmrdiscord: no visible global function definition for ‘qf’
    lrzlmomco: no visible global function definition for ‘integrate’
    par2cdf2: no visible global function definition for ‘uniroot’
    parTLgld: no visible global function definition for ‘optim’
    paraep4: no visible global function definition for ‘optim’
    paraep4: no visible global function definition for ‘pbeta’
    paremu: no visible global function definition for ‘complete.cases’
    paremu: no visible global function definition for ‘optim’
    pargep: no visible global function definition for ‘optim’
    pargep: no visible global function definition for ‘runif’
    pargep: no visible global function definition for ‘optimize’
    pargld: no visible global function definition for ‘optim’
    pargno : erf: no visible global function definition for ‘pnorm’
    pargpaRC: no visible global function definition for ‘optimize’
    parkap: no visible global function definition for ‘uniroot’
    parkmu: no visible global function definition for ‘complete.cases’
    parkmu: no visible global function definition for ‘optim’
    parkur: no visible global function definition for ‘optim’
    parln3: no visible global function definition for ‘qnorm’
    parrevgum : Ei: no visible global function definition for ‘integrate’
    parrice: no visible global function definition for ‘approx’
    parst3: no visible global function definition for ‘uniroot’
    partexp: no visible global function definition for ‘uniroot’
    partri: no visible global function definition for ‘optim’
    pdfgam: no visible global function definition for ‘dgamma’
    pdfgno : erf: no visible global function definition for ‘pnorm’
    pdfnor: no visible global function definition for ‘dnorm’
    pdfpe3: no visible global function definition for ‘dnorm’
    pdfsla: no visible global function definition for ‘dnorm’
    pdfst3: no visible global function definition for ‘dnorm’
    pdfst3: no visible global function definition for ‘dt’
    pdftexp: no visible global function definition for ‘dexp’
    pfactor.bernstein : stat.func: no visible global function definition
     for ‘median’
    pfactor.bernstein: no visible global function definition for ‘approx’
    pfactor.bernstein: no visible global function definition for ‘plot’
    pfactor.bernstein: no visible global function definition for ‘lines’
    plotlmrdia: no visible global function definition for ‘plot’
    plotlmrdia: no visible global function definition for ‘lines’
    plotlmrdia: no visible global function definition for ‘points’
    plotlmrdia: no visible global function definition for ‘legend’
    plotradarlmr: no visible global function definition for ‘rgb’
    plotradarlmr: no visible global function definition for ‘arrows’
    plotradarlmr: no visible global function definition for ‘text’
    plotradarlmr: no visible global function definition for ‘polygon’
    pmoms: no visible global function definition for ‘sd’
    pp.f: no visible global function definition for ‘qbeta’
    qua.ostat: no visible global function definition for ‘qbeta’
    qua2ci: no visible global function definition for ‘quantile’
    quaaep4: no visible global function definition for ‘qgamma’
    quagam: no visible global function definition for ‘qgamma’
    quagno: no visible global function definition for ‘qnorm’
    quakmu: no visible global function definition for ‘uniroot’
    qualn3: no visible global function definition for ‘qnorm’
    quanor: no visible global function definition for ‘qnorm’
    quape3: no visible global function definition for ‘qnorm’
    quape3: no visible global function definition for ‘qgamma’
    quarice: no visible global function definition for ‘uniroot’
    quasla: no visible global function definition for ‘optimize’
    quast3: no visible global function definition for ‘qnorm’
    quast3: no visible global function definition for ‘qt’
    quatexp: no visible global function definition for ‘qexp’
    reslife.lmoms : <anonymous>: no visible global function definition for
     ‘integrate’
    rlmomco: no visible global function definition for ‘runif’
    rmlmomco: no visible global function definition for ‘integrate’
    rmvarlmomco: no visible global function definition for ‘integrate’
    rreslife.lmoms : <anonymous>: no visible global function definition for
     ‘integrate’
    rrmlmomco: no visible global function definition for ‘integrate’
    rrmvarlmomco: no visible global function definition for ‘integrate’
    tau34sq.normtest: no visible global function definition for ‘pchisq’
    theoTLmoms: no visible global function definition for ‘integrate’
    theopwms: no visible global function definition for ‘integrate’
    Undefined global functions or variables:
     Axis approx arrows complete.cases dexp dgamma dnorm dt integrate
     legend lines median mtext optim optimize packageDescription par pbeta
     pchisq pexp pgamma plot pnorm points polygon pt qbeta qexp qf qgamma
     qnorm qt quantile rgb runif sd text uniroot var
    Consider adding
     importFrom("grDevices", "rgb")
     importFrom("graphics", "Axis", "arrows", "legend", "lines", "mtext",
     "par", "plot", "points", "polygon", "text")
     importFrom("stats", "approx", "complete.cases", "dexp", "dgamma",
     "dnorm", "dt", "integrate", "median", "optim", "optimize",
     "pbeta", "pchisq", "pexp", "pgamma", "pnorm", "pt", "qbeta",
     "qexp", "qf", "qgamma", "qnorm", "qt", "quantile", "runif",
     "sd", "uniroot", "var")
     importFrom("utils", "packageDescription")
    to your NAMESPACE.
Flavors: r-devel-linux-x86_64-debian-clang, r-devel-linux-x86_64-debian-gcc, r-devel-linux-x86_64-fedora-clang, r-devel-linux-x86_64-fedora-gcc, r-devel-windows-ix86+x86_64