CRAN Package Check Results for Package locfdr

Last updated on 2014-03-27 21:47:06.

Flavor Version Tinstall Tcheck Ttotal Status Flags
r-devel-linux-x86_64-debian-clang 1.1-7 0.59 11.71 12.30 NOTE
r-devel-linux-x86_64-debian-gcc 1.1-7 0.56 12.34 12.90 NOTE
r-devel-linux-x86_64-fedora-clang 1.1-7 24.95 NOTE
r-devel-linux-x86_64-fedora-gcc 1.1-7 24.19 NOTE
r-devel-macosx-x86_64-clang 1.1-7 22.22 NOTE
r-prerel-linux-x86_64 1.1-7 0.57 11.94 12.51 NOTE
r-prerel-solaris-sparc 1.1-7 133.10 NOTE
r-prerel-solaris-x86 1.1-7 34.30 NOTE
r-prerel-windows-ix86+x86_64 1.1-7 2.00 18.00 20.00 NOTE
r-release-linux-ix86 1.1-7 1.00 30.00 31.00 NOTE
r-release-linux-x86_64 1.1-7 0.71 11.37 12.08 NOTE
r-release-macosx-x86_64 1.1-7 NOTE
r-release-windows-ix86+x86_64 1.1-7 2.00 19.00 21.00 NOTE
r-oldrel-windows-ix86+x86_64 1.1-7 2.00 28.00 30.00 OK

Check Details

Version: 1.1-7
Check: dependencies in R code
Result: NOTE
    'library' or 'require' call to ‘splines’ which was already attached by Depends.
     Please remove these calls from your code.
    See the information on DESCRIPTION files in the chapter ‘Creating R
    packages’ of the ‘Writing R Extensions’ manual.
Flavors: r-devel-linux-x86_64-debian-clang, r-devel-linux-x86_64-debian-gcc, r-devel-linux-x86_64-fedora-clang, r-devel-linux-x86_64-fedora-gcc, r-devel-macosx-x86_64-clang, r-prerel-linux-x86_64, r-prerel-solaris-sparc, r-prerel-solaris-x86, r-prerel-windows-ix86+x86_64, r-release-linux-ix86, r-release-linux-x86_64, r-release-macosx-x86_64, r-release-windows-ix86+x86_64

Version: 1.1-7
Check: for old-style vignette sources
Result: NOTE
    Vignette sources only in ‘inst/doc’:
     ‘locfdr-example.Rnw’
    A ‘vignettes’ directory is required as from R 3.1.0
    and these will not be indexed nor checked
Flavors: r-devel-linux-x86_64-debian-clang, r-devel-linux-x86_64-debian-gcc, r-devel-linux-x86_64-fedora-clang, r-devel-linux-x86_64-fedora-gcc, r-devel-macosx-x86_64-clang, r-prerel-linux-x86_64, r-prerel-solaris-sparc, r-prerel-solaris-x86, r-prerel-windows-ix86+x86_64

Version: 1.1-7
Check: for old-style vignette sources
Result: NOTE
    Vignette sources only in ‘inst/doc’:
     ‘locfdr-example.Rnw’
    A ‘vignettes’ directory will be required as from R 3.1.0
Flavors: r-release-linux-ix86, r-release-linux-x86_64, r-release-windows-ix86+x86_64