CRAN Package Check Results for Package locfdr

Last updated on 2014-07-25 01:48:47.

Flavor Version Tinstall Tcheck Ttotal Status Flags
r-devel-linux-x86_64-debian-clang 1.1-7 0.54 10.78 11.32 NOTE
r-devel-linux-x86_64-debian-gcc 1.1-7 0.54 10.88 11.42 NOTE
r-devel-linux-x86_64-fedora-clang 1.1-7 25.64 NOTE
r-devel-linux-x86_64-fedora-gcc 1.1-7 24.09 NOTE
r-devel-osx-x86_64-clang 1.1-7 25.11 NOTE
r-devel-windows-ix86+x86_64 1.1-7 2.00 18.00 20.00 NOTE
r-patched-linux-x86_64 1.1-7 0.52 10.74 11.26 NOTE
r-patched-solaris-sparc 1.1-7 133.10 NOTE
r-patched-solaris-x86 1.1-7 35.80 NOTE
r-release-linux-ix86 1.1-7 0.89 17.69 18.58 NOTE
r-release-linux-x86_64 1.1-7 0.55 11.88 12.44 NOTE
r-release-osx-x86_64-mavericks 1.1-7 NOTE
r-release-windows-ix86+x86_64 1.1-7 3.00 19.00 22.00 NOTE
r-oldrel-windows-ix86+x86_64 1.1-7 2.00 19.00 21.00 NOTE

Check Details

Version: 1.1-7
Check: dependencies in R code
Result: NOTE
    'library' or 'require' call to ‘splines’ which was already attached by Depends.
     Please remove these calls from your code.
    See the information on DESCRIPTION files in the chapter ‘Creating R
    packages’ of the ‘Writing R Extensions’ manual.
Flavors: r-devel-linux-x86_64-debian-clang, r-devel-linux-x86_64-debian-gcc, r-devel-linux-x86_64-fedora-clang, r-devel-linux-x86_64-fedora-gcc, r-devel-osx-x86_64-clang, r-devel-windows-ix86+x86_64, r-patched-linux-x86_64, r-patched-solaris-sparc, r-patched-solaris-x86, r-release-linux-ix86, r-release-linux-x86_64, r-release-osx-x86_64-mavericks, r-release-windows-ix86+x86_64, r-oldrel-windows-ix86+x86_64

Version: 1.1-7
Check: for old-style vignette sources
Result: NOTE
    Vignette sources only in ‘inst/doc’:
     ‘locfdr-example.Rnw’
    A ‘vignettes’ directory is required as from R 3.1.0
    and these will not be indexed nor checked
Flavors: r-devel-linux-x86_64-debian-clang, r-devel-linux-x86_64-debian-gcc, r-devel-linux-x86_64-fedora-clang, r-devel-linux-x86_64-fedora-gcc, r-devel-osx-x86_64-clang, r-devel-windows-ix86+x86_64, r-patched-linux-x86_64, r-patched-solaris-sparc, r-patched-solaris-x86, r-release-linux-ix86, r-release-linux-x86_64, r-release-osx-x86_64-mavericks, r-release-windows-ix86+x86_64

Version: 1.1-7
Check: for old-style vignette sources
Result: NOTE
    Vignette sources only in 'inst/doc':
     'locfdr-example.Rnw'
    A 'vignettes' directory will be required as from R 3.1.0
Flavor: r-oldrel-windows-ix86+x86_64