CRAN Package Check Results for Package locfdr

Last updated on 2014-08-23 01:48:42.

Flavor Version Tinstall Tcheck Ttotal Status Flags
r-devel-linux-x86_64-debian-clang 1.1-7 0.67 10.89 11.56 NOTE
r-devel-linux-x86_64-debian-gcc 1.1-7 0.53 11.09 11.62 NOTE
r-devel-linux-x86_64-fedora-clang 1.1-7 24.15 NOTE
r-devel-linux-x86_64-fedora-gcc 1.1-7 23.15 NOTE
r-devel-osx-x86_64-clang 1.1-7 24.65 NOTE
r-devel-windows-ix86+x86_64 1.1-7 2.00 18.00 20.00 NOTE
r-patched-linux-x86_64 1.1-7 0.53 11.09 11.62 NOTE
r-patched-solaris-sparc 1.1-7 143.70 NOTE
r-patched-solaris-x86 1.1-7 36.00 NOTE
r-release-linux-ix86 1.1-7 0.87 17.90 18.77 NOTE
r-release-linux-x86_64 1.1-7 0.55 12.00 12.56 NOTE
r-release-osx-x86_64-mavericks 1.1-7 NOTE
r-release-windows-ix86+x86_64 1.1-7 3.00 19.00 22.00 NOTE
r-oldrel-windows-ix86+x86_64 1.1-7 2.00 19.00 21.00 NOTE

Check Details

Version: 1.1-7
Check: dependencies in R code
Result: NOTE
    'library' or 'require' call to ‘splines’ which was already attached by Depends.
     Please remove these calls from your code.
    Package in Depends field not imported from: ‘splines’
     These packages need to be imported from (in the NAMESPACE file)
     for when this namespace is loaded but not attached.
    See the information on DESCRIPTION files in the chapter ‘Creating R
    packages’ of the ‘Writing R Extensions’ manual.
Flavors: r-devel-linux-x86_64-debian-clang, r-devel-linux-x86_64-debian-gcc, r-devel-linux-x86_64-fedora-clang, r-devel-linux-x86_64-fedora-gcc, r-devel-osx-x86_64-clang, r-devel-windows-ix86+x86_64, r-patched-linux-x86_64, r-patched-solaris-sparc, r-patched-solaris-x86

Version: 1.1-7
Check: R code for possible problems
Result: NOTE
    File ‘locfdr/R/locfns.R’:
     .onLoad calls:
     require(splines)
    
    Package startup functions should not change the search path.
    See section ‘Good practice’ in '?.onAttach'.
Flavors: r-devel-linux-x86_64-debian-clang, r-devel-linux-x86_64-debian-gcc, r-devel-linux-x86_64-fedora-clang, r-devel-linux-x86_64-fedora-gcc, r-devel-osx-x86_64-clang, r-devel-windows-ix86+x86_64

Version: 1.1-7
Check: for old-style vignette sources
Result: NOTE
    Vignette sources only in ‘inst/doc’:
     ‘locfdr-example.Rnw’
    A ‘vignettes’ directory is required as from R 3.1.0
    and these will not be indexed nor checked
Flavors: r-devel-linux-x86_64-debian-clang, r-devel-linux-x86_64-debian-gcc, r-devel-linux-x86_64-fedora-clang, r-devel-linux-x86_64-fedora-gcc, r-devel-osx-x86_64-clang, r-devel-windows-ix86+x86_64, r-patched-linux-x86_64, r-patched-solaris-sparc, r-patched-solaris-x86, r-release-linux-ix86, r-release-linux-x86_64, r-release-osx-x86_64-mavericks, r-release-windows-ix86+x86_64

Version: 1.1-7
Check: dependencies in R code
Result: NOTE
    'library' or 'require' call to ‘splines’ which was already attached by Depends.
     Please remove these calls from your code.
    See the information on DESCRIPTION files in the chapter ‘Creating R
    packages’ of the ‘Writing R Extensions’ manual.
Flavors: r-release-linux-ix86, r-release-linux-x86_64, r-release-osx-x86_64-mavericks, r-release-windows-ix86+x86_64, r-oldrel-windows-ix86+x86_64

Version: 1.1-7
Check: for old-style vignette sources
Result: NOTE
    Vignette sources only in 'inst/doc':
     'locfdr-example.Rnw'
    A 'vignettes' directory will be required as from R 3.1.0
Flavor: r-oldrel-windows-ix86+x86_64