CRAN Package Check Results for Package matrixStats

Last updated on 2016-02-09 12:47:44.

Flavor Version Tinstall Tcheck Ttotal Status Flags
r-devel-linux-x86_64-debian-gcc 0.50.1 95.97 69.15 165.12 NOTE
r-devel-linux-x86_64-fedora-clang 0.50.1 285.59 NOTE
r-devel-linux-x86_64-fedora-gcc 0.50.1 290.35 NOTE
r-devel-osx-x86_64-clang 0.50.1 237.36 OK
r-devel-windows-ix86+x86_64 0.50.1 330.00 196.00 526.00 NOTE
r-patched-linux-x86_64 0.50.1 93.36 71.01 164.37 NOTE
r-patched-solaris-sparc 0.50.1 1680.80 NOTE
r-patched-solaris-x86 0.50.1 908.80 NOTE
r-release-linux-x86_64 0.50.1 96.07 72.50 168.57 NOTE
r-release-osx-x86_64-mavericks 0.50.1 NOTE
r-release-windows-ix86+x86_64 0.50.1 326.00 194.00 520.00 NOTE
r-oldrel-windows-ix86+x86_64 0.50.1 325.00 320.00 645.00 NOTE

Check Details

Version: 0.50.1
Check: installed package size
Result: NOTE
     installed size is 9.9Mb
     sub-directories of 1Mb or more:
     libs 9.2Mb
Flavors: r-devel-linux-x86_64-debian-gcc, r-devel-linux-x86_64-fedora-clang, r-devel-linux-x86_64-fedora-gcc, r-devel-windows-ix86+x86_64, r-patched-linux-x86_64, r-patched-solaris-x86, r-release-linux-x86_64, r-release-osx-x86_64-mavericks, r-release-windows-ix86+x86_64, r-oldrel-windows-ix86+x86_64

Version: 0.50.1
Check: package dependencies
Result: NOTE
    Package suggested but not available for checking: ‘microbenchmark’
Flavors: r-patched-solaris-sparc, r-patched-solaris-x86