CRAN Package Check Results for Package matrixStats

Last updated on 2016-04-30 11:49:06.

Flavor Version Tinstall Tcheck Ttotal Status Flags
r-devel-linux-x86_64-debian-gcc 0.50.2 95.79 73.22 169.02 NOTE
r-devel-linux-x86_64-fedora-clang 0.50.2 183.45 NOTE
r-devel-linux-x86_64-fedora-gcc 0.50.2 162.22 NOTE
r-devel-osx-x86_64-clang 0.50.2 186.27 OK
r-devel-windows-ix86+x86_64 0.50.2 291.00 213.00 504.00 NOTE
r-patched-linux-x86_64 0.50.2 96.94 70.58 167.52 NOTE
r-patched-solaris-sparc 0.50.2 1492.30 NOTE
r-patched-solaris-x86 0.50.2 748.10 NOTE
r-release-linux-x86_64 0.50.2 95.74 73.40 169.14 NOTE
r-release-osx-x86_64-mavericks 0.50.2 NOTE
r-release-windows-ix86+x86_64 0.50.2 254.00 204.00 458.00 NOTE
r-oldrel-windows-ix86+x86_64 0.50.2 254.00 306.00 560.00 NOTE

Check Details

Version: 0.50.2
Check: installed package size
Result: NOTE
     installed size is 9.9Mb
     sub-directories of 1Mb or more:
     libs 9.2Mb
Flavors: r-devel-linux-x86_64-debian-gcc, r-devel-linux-x86_64-fedora-clang, r-devel-linux-x86_64-fedora-gcc, r-devel-windows-ix86+x86_64, r-patched-linux-x86_64, r-patched-solaris-x86, r-release-linux-x86_64, r-release-osx-x86_64-mavericks, r-release-windows-ix86+x86_64, r-oldrel-windows-ix86+x86_64

Version: 0.50.2
Check: package dependencies
Result: NOTE
    Package suggested but not available for checking: ‘microbenchmark’
Flavors: r-patched-solaris-sparc, r-patched-solaris-x86