CRAN Package Check Results for Package matrixStats

Last updated on 2016-08-25 13:47:31.

Flavor Version Tinstall Tcheck Ttotal Status Flags
r-devel-linux-x86_64-debian-clang 0.50.2 96.49 75.08 171.57 NOTE
r-devel-linux-x86_64-debian-gcc 0.50.2 106.12 73.46 179.57 NOTE
r-devel-linux-x86_64-fedora-clang 0.50.2 334.58 NOTE
r-devel-linux-x86_64-fedora-gcc 0.50.2 286.75 NOTE
r-devel-osx-x86_64-clang 0.50.2 240.37 OK
r-devel-windows-ix86+x86_64 0.50.2 529.00 195.00 724.00 NOTE
r-patched-linux-x86_64 0.50.2 91.60 69.92 161.51 NOTE
r-patched-solaris-sparc 0.50.2 1635.10 NOTE
r-patched-solaris-x86 0.50.2 871.20 NOTE
r-release-linux-x86_64 0.50.2 94.02 71.96 165.98 NOTE
r-release-osx-x86_64-mavericks 0.50.2 NOTE
r-release-windows-ix86+x86_64 0.50.2 366.00 191.00 557.00 NOTE
r-oldrel-windows-ix86+x86_64 0.50.2 254.00 222.00 476.00 NOTE

Check Details

Version: 0.50.2
Check: installed package size
Result: NOTE
     installed size is 9.2Mb
     sub-directories of 1Mb or more:
     libs 8.4Mb
Flavors: r-devel-linux-x86_64-debian-clang, r-devel-linux-x86_64-debian-gcc, r-devel-linux-x86_64-fedora-clang, r-devel-linux-x86_64-fedora-gcc, r-devel-windows-ix86+x86_64, r-patched-linux-x86_64, r-patched-solaris-x86, r-release-linux-x86_64, r-release-osx-x86_64-mavericks, r-release-windows-ix86+x86_64, r-oldrel-windows-ix86+x86_64

Version: 0.50.2
Check: package dependencies
Result: NOTE
    Package suggested but not available for checking: ‘microbenchmark’
Flavors: r-patched-solaris-sparc, r-patched-solaris-x86