CRAN Package Check Results for Package matrixStats

Last updated on 2016-06-28 12:46:51.

Flavor Version Tinstall Tcheck Ttotal Status Flags
r-devel-linux-x86_64-debian-gcc 0.50.2 108.60 71.20 179.80 NOTE
r-devel-linux-x86_64-fedora-clang 0.50.2 335.66 NOTE
r-devel-linux-x86_64-fedora-gcc 0.50.2 293.19 NOTE
r-devel-osx-x86_64-clang 0.50.2 239.54 OK
r-devel-windows-ix86+x86_64 0.50.2 380.00 290.00 670.00 NOTE
r-patched-linux-x86_64 0.50.2 94.91 72.36 167.27 NOTE
r-patched-solaris-sparc 0.50.2 1635.10 NOTE
r-patched-solaris-x86 0.50.2 852.40 NOTE
r-release-linux-x86_64 0.50.2 93.55 68.98 162.53 NOTE
r-release-osx-x86_64-mavericks 0.50.2 NOTE
r-release-windows-ix86+x86_64 0.50.2 372.00 289.00 661.00 NOTE
r-oldrel-windows-ix86+x86_64 0.50.2 329.00 199.00 528.00 NOTE

Check Details

Version: 0.50.2
Check: installed package size
Result: NOTE
     installed size is 10.6Mb
     sub-directories of 1Mb or more:
     libs 9.9Mb
Flavors: r-devel-linux-x86_64-debian-gcc, r-devel-linux-x86_64-fedora-clang, r-devel-linux-x86_64-fedora-gcc, r-devel-windows-ix86+x86_64, r-patched-linux-x86_64, r-patched-solaris-x86, r-release-linux-x86_64, r-release-osx-x86_64-mavericks, r-release-windows-ix86+x86_64, r-oldrel-windows-ix86+x86_64

Version: 0.50.2
Check: package dependencies
Result: NOTE
    Package suggested but not available for checking: ‘microbenchmark’
Flavors: r-patched-solaris-sparc, r-patched-solaris-x86