CRAN Package Check Results for Package matrixStats

Last updated on 2015-07-29 12:47:28.

Flavor Version Tinstall Tcheck Ttotal Status Flags
r-devel-linux-x86_64-debian-clang 0.14.2 6.24 29.34 35.58 NOTE
r-devel-linux-x86_64-debian-gcc 0.14.2 7.63 29.16 36.78 NOTE
r-devel-linux-x86_64-fedora-clang 0.14.2 68.59 NOTE
r-devel-linux-x86_64-fedora-gcc 0.14.2 68.87 NOTE
r-devel-osx-x86_64-clang 0.14.2 58.37 OK
r-devel-windows-ix86+x86_64 0.14.2 44.00 76.00 120.00 NOTE
r-patched-linux-x86_64 0.14.2 7.78 29.56 37.34 OK
r-patched-solaris-sparc 0.14.2 484.40 NOTE
r-patched-solaris-x86 0.14.2 118.00 OK
r-release-linux-x86_64 0.14.2 7.77 30.01 37.78 OK
r-release-osx-x86_64-mavericks 0.14.2 OK
r-release-windows-ix86+x86_64 0.14.2 73.00 77.00 150.00 OK
r-oldrel-windows-ix86+x86_64 0.14.2 68.00 89.00 157.00 OK

Check Details

Version: 0.14.2
Check: R code for possible problems
Result: NOTE
    colQuantiles: no visible global function definition for ‘quantile’
    iqr: no visible global function definition for ‘quantile’
    iqrDiff: no visible global function definition for ‘quantile’
    madDiff: no visible global function definition for ‘mad’
    rowQuantiles: no visible global function definition for ‘quantile’
    Undefined global functions or variables:
     mad quantile
    Consider adding
     importFrom("stats", "mad", "quantile")
    to your NAMESPACE.
Flavors: r-devel-linux-x86_64-debian-clang, r-devel-linux-x86_64-debian-gcc, r-devel-linux-x86_64-fedora-clang, r-devel-linux-x86_64-fedora-gcc, r-devel-windows-ix86+x86_64

Version: 0.14.2
Check: package dependencies
Result: NOTE
    Package suggested but not available for checking: ‘microbenchmark’
Flavor: r-patched-solaris-sparc