CRAN Package Check Results for Package metacor

Last updated on 2014-07-30 23:47:21.

Flavor Version Tinstall Tcheck Ttotal Status Flags
r-devel-linux-x86_64-debian-clang 1.0-2 0.72 10.08 10.80 NOTE
r-devel-linux-x86_64-debian-gcc 1.0-2 0.68 10.17 10.85 NOTE
r-devel-linux-x86_64-fedora-clang 1.0-2 22.05 NOTE
r-devel-linux-x86_64-fedora-gcc 1.0-2 21.88 NOTE
r-devel-osx-x86_64-clang 1.0-2 25.05 NOTE
r-devel-windows-ix86+x86_64 1.0-2 3.00 17.00 20.00 NOTE
r-patched-linux-x86_64 1.0-2 0.70 10.68 11.37 NOTE
r-patched-solaris-sparc 1.0-2 140.00 NOTE
r-patched-solaris-x86 1.0-2 31.40 NOTE
r-release-linux-ix86 1.0-2 0.97 16.47 17.44 NOTE
r-release-linux-x86_64 1.0-2 0.72 10.32 11.04 NOTE
r-release-osx-x86_64-mavericks 1.0-2 ERROR
r-release-osx-x86_64-snowleopard 1.0-2 WARN
r-release-windows-ix86+x86_64 1.0-2 4.00 19.00 23.00 NOTE
r-oldrel-windows-ix86+x86_64 1.0-2 3.00 18.00 21.00 NOTE

Check Details

Version: 1.0-2
Check: dependencies in R code
Result: NOTE
    Packages in Depends field not imported from:
     gsl rmeta
     These packages need to be imported from (in the NAMESPACE file)
     for when this namespace is loaded but not attached.
    See the information on DESCRIPTION files in the chapter Creating R
    packages of the Writing R Extensions manual.
Flavors: r-devel-linux-x86_64-debian-clang, r-devel-linux-x86_64-debian-gcc, r-devel-linux-x86_64-fedora-clang, r-devel-linux-x86_64-fedora-gcc, r-devel-osx-x86_64-clang, r-devel-windows-ix86+x86_64, r-patched-linux-x86_64, r-patched-solaris-sparc, r-patched-solaris-x86, r-release-linux-ix86, r-release-linux-x86_64, r-release-windows-ix86+x86_64, r-oldrel-windows-ix86+x86_64

Version: 1.0-2
Check: package dependencies
Result: ERROR
    Package required but not available: gsl
    
    See the information on DESCRIPTION files in the chapter Creating R
    packages of the Writing R Extensions manual.
Flavor: r-release-osx-x86_64-mavericks

Version: 1.0-2
Check: examples
Result: WARNING
    checking a package with encoding 'latin1' in an ASCII locale
    
     OK
Flavor: r-release-osx-x86_64-snowleopard