CRAN Package Check Results for Package metacor

Last updated on 2015-04-27 11:48:43.

Flavor Version Tinstall Tcheck Ttotal Status Flags
r-devel-linux-x86_64-debian-clang 1.0-2 0.63 9.23 9.86 NOTE
r-devel-linux-x86_64-debian-gcc 1.0-2 0.60 9.24 9.84 NOTE
r-devel-linux-x86_64-fedora-clang 1.0-2 20.32 NOTE
r-devel-linux-x86_64-fedora-gcc 1.0-2 18.40 NOTE
r-devel-osx-x86_64-clang 1.0-2 22.93 NOTE
r-devel-windows-ix86+x86_64 1.0-2 3.00 18.00 21.00 NOTE
r-patched-linux-x86_64 1.0-2 0.61 9.42 10.02 NOTE
r-patched-solaris-sparc 1.0-2 148.60 NOTE
r-patched-solaris-x86 1.0-2 29.50 NOTE
r-release-linux-x86_64 1.0-2 0.60 9.38 9.98 NOTE
r-release-osx-x86_64-mavericks 1.0-2 NOTE
r-release-osx-x86_64-snowleopard 1.0-2 NOTE
r-release-windows-ix86+x86_64 1.0-2 2.00 19.00 21.00 NOTE
r-oldrel-windows-ix86+x86_64 1.0-2 5.00 20.00 25.00 NOTE

Check Details

Version: 1.0-2
Check: dependencies in R code
Result: NOTE
    Packages in Depends field not imported from:
     ‘gsl’ ‘rmeta’
     These packages need to be imported from (in the NAMESPACE file)
     for when this namespace is loaded but not attached.
Flavors: r-devel-linux-x86_64-debian-clang, r-devel-linux-x86_64-debian-gcc, r-devel-linux-x86_64-fedora-clang, r-devel-linux-x86_64-fedora-gcc, r-devel-osx-x86_64-clang, r-devel-windows-ix86+x86_64, r-patched-solaris-sparc, r-patched-solaris-x86, r-release-linux-x86_64, r-release-osx-x86_64-mavericks, r-release-osx-x86_64-snowleopard, r-release-windows-ix86+x86_64, r-oldrel-windows-ix86+x86_64

Version: 1.0-2
Check: R code for possible problems
Result: NOTE
    metacor.DSL: no visible global function definition for ‘metaplot’
    metacor.OP: no visible global function definition for ‘hyperg_2F1’
    metacor.OP: no visible global function definition for ‘metaplot’
Flavors: r-devel-linux-x86_64-debian-clang, r-devel-linux-x86_64-debian-gcc, r-devel-linux-x86_64-fedora-clang, r-devel-linux-x86_64-fedora-gcc, r-devel-osx-x86_64-clang, r-devel-windows-ix86+x86_64, r-patched-solaris-sparc, r-patched-solaris-x86, r-release-linux-x86_64, r-release-osx-x86_64-mavericks, r-release-osx-x86_64-snowleopard, r-release-windows-ix86+x86_64, r-oldrel-windows-ix86+x86_64