CRAN Package Check Results for Package metacor

Last updated on 2016-02-06 11:48:20.

Flavor Version Tinstall Tcheck Ttotal Status Flags
r-devel-linux-x86_64-debian-gcc 1.0-2 0.58 8.90 9.48 NOTE
r-devel-linux-x86_64-fedora-clang 1.0-2 16.79 NOTE
r-devel-linux-x86_64-fedora-gcc 1.0-2 15.75 NOTE
r-devel-osx-x86_64-clang 1.0-2 20.04 NOTE
r-devel-windows-ix86+x86_64 1.0-2 4.00 18.00 22.00 NOTE
r-patched-linux-x86_64 1.0-2 0.67 10.11 10.78 NOTE
r-patched-solaris-sparc 1.0-2 108.80 NOTE
r-patched-solaris-x86 1.0-2 24.70 NOTE
r-release-linux-x86_64 1.0-2 0.65 10.32 10.97 NOTE
r-release-osx-x86_64-mavericks 1.0-2 NOTE
r-release-windows-ix86+x86_64 1.0-2 3.00 17.00 20.00 NOTE
r-oldrel-windows-ix86+x86_64 1.0-2 6.00 21.00 27.00 NOTE

Check Details

Version: 1.0-2
Check: dependencies in R code
Result: NOTE
    Packages in Depends field not imported from:
     ‘gsl’ ‘rmeta’
     These packages need to be imported from (in the NAMESPACE file)
     for when this namespace is loaded but not attached.
Flavors: r-devel-linux-x86_64-debian-gcc, r-devel-linux-x86_64-fedora-clang, r-devel-linux-x86_64-fedora-gcc, r-devel-osx-x86_64-clang, r-devel-windows-ix86+x86_64, r-patched-linux-x86_64, r-patched-solaris-sparc, r-patched-solaris-x86, r-release-linux-x86_64, r-release-osx-x86_64-mavericks, r-release-windows-ix86+x86_64, r-oldrel-windows-ix86+x86_64

Version: 1.0-2
Check: R code for possible problems
Result: NOTE
    metacor.DSL: no visible global function definition for ‘qnorm’
    metacor.DSL: no visible global function definition for ‘pnorm’
    metacor.DSL: no visible global function definition for ‘metaplot’
    metacor.OP: no visible global function definition for ‘hyperg_2F1’
    metacor.OP: no visible global function definition for ‘qnorm’
    metacor.OP: no visible global function definition for ‘pnorm’
    metacor.OP: no visible global function definition for ‘metaplot’
    Undefined global functions or variables:
     hyperg_2F1 metaplot pnorm qnorm
    Consider adding
     importFrom("stats", "pnorm", "qnorm")
    to your NAMESPACE.
Flavors: r-devel-linux-x86_64-debian-gcc, r-devel-linux-x86_64-fedora-clang, r-devel-linux-x86_64-fedora-gcc, r-devel-windows-ix86+x86_64

Version: 1.0-2
Check: R code for possible problems
Result: NOTE
    metacor.DSL: no visible global function definition for ‘qnorm’
    metacor.DSL: no visible global function definition for ‘pnorm’
    metacor.DSL: no visible global function definition for ‘metaplot’
    metacor.OP: no visible global function definition for ‘hyperg_2F1’
    metacor.OP: no visible global function definition for ‘qnorm’
    metacor.OP: no visible global function definition for ‘pnorm’
    metacor.OP: no visible global function definition for ‘metaplot’
    Undefined global functions or variables:
     hyperg_2F1 metaplot pnorm qnorm
    Consider adding
     importFrom("stats", "pnorm", "qnorm")
    to your NAMESPACE file.
Flavor: r-devel-osx-x86_64-clang

Version: 1.0-2
Check: R code for possible problems
Result: NOTE
    metacor.DSL: no visible global function definition for ‘metaplot’
    metacor.OP: no visible global function definition for ‘hyperg_2F1’
    metacor.OP: no visible global function definition for ‘metaplot’
Flavors: r-patched-linux-x86_64, r-patched-solaris-sparc, r-patched-solaris-x86, r-release-linux-x86_64, r-release-osx-x86_64-mavericks, r-release-windows-ix86+x86_64, r-oldrel-windows-ix86+x86_64