CRAN Package Check Results for Package npRmpi

Last updated on 2014-03-27 21:47:07.

Flavor Version Tinstall Tcheck Ttotal Status Flags
r-devel-linux-x86_64-debian-clang 0.50-1.1 9.54 71.95 81.49 OK --no-examples --no-tests --no-vignettes
r-devel-linux-x86_64-debian-gcc 0.50-1.1 15.49 72.80 88.29 OK --no-examples --no-tests --no-vignettes
r-devel-linux-x86_64-fedora-clang 0.50-1.1 153.25 NOTE
r-devel-linux-x86_64-fedora-gcc 0.50-1.1 154.56 NOTE
r-devel-macosx-x86_64-clang 0.50-1.1 131.32 OK
r-devel-macosx-x86_64-gcc 0.50-1.1 OK
r-prerel-linux-x86_64 0.50-1.1 14.99 71.44 86.43 OK --no-examples --no-tests --no-vignettes
r-prerel-solaris-sparc 0.50-1.1 891.50 OK
r-prerel-solaris-x86 0.50-1.1 236.60 OK
r-release-linux-ix86 0.50-1.1 35.00 143.00 178.00 OK --no-examples --no-tests --no-vignettes
r-release-linux-x86_64 0.50-1.1 15.66 74.91 90.57 OK --no-examples --no-tests --no-vignettes
r-release-macosx-x86_64 0.50-1.1 OK

Check Details

Version: 0.50-1.1
Check: top-level files
Result: NOTE
    Non-standard files/directories found at top level:
     ‘mknpkg.sh’ ‘npver’
Flavors: r-devel-linux-x86_64-fedora-clang, r-devel-linux-x86_64-fedora-gcc