CRAN Package Check Results for Package npRmpi

Last updated on 2014-11-25 23:46:51.

Flavor Version Tinstall Tcheck Ttotal Status Flags
r-devel-linux-x86_64-debian-clang 0.60-2 13.87 73.12 86.99 NOTE --no-examples --no-tests --no-vignettes
r-devel-linux-x86_64-debian-gcc 0.60-2 23.28 66.96 90.24 NOTE --no-examples --no-tests --no-vignettes
r-devel-linux-x86_64-fedora-clang 0.60-2 162.47 NOTE
r-devel-linux-x86_64-fedora-gcc 0.60-2 161.02 NOTE
r-devel-osx-x86_64-clang 0.60-2 140.84 NOTE
r-devel-windows-ix86+x86_64 0.60-2 70.00 99.00 169.00 NOTE
r-patched-linux-x86_64 0.60-2 23.27 71.18 94.45 NOTE --no-examples --no-tests --no-vignettes
r-patched-solaris-sparc 0.60-2 999.30 NOTE
r-patched-solaris-x86 0.60-2 272.10 NOTE
r-release-linux-ix86 0.60-2 23.53 76.98 100.51 NOTE --no-examples --no-tests --no-vignettes
r-release-linux-x86_64 0.60-2 24.26 72.99 97.25 NOTE --no-examples --no-tests --no-vignettes
r-release-osx-x86_64-mavericks 0.60-2 ERROR
r-release-osx-x86_64-snowleopard 0.60-2 OK
r-release-windows-ix86+x86_64 0.60-2 71.00 104.00 175.00 NOTE
r-oldrel-windows-ix86+x86_64 0.60-2 73.00 112.00 185.00 OK

Memtest notes: valgrind

Check Details

Version: 0.60-2
Flags: --no-examples --no-tests --no-vignettes
Check: R code for possible problems
Result: NOTE
    mpi.setup.rngstream: no visible global function definition for
     ‘nextRNGStream’
    mpi.universe.size: no visible global function definition for
     ‘detectCores’
    npqcmstest : boot.wild: no visible global function definition for ‘rq’
    npqcmstest : boot.wild.rademacher: no visible global function
     definition for ‘rq’
    npqcmstest : boot.iid: no visible global function definition for ‘rq’
Flavors: r-devel-linux-x86_64-debian-clang, r-devel-linux-x86_64-debian-gcc, r-patched-linux-x86_64, r-release-linux-ix86, r-release-linux-x86_64

Version: 0.60-2
Check: R code for possible problems
Result: NOTE
    mpi.setup.rngstream: no visible global function definition for
     ‘nextRNGStream’
    mpi.universe.size: no visible global function definition for
     ‘detectCores’
    npqcmstest : boot.wild: no visible global function definition for ‘rq’
    npqcmstest : boot.wild.rademacher: no visible global function
     definition for ‘rq’
    npqcmstest : boot.iid: no visible global function definition for ‘rq’
Flavors: r-devel-linux-x86_64-fedora-clang, r-devel-linux-x86_64-fedora-gcc, r-devel-osx-x86_64-clang, r-devel-windows-ix86+x86_64, r-patched-solaris-sparc, r-patched-solaris-x86, r-release-windows-ix86+x86_64

Version: 0.60-2
Check: whether package can be installed
Result: ERROR
    Installation failed.
Flavor: r-release-osx-x86_64-mavericks