CRAN Package Check Results for Package npRmpi

Last updated on 2014-08-25 01:48:08.

Flavor Version Tinstall Tcheck Ttotal Status Flags
r-devel-linux-x86_64-debian-clang 0.60-2 11.38 66.51 77.89 NOTE --no-examples --no-tests --no-vignettes
r-devel-linux-x86_64-debian-gcc 0.60-2 NOTE --no-examples --no-tests --no-vignettes
r-devel-linux-x86_64-fedora-clang 0.60-2 158.17 NOTE
r-devel-linux-x86_64-fedora-gcc 0.60-2 164.80 NOTE
r-devel-osx-x86_64-clang 0.60-2 129.09 NOTE
r-devel-windows-ix86+x86_64 0.60-2 70.00 105.00 175.00 NOTE
r-patched-linux-x86_64 0.60-2 23.24 66.90 90.15 OK --no-examples --no-tests --no-vignettes
r-patched-solaris-sparc 0.60-2 1009.60 OK
r-patched-solaris-x86 0.60-2 270.60 OK
r-release-linux-ix86 0.60-2 24.36 80.21 104.58 OK --no-examples --no-tests --no-vignettes
r-release-linux-x86_64 0.60-2 23.26 67.09 90.35 OK --no-examples --no-tests --no-vignettes
r-release-osx-x86_64-mavericks 0.60-2 ERROR
r-release-osx-x86_64-snowleopard 0.60-2 OK
r-release-windows-ix86+x86_64 0.60-2 69.00 104.00 173.00 OK
r-oldrel-windows-ix86+x86_64 0.60-2 69.00 103.00 172.00 OK

Check Details

Version: 0.60-2
Flags: --no-examples --no-tests --no-vignettes
Check: R code for possible problems
Result: NOTE
    mpi.setup.rngstream: no visible global function definition for
     ‘nextRNGStream’
    mpi.universe.size: no visible global function definition for
     ‘detectCores’
    npqcmstest : boot.wild: no visible global function definition for ‘rq’
    npqcmstest : boot.wild.rademacher: no visible global function
     definition for ‘rq’
    npqcmstest : boot.iid: no visible global function definition for ‘rq’
Flavors: r-devel-linux-x86_64-debian-clang, r-devel-linux-x86_64-debian-gcc

Version: 0.60-2
Check: R code for possible problems
Result: NOTE
    mpi.setup.rngstream: no visible global function definition for
     ‘nextRNGStream’
    mpi.universe.size: no visible global function definition for
     ‘detectCores’
    npqcmstest : boot.wild: no visible global function definition for ‘rq’
    npqcmstest : boot.wild.rademacher: no visible global function
     definition for ‘rq’
    npqcmstest : boot.iid: no visible global function definition for ‘rq’
Flavors: r-devel-linux-x86_64-fedora-clang, r-devel-linux-x86_64-fedora-gcc, r-devel-osx-x86_64-clang, r-devel-windows-ix86+x86_64

Version: 0.60-2
Check: whether package can be installed
Result: ERROR
    Installation failed.
Flavor: r-release-osx-x86_64-mavericks