CRAN Package Check Results for Package orientlib

Last updated on 2014-11-22 20:46:59.

Flavor Version Tinstall Tcheck Ttotal Status Flags
r-devel-linux-x86_64-debian-clang 0.10.3 1.04 15.57 16.61 NOTE
r-devel-linux-x86_64-debian-gcc 0.10.3 1.04 15.84 16.87 NOTE
r-devel-linux-x86_64-fedora-clang 0.10.3 35.49 NOTE
r-devel-linux-x86_64-fedora-gcc 0.10.3 33.08 NOTE
r-devel-osx-x86_64-clang 0.10.3 33.28 NOTE
r-devel-windows-ix86+x86_64 0.10.3 3.00 23.00 26.00 NOTE
r-patched-linux-x86_64 0.10.3 1.07 16.40 17.47 NOTE
r-patched-solaris-sparc 0.10.3 181.20 NOTE
r-patched-solaris-x86 0.10.3 45.00 NOTE
r-release-linux-ix86 0.10.3 1.42 20.94 22.36 NOTE
r-release-linux-x86_64 0.10.3 1.08 16.50 17.58 NOTE
r-release-osx-x86_64-mavericks 0.10.3 OK
r-release-windows-ix86+x86_64 0.10.3 4.00 26.00 30.00 NOTE
r-oldrel-windows-ix86+x86_64 0.10.3 3.00 24.00 27.00 OK

Check Details

Version: 0.10.3
Check: R code for possible problems
Result: NOTE
    boat3d: no visible global function definition for ‘rgl.cur’
    boat3d: no visible global function definition for ‘open3d’
    boat3d: no visible global function definition for ‘clear3d’
    boat3d: no visible global function definition for ‘bg3d’
    boat3d: no visible global function definition for ‘rgl.set’
    boat3d: no visible global function definition for ‘triangles3d’
    boat3d: no visible global function definition for ‘quads3d’
    boat3d: no visible global function definition for ‘decorate3d’
    boat3d: no visible global function definition for ‘scatterplot3d’
Flavors: r-devel-linux-x86_64-debian-clang, r-devel-linux-x86_64-debian-gcc, r-devel-linux-x86_64-fedora-clang, r-devel-linux-x86_64-fedora-gcc, r-devel-osx-x86_64-clang, r-devel-windows-ix86+x86_64, r-patched-linux-x86_64, r-patched-solaris-sparc, r-patched-solaris-x86, r-release-linux-ix86, r-release-linux-x86_64, r-release-windows-ix86+x86_64