CRAN Package Check Results for Package perturb

Last updated on 2015-06-30 12:47:26.

Flavor Version Tinstall Tcheck Ttotal Status Flags
r-devel-linux-x86_64-debian-clang 2.05 0.51 11.81 12.32 NOTE
r-devel-linux-x86_64-debian-gcc 2.05 0.52 11.42 11.94 NOTE
r-devel-linux-x86_64-fedora-clang 2.05 24.92 NOTE
r-devel-linux-x86_64-fedora-gcc 2.05 22.47 NOTE
r-devel-osx-x86_64-clang 2.05 26.30 NOTE
r-devel-windows-ix86+x86_64 2.05 4.00 19.00 23.00 NOTE
r-patched-linux-x86_64 2.05 0.66 12.00 12.67 NOTE
r-patched-solaris-sparc 2.05 151.30 NOTE
r-patched-solaris-x86 2.05 37.50 NOTE
r-release-linux-x86_64 2.05 0.62 12.00 12.62 NOTE
r-release-osx-x86_64-mavericks 2.05 OK
r-release-windows-ix86+x86_64 2.05 4.00 22.00 26.00 OK
r-oldrel-windows-ix86+x86_64 2.05 4.00 24.00 28.00 OK

Check Details

Version: 2.05
Check: S3 generic/method consistency
Result: NOTE
    Found the following apparent S3 methods exported but not registered:
     print.summary.perturb
    See section ‘Registering S3 methods’ in the ‘Writing R Extensions’
    manual.
Flavors: r-devel-linux-x86_64-debian-clang, r-devel-linux-x86_64-debian-gcc, r-devel-linux-x86_64-fedora-clang, r-devel-linux-x86_64-fedora-gcc, r-devel-osx-x86_64-clang, r-patched-linux-x86_64, r-patched-solaris-sparc, r-patched-solaris-x86, r-release-linux-x86_64

Version: 2.05
Check: R code for possible problems
Result: NOTE
    colldiag: no visible global function definition for ‘na.omit’
    perturb : cutsp: no visible global function definition for ‘runif’
    perturb: no visible global function definition for ‘terms’
    perturb: no visible global function definition for ‘formula’
    perturb: no visible global function definition for ‘coefficients’
    perturb: no visible global function definition for ‘as.formula’
    print.reclassify: no visible global function definition for
     ‘addmargins’
    reclassify : best.model: no visible global function definition for
     ‘glm’
    reclassify : best.model: no visible global function definition for
     ‘as.formula’
    reclassify: Error while checking: invalid ‘envir’ argument
    summary.perturb: no visible binding for global variable ‘sd’
Flavors: r-devel-linux-x86_64-debian-clang, r-devel-linux-x86_64-debian-gcc, r-devel-windows-ix86+x86_64