CRAN Package Check Results for Package pgirmess

Last updated on 2015-05-03 11:47:46.

Flavor Version Tinstall Tcheck Ttotal Status Flags
r-devel-linux-x86_64-debian-clang 1.6.0 3.71 48.66 52.38 OK
r-devel-linux-x86_64-debian-gcc 1.6.0 3.65 47.46 51.11 OK
r-devel-linux-x86_64-fedora-clang 1.6.0 61.62 OK
r-devel-linux-x86_64-fedora-gcc 1.6.0 58.52 OK
r-devel-osx-x86_64-clang 1.6.0 90.83 OK
r-devel-windows-ix86+x86_64 1.6.0 10.00 73.00 83.00 OK
r-patched-linux-x86_64 1.6.0 3.60 46.45 50.05 OK
r-patched-solaris-sparc 1.6.0 566.10 OK
r-patched-solaris-x86 1.6.0 126.10 OK
r-release-linux-x86_64 1.6.0 3.62 47.28 50.90 OK
r-release-osx-x86_64-mavericks 1.6.0 OK
r-release-osx-x86_64-snowleopard 1.5.9 ERROR
r-release-windows-ix86+x86_64 1.6.0 11.00 72.00 83.00 OK
r-oldrel-windows-ix86+x86_64 1.6.0 18.00 86.00 104.00 OK

Check Details

Version: 1.5.9
Check: package dependencies
Result: ERROR
    Package required but not available: ‘spdep’
    
    See section ‘The DESCRIPTION file’ in the ‘Writing R Extensions’
    manual.
Flavor: r-release-osx-x86_64-snowleopard