CRAN Package Check Results for Package plmDE

Last updated on 2014-03-27 21:47:09.

Flavor Version Tinstall Tcheck Ttotal Status Flags
r-devel-linux-x86_64-debian-clang 1.0 1.85 34.67 36.52 NOTE
r-devel-linux-x86_64-debian-gcc 1.0 1.88 34.71 36.59 NOTE
r-devel-linux-x86_64-fedora-clang 1.0 67.97 NOTE
r-devel-linux-x86_64-fedora-gcc 1.0 66.63 NOTE
r-devel-macosx-x86_64-clang 1.0 66.04 NOTE
r-devel-macosx-x86_64-gcc 1.0 ERROR
r-prerel-linux-x86_64 1.0 1.94 34.60 36.54 NOTE
r-prerel-solaris-sparc 1.0 387.10 NOTE
r-prerel-solaris-x86 1.0 83.70 NOTE
r-prerel-windows-ix86+x86_64 1.0 5.00 48.00 53.00 NOTE
r-release-linux-ix86 1.0 3.00 68.00 71.00 NOTE
r-release-linux-x86_64 1.0 1.79 31.30 33.09 NOTE
r-release-macosx-x86_64 1.0 NOTE
r-release-windows-ix86+x86_64 1.0 5.00 44.00 49.00 NOTE
r-oldrel-windows-ix86+x86_64 1.0 7.00 62.00 69.00 OK

Check Details

Version: 1.0
Check: dependencies in R code
Result: NOTE
    Packages in Depends field not imported from:
     ‘R.oo’ ‘limma’
     These packages need to be imported from (in the NAMESPACE file)
     for when this namespace is loaded but not attached.
    See the information on DESCRIPTION files in the chapter ‘Creating R
    packages’ of the ‘Writing R Extensions’ manual.
Flavors: r-devel-linux-x86_64-debian-clang, r-devel-linux-x86_64-debian-gcc, r-devel-linux-x86_64-fedora-clang, r-devel-linux-x86_64-fedora-gcc, r-devel-macosx-x86_64-clang, r-prerel-linux-x86_64, r-prerel-solaris-sparc, r-prerel-solaris-x86, r-prerel-windows-ix86+x86_64, r-release-linux-ix86, r-release-linux-x86_64, r-release-windows-ix86+x86_64

Version: 1.0
Check: Rd line widths
Result: NOTE
    Rd file 'info.plmDE.Rd':
     \examples lines wider than 100 characters:
     DataInfo = data.frame(sample = names(ExpressionData), group = c(rep("Control", 50), rep("Diseased", 50)), weight = abs(rnorm(100, 50, 2 ... [TRUNCATED]
    
    These lines will be truncated in the PDF manual.
Flavors: r-devel-linux-x86_64-fedora-clang, r-devel-linux-x86_64-fedora-gcc

Version: 1.0
Check: package dependencies
Result: ERROR
    Package required but not available: ‘limma’
    
    Packages suggested but not available for checking:
     ‘Biobase’ ‘edgeR’ ‘DESeq’
    
    See the information on DESCRIPTION files in the chapter ‘Creating R
    packages’ of the ‘Writing R Extensions’ manual.
Flavor: r-devel-macosx-x86_64-gcc

Version: 1.0
Check: dependencies in R code
Result: NOTE
    Packages in Depends field not imported from:
     ‘R.oo’ ‘limma’
     These packages needs to imported from for the case when
     this namespace is loaded but not attached.
    See the information on DESCRIPTION files in the chapter ‘Creating R
    packages’ of the ‘Writing R Extensions’ manual.
Flavor: r-release-macosx-x86_64