CRAN Package Check Results for Package rioja

Last updated on 2015-03-31 13:48:24.

Flavor Version Tinstall Tcheck Ttotal Status Flags
r-devel-linux-x86_64-debian-clang 0.9-3 7.82 47.16 54.98 NOTE
r-devel-linux-x86_64-debian-gcc 0.9-3 9.36 45.45 54.82 NOTE
r-devel-linux-x86_64-fedora-clang 0.9-3 109.49 NOTE
r-devel-linux-x86_64-fedora-gcc 0.9-3 109.91 NOTE
r-devel-osx-x86_64-clang 0.9-3 104.47 NOTE
r-prerel-windows-ix86+x86_64 0.9-3 49.00 87.00 136.00 OK
r-prerel-linux-x86_64 0.9-3 9.22 45.90 55.11 NOTE
r-prerel-solaris-sparc 0.9-3 641.40 OK
r-prerel-solaris-x86 0.9-3 146.80 OK
r-release-linux-x86_64 0.9-3 10.43 56.72 67.15 OK
r-release-osx-x86_64-mavericks 0.9-3 NOTE
r-release-osx-x86_64-snowleopard 0.9-3 OK
r-release-windows-ix86+x86_64 0.9-3 50.00 111.00 161.00 OK
r-oldrel-windows-ix86+x86_64 0.9-3 50.00 110.00 160.00 OK

Check Details

Version: 0.9-3
Check: S3 generic/method consistency
Result: NOTE
    Found the following apparent S3 methods exported but not registered:
     predict.internal.IKFA predict.internal.MLRC predict.internal.MR
     predict.internal.WA predict.internal.WAPLS
    See section ‘Registering S3 methods’ in the ‘Writing R Extensions’
    manual.
Flavors: r-devel-linux-x86_64-debian-clang, r-devel-linux-x86_64-debian-gcc, r-devel-linux-x86_64-fedora-clang, r-devel-linux-x86_64-fedora-gcc, r-devel-osx-x86_64-clang, r-prerel-linux-x86_64

Version: 0.9-3
Check: package dependencies
Result: NOTE
    Package which this enhances but not available for checking: ‘RODBC’
Flavor: r-release-osx-x86_64-mavericks