CRAN Package Check Results for Package rioja

Last updated on 2015-04-18 13:48:57.

Flavor Version Tinstall Tcheck Ttotal Status Flags
r-devel-linux-x86_64-debian-clang 0.9-3 8.26 47.54 55.80 NOTE
r-devel-linux-x86_64-debian-gcc 0.9-3 9.84 45.88 55.72 NOTE
r-devel-linux-x86_64-fedora-clang 0.9-3 110.75 NOTE
r-devel-linux-x86_64-fedora-gcc 0.9-3 105.76 NOTE
r-devel-osx-x86_64-clang 0.9-3 95.26 NOTE
r-patched-linux-x86_64 0.9-3 9.07 45.00 54.08 NOTE
r-patched-solaris-sparc 0.9-3 641.40 OK
r-patched-solaris-x86 0.9-3 148.20 OK
r-release-linux-x86_64 0.9-3 9.21 43.86 53.08 NOTE
r-release-osx-x86_64-mavericks 0.9-3 NOTE
r-release-osx-x86_64-snowleopard 0.9-3 OK
r-release-windows-ix86+x86_64 0.9-3 54.00 148.00 202.00 OK
r-oldrel-windows-ix86+x86_64 0.9-3 54.00 147.00 201.00 OK

Check Details

Version: 0.9-3
Check: S3 generic/method consistency
Result: NOTE
    Found the following apparent S3 methods exported but not registered:
     predict.internal.IKFA predict.internal.MLRC predict.internal.MR
     predict.internal.WA predict.internal.WAPLS
    See section ‘Registering S3 methods’ in the ‘Writing R Extensions’
    manual.
Flavors: r-devel-linux-x86_64-debian-clang, r-devel-linux-x86_64-debian-gcc, r-devel-linux-x86_64-fedora-clang, r-devel-linux-x86_64-fedora-gcc, r-devel-osx-x86_64-clang, r-patched-linux-x86_64, r-release-linux-x86_64

Version: 0.9-3
Check: package dependencies
Result: NOTE
    Package which this enhances but not available for checking: ‘RODBC’
Flavor: r-release-osx-x86_64-mavericks