CRAN Package Check Results for Package rioja

Last updated on 2014-08-25 01:48:13.

Flavor Version Tinstall Tcheck Ttotal Status Flags
r-devel-linux-x86_64-debian-clang 0.8-7 5.46 26.20 31.66 NOTE
r-devel-linux-x86_64-debian-gcc 0.8-7 NOTE
r-devel-linux-x86_64-fedora-clang 0.8-7 60.55 NOTE
r-devel-linux-x86_64-fedora-gcc 0.8-7 58.80 NOTE
r-devel-osx-x86_64-clang 0.8-7 54.22 NOTE
r-devel-windows-ix86+x86_64 0.8-7 43.00 49.00 92.00 NOTE
r-patched-linux-x86_64 0.8-7 7.64 27.96 35.60 NOTE
r-patched-solaris-sparc 0.8-7 377.50 NOTE
r-patched-solaris-x86 0.8-7 88.80 NOTE
r-release-linux-ix86 0.8-7 10.96 36.66 47.63 NOTE
r-release-linux-x86_64 0.8-7 7.46 28.70 36.16 NOTE
r-release-osx-x86_64-mavericks 0.8-7 NOTE
r-release-osx-x86_64-snowleopard 0.8-7 NOTE
r-release-windows-ix86+x86_64 0.8-7 44.00 53.00 97.00 OK
r-oldrel-windows-ix86+x86_64 0.8-7 44.00 52.00 96.00 OK

Check Details

Version: 0.8-7
Check: R code for possible problems
Result: NOTE
    .mono.fit: no visible global function definition for ‘gam’
    .mono.fit: no visible global function definition for ‘smoothCon’
    .mono.fit: no visible global function definition for ‘s’
    .mono.fit: no visible global function definition for ‘mono.con’
    .mono.fit: no visible global function definition for ‘pcls’
    .mono.predict: no visible global function definition for
     ‘Predict.matrix’
    plot.compare.datasets: no visible global function definition for
     ‘xyplot’
    read.C2Model: no visible global function definition for ‘odbcCloseAll’
    read.C2Model: no visible global function definition for
     ‘odbcConnectExcel’
    read.C2Model: no visible global function definition for ‘sqlTables’
    read.C2Model: no visible global function definition for ‘sqlFetch’
    read.C2Model: no visible global function definition for ‘read.xls’
    sp.plot.default : .sp.plot.panel1: no visible global function
     definition for ‘current.panel.limits’
    sp.plot.default : .sp.plot.panel1: no visible global function
     definition for ‘panel.xyplot’
    sp.plot.default : .sp.plot.panel1: no visible global function
     definition for ‘panel.text’
    sp.plot.default : .sp.plot.panel2: no visible global function
     definition for ‘panel.xyplot’
    sp.plot.default : .sp.plot.panel2: no visible global function
     definition for ‘current.panel.limits’
    sp.plot.default : .sp.plot.panel2: no visible global function
     definition for ‘panel.text’
    sp.plot.default: no visible global function definition for ‘xyplot’
    strat.plot.simple: no visible global function definition for ‘xyplot’
    write.list.Excel: no visible global function definition for
     ‘odbcCloseAll’
    write.list.Excel: no visible global function definition for
     ‘odbcConnectExcel’
    write.list.Excel: no visible global function definition for ‘sqlSave’
Flavors: r-devel-linux-x86_64-debian-clang, r-devel-linux-x86_64-debian-gcc, r-devel-linux-x86_64-fedora-clang, r-devel-linux-x86_64-fedora-gcc, r-devel-osx-x86_64-clang, r-devel-windows-ix86+x86_64

Version: 0.8-7
Check: R code for possible problems
Result: NOTE
    read.C2Model: no visible global function definition for
     ‘odbcConnectExcel’
    write.list.Excel: no visible global function definition for
     ‘odbcConnectExcel’
Flavors: r-patched-linux-x86_64, r-patched-solaris-sparc, r-patched-solaris-x86, r-release-linux-ix86, r-release-linux-x86_64, r-release-osx-x86_64-snowleopard

Version: 0.8-7
Check: package dependencies
Result: NOTE
    Package suggested but not available for checking: ‘RODBC’
Flavor: r-release-osx-x86_64-mavericks

Version: 0.8-7
Check: R code for possible problems
Result: NOTE
    read.C2Model: no visible global function definition for ‘odbcCloseAll’
    read.C2Model: no visible global function definition for
     ‘odbcConnectExcel’
    read.C2Model: no visible global function definition for ‘sqlTables’
    read.C2Model: no visible global function definition for ‘sqlFetch’
    write.list.Excel: no visible global function definition for
     ‘odbcCloseAll’
    write.list.Excel: no visible global function definition for
     ‘odbcConnectExcel’
    write.list.Excel: no visible global function definition for ‘sqlSave’
Flavor: r-release-osx-x86_64-mavericks