CRAN Package Check Results for Package rioja

Last updated on 2014-12-18 00:48:58.

Flavor Version Tinstall Tcheck Ttotal Status Flags
r-devel-linux-x86_64-debian-clang 0.8-7 9.57 56.91 66.48 NOTE
r-devel-linux-x86_64-debian-gcc 0.8-7 10.50 56.79 67.30 NOTE
r-devel-linux-x86_64-fedora-clang 0.9-3 100.21 OK
r-devel-linux-x86_64-fedora-gcc 0.9-3 83.54 OK
r-devel-osx-x86_64-clang 0.9-3 99.93 OK
r-devel-windows-ix86+x86_64 0.8-7 54.00 102.00 156.00 NOTE
r-patched-linux-x86_64 0.8-7 10.96 57.97 68.92 NOTE
r-patched-solaris-sparc 0.9-3 820.20 OK
r-patched-solaris-x86 0.9-3 182.90 OK
r-release-linux-ix86 0.8-7 13.83 71.81 85.64 NOTE
r-release-linux-x86_64 0.8-7 10.79 60.37 71.16 NOTE
r-release-osx-x86_64-mavericks 0.8-7 NOTE
r-release-osx-x86_64-snowleopard 0.8-7 NOTE
r-release-windows-ix86+x86_64 0.8-7 52.00 107.00 159.00 NOTE
r-oldrel-windows-ix86+x86_64 0.8-7 49.00 105.00 154.00 OK

Check Details

Version: 0.8-7
Check: R code for possible problems
Result: NOTE
    .mono.fit: no visible global function definition for ‘gam’
    .mono.fit: no visible global function definition for ‘smoothCon’
    .mono.fit: no visible global function definition for ‘s’
    .mono.fit: no visible global function definition for ‘mono.con’
    .mono.fit: no visible global function definition for ‘pcls’
    .mono.predict: no visible global function definition for
     ‘Predict.matrix’
    plot.compare.datasets: no visible global function definition for
     ‘xyplot’
    read.C2Model: no visible global function definition for ‘odbcCloseAll’
    read.C2Model: no visible global function definition for
     ‘odbcConnectExcel’
    read.C2Model: no visible global function definition for ‘sqlTables’
    read.C2Model: no visible global function definition for ‘sqlFetch’
    read.C2Model: no visible global function definition for ‘read.xls’
    sp.plot.default : .sp.plot.panel1: no visible global function
     definition for ‘current.panel.limits’
    sp.plot.default : .sp.plot.panel1: no visible global function
     definition for ‘panel.xyplot’
    sp.plot.default : .sp.plot.panel1: no visible global function
     definition for ‘panel.text’
    sp.plot.default : .sp.plot.panel2: no visible global function
     definition for ‘panel.xyplot’
    sp.plot.default : .sp.plot.panel2: no visible global function
     definition for ‘current.panel.limits’
    sp.plot.default : .sp.plot.panel2: no visible global function
     definition for ‘panel.text’
    sp.plot.default: no visible global function definition for ‘xyplot’
    strat.plot.simple: no visible global function definition for ‘xyplot’
    write.list.Excel: no visible global function definition for
     ‘odbcCloseAll’
    write.list.Excel: no visible global function definition for
     ‘odbcConnectExcel’
    write.list.Excel: no visible global function definition for ‘sqlSave’
Flavors: r-devel-linux-x86_64-debian-clang, r-devel-linux-x86_64-debian-gcc, r-devel-windows-ix86+x86_64, r-patched-linux-x86_64, r-release-linux-ix86, r-release-linux-x86_64, r-release-windows-ix86+x86_64

Version: 0.8-7
Check: package dependencies
Result: NOTE
    Package suggested but not available for checking: ‘RODBC’
Flavor: r-release-osx-x86_64-mavericks

Version: 0.8-7
Check: R code for possible problems
Result: NOTE
    read.C2Model: no visible global function definition for ‘odbcCloseAll’
    read.C2Model: no visible global function definition for
     ‘odbcConnectExcel’
    read.C2Model: no visible global function definition for ‘sqlTables’
    read.C2Model: no visible global function definition for ‘sqlFetch’
    write.list.Excel: no visible global function definition for
     ‘odbcCloseAll’
    write.list.Excel: no visible global function definition for
     ‘odbcConnectExcel’
    write.list.Excel: no visible global function definition for ‘sqlSave’
Flavor: r-release-osx-x86_64-mavericks

Version: 0.8-7
Check: R code for possible problems
Result: NOTE
    read.C2Model: no visible global function definition for
     ‘odbcConnectExcel’
    write.list.Excel: no visible global function definition for
     ‘odbcConnectExcel’
Flavor: r-release-osx-x86_64-snowleopard