CRAN Package Check Results for Package rioja

Last updated on 2014-03-27 21:47:10.

Flavor Version Tinstall Tcheck Ttotal Status Flags
r-devel-linux-x86_64-debian-clang 0.8-5 5.60 28.92 34.53 NOTE
r-devel-linux-x86_64-debian-gcc 0.8-5 7.26 29.10 36.36 NOTE
r-devel-linux-x86_64-fedora-clang 0.8-5 65.88 NOTE
r-devel-linux-x86_64-fedora-gcc 0.8-5 66.12 NOTE
r-devel-macosx-x86_64-clang 0.8-5 60.59 NOTE
r-devel-macosx-x86_64-gcc 0.8-5 NOTE
r-prerel-linux-x86_64 0.8-5 7.56 29.44 37.01 NOTE
r-prerel-solaris-sparc 0.8-5 374.20 NOTE
r-prerel-solaris-x86 0.8-5 90.90 NOTE
r-prerel-windows-ix86+x86_64 0.8-5 40.00 50.00 90.00 NOTE
r-release-linux-ix86 0.8-5 17.00 65.00 82.00 NOTE
r-release-linux-x86_64 0.8-5 7.59 29.48 37.06 NOTE
r-release-macosx-x86_64 0.8-5 NOTE
r-release-windows-ix86+x86_64 0.8-5 41.00 55.00 96.00 NOTE
r-oldrel-windows-ix86+x86_64 0.8-5 41.00 48.00 89.00 OK

Check Details

Version: 0.8-5
Check: dependencies in R code
Result: NOTE
    Missing object imported by a ':::' call: ‘RODBC:::full.path’
    See the information on DESCRIPTION files in the chapter ‘Creating R
    packages’ of the ‘Writing R Extensions’ manual.
Flavors: r-devel-linux-x86_64-debian-clang, r-devel-linux-x86_64-debian-gcc, r-devel-linux-x86_64-fedora-clang, r-devel-linux-x86_64-fedora-gcc, r-devel-macosx-x86_64-clang, r-devel-macosx-x86_64-gcc, r-prerel-linux-x86_64, r-prerel-solaris-sparc, r-prerel-solaris-x86, r-release-linux-ix86, r-release-linux-x86_64, r-release-macosx-x86_64

Version: 0.8-5
Check: dependencies in R code
Result: NOTE
    Unexported object imported by a ':::' call: 'RODBC:::full.path'
     See the note in ?`:::` about the use of this operator.
    See the information on DESCRIPTION files in the chapter 'Creating R
    packages' of the 'Writing R Extensions' manual.
Flavors: r-prerel-windows-ix86+x86_64, r-release-windows-ix86+x86_64