CRAN Package Check Results for Package rioja

Last updated on 2016-09-25 11:47:22.

Flavor Version Tinstall Tcheck Ttotal Status Flags
r-devel-linux-x86_64-debian-clang 0.9-9 10.55 44.86 55.40 OK
r-devel-linux-x86_64-debian-gcc 0.9-9 9.61 48.05 57.66 OK
r-devel-linux-x86_64-fedora-clang 0.9-9 108.25 OK
r-devel-linux-x86_64-fedora-gcc 0.9-9 100.91 OK
r-devel-macos-x86_64-clang 0.9-9 83.35 OK
r-devel-windows-ix86+x86_64 0.9-9 40.00 143.00 183.00 OK
r-patched-linux-x86_64 0.9-9 9.19 44.65 53.84 OK
r-patched-solaris-sparc 0.9-9 591.60 OK
r-patched-solaris-x86 0.9-9 138.80 OK
r-release-linux-x86_64 0.9-9 9.80 46.21 56.01 OK
r-release-osx-x86_64-mavericks 0.9-9 NOTE
r-release-windows-ix86+x86_64 0.9-9 36.00 142.00 178.00 OK
r-oldrel-windows-ix86+x86_64 0.9-9 66.00 128.00 194.00 OK

Check Details

Version: 0.9-9
Check: package dependencies
Result: NOTE
    Package suggested but not available for checking: ‘RODBC’
Flavor: r-release-osx-x86_64-mavericks