CRAN Package Check Results for Package rioja

Last updated on 2016-05-04 13:50:32.

Flavor Version Tinstall Tcheck Ttotal Status Flags
r-devel-linux-x86_64-debian-gcc 0.9-6 9.44 48.45 57.90 OK
r-devel-linux-x86_64-fedora-clang 0.9-6 107.85 OK
r-devel-linux-x86_64-fedora-gcc 0.9-6 100.29 OK
r-devel-osx-x86_64-clang 0.9-6 118.70 OK
r-devel-windows-ix86+x86_64 0.9-6 37.00 130.00 167.00 OK
r-patched-linux-x86_64 0.9-6 9.33 45.65 54.98 OK
r-patched-solaris-sparc 0.9-6 587.60 OK
r-patched-solaris-x86 0.9-6 137.40 OK
r-release-linux-x86_64 0.9-6 9.47 46.73 56.21 OK
r-release-osx-x86_64-mavericks 0.9-6 NOTE
r-release-windows-ix86+x86_64 0.9-6 37.00 130.00 167.00 OK
r-oldrel-windows-ix86+x86_64 0.9-6 55.00 141.00 196.00 OK

Check Details

Version: 0.9-6
Check: package dependencies
Result: NOTE
    Package suggested but not available for checking: ‘RODBC’
Flavor: r-release-osx-x86_64-mavericks