CRAN Package Check Results for Package rioja

Last updated on 2014-07-23 23:48:30.

Flavor Version Tinstall Tcheck Ttotal Status Flags
r-devel-linux-x86_64-debian-clang 0.8-7 6.11 27.78 33.88 NOTE
r-devel-linux-x86_64-debian-gcc 0.8-7 7.54 27.32 34.86 NOTE
r-devel-linux-x86_64-fedora-clang 0.8-7 66.67 NOTE
r-devel-linux-x86_64-fedora-gcc 0.8-7 66.07 NOTE
r-devel-osx-x86_64-clang 0.8-7 54.02 NOTE
r-devel-windows-ix86+x86_64 0.8-7 44.00 57.00 101.00 OK
r-patched-linux-x86_64 0.8-7 7.63 28.39 36.02 NOTE
r-patched-solaris-sparc 0.8-7 367.60 NOTE
r-patched-solaris-x86 0.8-7 89.80 NOTE
r-release-linux-ix86 0.8-7 10.75 36.20 46.96 NOTE
r-release-linux-x86_64 0.8-7 7.62 28.34 35.96 NOTE
r-release-osx-x86_64-mavericks 0.8-7 NOTE
r-release-osx-x86_64-snowleopard 0.8-7 NOTE
r-release-windows-ix86+x86_64 0.8-7 45.00 56.00 101.00 OK
r-oldrel-windows-ix86+x86_64 0.8-7 45.00 54.00 99.00 OK

Check Details

Version: 0.8-7
Check: R code for possible problems
Result: NOTE
    read.C2Model: no visible global function definition for
     ‘odbcConnectExcel’
    write.list.Excel: no visible global function definition for
     ‘odbcConnectExcel’
Flavors: r-devel-linux-x86_64-debian-clang, r-devel-linux-x86_64-debian-gcc, r-devel-linux-x86_64-fedora-clang, r-devel-linux-x86_64-fedora-gcc, r-devel-osx-x86_64-clang, r-patched-linux-x86_64, r-patched-solaris-sparc, r-patched-solaris-x86, r-release-linux-ix86, r-release-linux-x86_64, r-release-osx-x86_64-snowleopard

Version: 0.8-7
Check: package dependencies
Result: NOTE
    Package suggested but not available for checking: ‘RODBC’
Flavor: r-release-osx-x86_64-mavericks

Version: 0.8-7
Check: R code for possible problems
Result: NOTE
    read.C2Model: no visible global function definition for ‘odbcCloseAll’
    read.C2Model: no visible global function definition for
     ‘odbcConnectExcel’
    read.C2Model: no visible global function definition for ‘sqlTables’
    read.C2Model: no visible global function definition for ‘sqlFetch’
    write.list.Excel: no visible global function definition for
     ‘odbcCloseAll’
    write.list.Excel: no visible global function definition for
     ‘odbcConnectExcel’
    write.list.Excel: no visible global function definition for ‘sqlSave’
Flavor: r-release-osx-x86_64-mavericks