CRAN Package Check Results for Package rioja

Last updated on 2016-06-24 13:47:30.

Flavor Version Tinstall Tcheck Ttotal Status Flags
r-devel-linux-x86_64-debian-gcc 0.9-7 11.24 47.67 58.91 OK
r-devel-linux-x86_64-fedora-clang 0.9-7 104.73 OK
r-devel-linux-x86_64-fedora-gcc 0.9-7 101.31 OK
r-devel-osx-x86_64-clang 0.9-7 86.14 OK
r-devel-windows-ix86+x86_64 0.9-7 56.00 107.00 163.00 OK
r-patched-linux-x86_64 0.9-7 10.59 49.35 59.94 OK
r-patched-solaris-sparc 0.9-7 636.20 OK
r-patched-solaris-x86 0.9-7 140.30 OK
r-release-linux-x86_64 0.9-7 10.42 48.64 59.06 OK
r-release-osx-x86_64-mavericks 0.9-7 NOTE
r-release-windows-ix86+x86_64 0.9-7 52.00 105.00 157.00 OK
r-oldrel-windows-ix86+x86_64 0.9-7 62.00 159.00 221.00 OK

Check Details

Version: 0.9-7
Check: package dependencies
Result: NOTE
    Package suggested but not available for checking: ‘RODBC’
Flavor: r-release-osx-x86_64-mavericks