CRAN Package Check Results for Package rioja

Last updated on 2015-09-02 13:47:11.

Flavor Version Tinstall Tcheck Ttotal Status Flags
r-devel-linux-x86_64-debian-clang 0.9-5 8.24 47.02 55.26 NOTE
r-devel-linux-x86_64-debian-gcc 0.9-5 9.30 42.96 52.26 NOTE
r-devel-linux-x86_64-fedora-clang 0.9-5 106.72 NOTE
r-devel-linux-x86_64-fedora-gcc 0.9-5 99.73 NOTE
r-devel-osx-x86_64-clang 0.9-5 70.77 OK
r-devel-windows-ix86+x86_64 0.9-5 58.00 126.00 184.00 NOTE
r-patched-linux-x86_64 0.9-5 9.52 47.08 56.60 OK
r-patched-solaris-sparc 0.9-5 672.30 OK
r-patched-solaris-x86 0.9-5 158.50 OK
r-release-linux-x86_64 0.9-5 9.40 45.17 54.57 OK
r-release-osx-x86_64-mavericks 0.9-5 NOTE
r-release-windows-ix86+x86_64 0.9-5 72.00 142.00 214.00 OK
r-oldrel-windows-ix86+x86_64 0.9-5 70.00 137.00 207.00 OK

Check Details

Version: 0.9-5
Check: R code for possible problems
Result: NOTE
    hulls: no visible global function definition for ‘chull’
    Undefined global functions or variables:
     chull
    Consider adding
     importFrom("grDevices", "chull")
    to your NAMESPACE.
Flavors: r-devel-linux-x86_64-debian-clang, r-devel-linux-x86_64-debian-gcc, r-devel-linux-x86_64-fedora-clang, r-devel-linux-x86_64-fedora-gcc, r-devel-windows-ix86+x86_64

Version: 0.9-5
Check: package dependencies
Result: NOTE
    Package which this enhances but not available for checking: ‘RODBC’
Flavor: r-release-osx-x86_64-mavericks