CRAN Package Check Results for Package rioja

Last updated on 2014-11-28 19:51:27.

Flavor Version Tinstall Tcheck Ttotal Status Flags
r-devel-linux-x86_64-debian-clang 0.8-7 9.12 57.05 66.17 NOTE
r-devel-linux-x86_64-debian-gcc 0.8-7 10.26 56.12 66.39 NOTE
r-devel-linux-x86_64-fedora-clang 0.8-7 145.56 NOTE
r-devel-linux-x86_64-fedora-gcc 0.8-7 142.24 NOTE
r-devel-osx-x86_64-clang 0.8-7 125.97 NOTE
r-devel-windows-ix86+x86_64 0.8-7 49.00 99.00 148.00 NOTE
r-patched-linux-x86_64 0.8-7 10.82 58.40 69.22 NOTE
r-patched-solaris-sparc 0.8-7 361.70 NOTE
r-patched-solaris-x86 0.8-7 212.30 NOTE
r-release-linux-ix86 0.8-7 13.92 71.45 85.38 NOTE
r-release-linux-x86_64 0.8-7 10.84 58.11 68.95 NOTE
r-release-osx-x86_64-mavericks 0.8-7 NOTE
r-release-osx-x86_64-snowleopard 0.8-7 NOTE
r-release-windows-ix86+x86_64 0.8-7 42.00 1.00 43.00 ERROR
r-oldrel-windows-ix86+x86_64 0.8-7 110.00 105.00 215.00 OK

Check Details

Version: 0.8-7
Check: R code for possible problems
Result: NOTE
    .mono.fit: no visible global function definition for ‘gam’
    .mono.fit: no visible global function definition for ‘smoothCon’
    .mono.fit: no visible global function definition for ‘s’
    .mono.fit: no visible global function definition for ‘mono.con’
    .mono.fit: no visible global function definition for ‘pcls’
    .mono.predict: no visible global function definition for
     ‘Predict.matrix’
    plot.compare.datasets: no visible global function definition for
     ‘xyplot’
    read.C2Model: no visible global function definition for ‘odbcCloseAll’
    read.C2Model: no visible global function definition for
     ‘odbcConnectExcel’
    read.C2Model: no visible global function definition for ‘sqlTables’
    read.C2Model: no visible global function definition for ‘sqlFetch’
    read.C2Model: no visible global function definition for ‘read.xls’
    sp.plot.default : .sp.plot.panel1: no visible global function
     definition for ‘current.panel.limits’
    sp.plot.default : .sp.plot.panel1: no visible global function
     definition for ‘panel.xyplot’
    sp.plot.default : .sp.plot.panel1: no visible global function
     definition for ‘panel.text’
    sp.plot.default : .sp.plot.panel2: no visible global function
     definition for ‘panel.xyplot’
    sp.plot.default : .sp.plot.panel2: no visible global function
     definition for ‘current.panel.limits’
    sp.plot.default : .sp.plot.panel2: no visible global function
     definition for ‘panel.text’
    sp.plot.default: no visible global function definition for ‘xyplot’
    strat.plot.simple: no visible global function definition for ‘xyplot’
    write.list.Excel: no visible global function definition for
     ‘odbcCloseAll’
    write.list.Excel: no visible global function definition for
     ‘odbcConnectExcel’
    write.list.Excel: no visible global function definition for ‘sqlSave’
Flavors: r-devel-linux-x86_64-debian-clang, r-devel-linux-x86_64-debian-gcc, r-devel-linux-x86_64-fedora-clang, r-devel-linux-x86_64-fedora-gcc, r-devel-osx-x86_64-clang, r-devel-windows-ix86+x86_64, r-patched-linux-x86_64, r-patched-solaris-sparc, r-patched-solaris-x86, r-release-linux-ix86, r-release-linux-x86_64

Version: 0.8-7
Check: package dependencies
Result: NOTE
    Package suggested but not available for checking: ‘RODBC’
Flavor: r-release-osx-x86_64-mavericks

Version: 0.8-7
Check: R code for possible problems
Result: NOTE
    read.C2Model: no visible global function definition for ‘odbcCloseAll’
    read.C2Model: no visible global function definition for
     ‘odbcConnectExcel’
    read.C2Model: no visible global function definition for ‘sqlTables’
    read.C2Model: no visible global function definition for ‘sqlFetch’
    write.list.Excel: no visible global function definition for
     ‘odbcCloseAll’
    write.list.Excel: no visible global function definition for
     ‘odbcConnectExcel’
    write.list.Excel: no visible global function definition for ‘sqlSave’
Flavor: r-release-osx-x86_64-mavericks

Version: 0.8-7
Check: R code for possible problems
Result: NOTE
    read.C2Model: no visible global function definition for
     ‘odbcConnectExcel’
    write.list.Excel: no visible global function definition for
     ‘odbcConnectExcel’
Flavor: r-release-osx-x86_64-snowleopard

Version: 0.8-7
Check: whether package can be installed
Result: ERROR
    Installation failed.
Flavor: r-release-windows-ix86+x86_64