CRAN Package Check Results for Package robustfa

Last updated on 2015-04-18 13:48:57.

Flavor Version Tinstall Tcheck Ttotal Status Flags
r-devel-linux-x86_64-debian-clang 1.0-5 1.50 37.32 38.82 NOTE
r-devel-linux-x86_64-debian-gcc 1.0-5 1.46 37.21 38.67 NOTE
r-devel-linux-x86_64-fedora-clang 1.0-5 77.09 NOTE
r-devel-linux-x86_64-fedora-gcc 1.0-5 72.16 NOTE
r-devel-osx-x86_64-clang 1.0-5 72.00 NOTE
r-patched-linux-x86_64 1.0-5 1.47 36.47 37.94 NOTE
r-patched-solaris-sparc 1.0-5 477.10 NOTE
r-patched-solaris-x86 1.0-5 91.50 NOTE
r-release-linux-x86_64 1.0-5 1.44 35.00 36.44 NOTE
r-release-osx-x86_64-mavericks 1.0-5 NOTE
r-release-osx-x86_64-snowleopard 1.0-5 OK
r-release-windows-ix86+x86_64 1.0-5 7.00 85.00 92.00 NOTE
r-oldrel-windows-ix86+x86_64 1.0-5 7.00 87.00 94.00 OK

Check Details

Version: 1.0-5
Check: R code for possible problems
Result: NOTE
    FaClassic.default: no visible global function definition for ‘Cov’
    FaClassic.default: no visible global function definition for ‘getCov’
    FaCov.default: no visible global function definition for
     ‘CovControlMcd’
    FaCov.default: no visible global function definition for ‘restimate’
    FaCov.default: no visible global function definition for ‘Cov’
    FaCov.default: no visible global function definition for ‘getCov’
    compute_cov_cor: no visible global function definition for ‘CovRobust’
    compute_cov_cor: no visible global function definition for ‘getCov’
    compute_cov_cor: no visible global function definition for ‘getCorr’
    myplotDD: no visible global function definition for ‘getData’
    myplotDD: no visible global function definition for ‘getCov’
    myplotDD: no visible global function definition for ‘CovClassic’
    myplotDD: no visible global function definition for ‘getDistance’
Flavors: r-devel-linux-x86_64-debian-clang, r-devel-linux-x86_64-debian-gcc, r-devel-linux-x86_64-fedora-clang, r-devel-linux-x86_64-fedora-gcc, r-devel-osx-x86_64-clang, r-patched-linux-x86_64, r-patched-solaris-sparc, r-patched-solaris-x86, r-release-linux-x86_64, r-release-osx-x86_64-mavericks, r-release-windows-ix86+x86_64