CRAN Package Check Results for Package smoothSurv

Last updated on 2015-07-07 11:48:28.

Flavor Version Tinstall Tcheck Ttotal Status Flags
r-devel-linux-x86_64-debian-clang 1.5-2 15.84 19.77 35.61 NOTE
r-devel-linux-x86_64-debian-gcc 1.5-2 17.99 20.77 38.76 NOTE
r-devel-linux-x86_64-fedora-clang 1.5-2 78.67 NOTE
r-devel-linux-x86_64-fedora-gcc 1.5-2 69.97 NOTE
r-devel-osx-x86_64-clang 1.5-2 51.36 OK
r-devel-windows-ix86+x86_64 1.5-2 57.00 53.00 110.00 NOTE
r-patched-linux-x86_64 1.5-2 17.82 20.47 38.29 OK
r-patched-solaris-sparc 1.5-2 572.10 OK
r-patched-solaris-x86 1.5-2 98.90 OK
r-release-linux-x86_64 1.5-2 17.61 20.24 37.86 OK
r-release-osx-x86_64-mavericks 1.5-2 OK
r-release-windows-ix86+x86_64 1.5-2 80.00 53.00 133.00 OK
r-oldrel-windows-ix86+x86_64 1.5-2 61.00 59.00 120.00 OK

Check Details

Version: 1.5-2
Check: R code for possible problems
Result: NOTE
    confint.smoothSurvReg: no visible global function definition for
     ‘qnorm’
    dstlogis: no visible global function definition for ‘dlogis’
    estimTdiff.smoothSurvReg: no visible global function definition for
     ‘qnorm’
    eval.Gspline : dfitted: no visible global function definition for
     ‘dnorm’
    fdensity.smoothSurvReg : dfitted.un: no visible global function
     definition for ‘dnorm’
    fdensity.smoothSurvReg: no visible global function definition for
     ‘title’
    fdensity.smoothSurvReg: no visible global function definition for
     ‘lines’
    find.c: no visible global function definition for ‘dnorm’
    hazard.smoothSurvReg : sfitted.un: no visible global function
     definition for ‘pnorm’
    hazard.smoothSurvReg : dfitted.un: no visible global function
     definition for ‘dnorm’
    hazard.smoothSurvReg: no visible global function definition for ‘title’
    hazard.smoothSurvReg: no visible global function definition for ‘lines’
    plot.smoothSurvReg : dfitted: no visible global function definition for
     ‘dnorm’
    plot.smoothSurvReg : dfitted.un: no visible global function definition
     for ‘dnorm’
    plot.smoothSurvReg: no visible global function definition for ‘dlogis’
    plot.smoothSurvReg: no visible global function definition for ‘dnorm’
    plot.smoothSurvReg: no visible global function definition for ‘title’
    plot.smoothSurvReg: no visible global function definition for ‘lines’
    plot.smoothSurvReg: no visible global function definition for ‘points’
    print.estimTdiff: no visible global function definition for ‘pnorm’
    print.smoothSurvReg: no visible global function definition for ‘pnorm’
    smoothSurvReg: no visible binding for global variable ‘na.fail’
    smoothSurvReg: no visible global function definition for ‘terms’
    smoothSurvReg: no visible global function definition for
     ‘model.extract’
    smoothSurvReg: no visible global function definition for ‘model.matrix’
    std.data: no visible binding for global variable ‘sd’
    survfit.smoothSurvReg : sfitted.un: no visible global function
     definition for ‘pnorm’
    survfit.smoothSurvReg: no visible global function definition for
     ‘title’
    survfit.smoothSurvReg: no visible global function definition for
     ‘lines’
    Undefined global functions or variables:
     dlogis dnorm lines model.extract model.matrix na.fail pnorm points
     qnorm sd terms title
Flavors: r-devel-linux-x86_64-debian-clang, r-devel-linux-x86_64-debian-gcc, r-devel-linux-x86_64-fedora-clang, r-devel-linux-x86_64-fedora-gcc, r-devel-windows-ix86+x86_64