CRAN Package Check Results for Package smoothSurv

Last updated on 2016-06-30 12:52:55.

Flavor Version Tinstall Tcheck Ttotal Status Flags
r-devel-linux-x86_64-debian-gcc 1.6 25.83 41.09 66.92 OK
r-devel-linux-x86_64-fedora-clang 1.6 126.80 OK
r-devel-linux-x86_64-fedora-gcc 1.6 108.91 OK
r-devel-osx-x86_64-clang 1.6 88.39 OK
r-devel-windows-ix86+x86_64 1.6 64.00 106.00 170.00 OK
r-patched-linux-x86_64 1.6 21.68 44.74 66.42 OK
r-patched-solaris-sparc 1.6 707.00 NOTE
r-patched-solaris-x86 1.6 137.60 NOTE
r-release-linux-x86_64 1.6 19.79 41.96 61.74 OK
r-release-osx-x86_64-mavericks 1.6 OK
r-release-windows-ix86+x86_64 1.6 86.00 109.00 195.00 OK
r-oldrel-windows-ix86+x86_64 1.6 76.00 132.00 208.00 OK

Check Details

Version: 1.6
Check: installed package size
Result: NOTE
     installed size is 6.2Mb
     sub-directories of 1Mb or more:
     libs 5.5Mb
Flavors: r-patched-solaris-sparc, r-patched-solaris-x86