CRAN Package Check Results for Package smoothSurv

Last updated on 2014-03-27 21:47:12.

Flavor Version Tinstall Tcheck Ttotal Status Flags
r-devel-linux-x86_64-debian-clang 1.3-2 16.02 22.22 38.24 NOTE
r-devel-linux-x86_64-debian-gcc 1.3-2 16.27 21.51 37.78 NOTE
r-devel-linux-x86_64-fedora-clang 1.3-2 76.70 NOTE
r-devel-linux-x86_64-fedora-gcc 1.3-2 70.25 NOTE
r-devel-macosx-x86_64-clang 1.3-2 59.09 NOTE
r-prerel-linux-x86_64 1.3-2 16.11 21.21 37.32 NOTE
r-prerel-solaris-sparc 1.3-2 501.60 NOTE
r-prerel-solaris-x86 1.3-2 95.60 NOTE
r-prerel-windows-ix86+x86_64 1.3-2 48.00 48.00 96.00 NOTE
r-release-linux-ix86 1.3-2 38.00 52.00 90.00 NOTE
r-release-linux-x86_64 1.3-2 16.48 21.06 37.54 NOTE
r-release-macosx-x86_64 1.3-2 NOTE
r-release-windows-ix86+x86_64 1.3-2 52.00 54.00 106.00 NOTE
r-oldrel-windows-ix86+x86_64 1.3-2 53.00 43.00 96.00 OK

Check Details

Version: 1.3-2
Check: dependencies in R code
Result: NOTE
    'library' or 'require' call to ‘survival’ which was already attached by Depends.
     Please remove these calls from your code.
    See the information on DESCRIPTION files in the chapter ‘Creating R
    packages’ of the ‘Writing R Extensions’ manual.
Flavors: r-devel-linux-x86_64-debian-clang, r-devel-linux-x86_64-debian-gcc, r-devel-linux-x86_64-fedora-clang, r-devel-linux-x86_64-fedora-gcc, r-devel-macosx-x86_64-clang, r-prerel-linux-x86_64, r-prerel-solaris-sparc, r-prerel-solaris-x86, r-prerel-windows-ix86+x86_64, r-release-linux-ix86, r-release-linux-x86_64, r-release-macosx-x86_64, r-release-windows-ix86+x86_64