CRAN Package Check Results for Package smoothSurv

Last updated on 2015-04-26 12:46:41.

Flavor Version Tinstall Tcheck Ttotal Status Flags
r-devel-linux-x86_64-debian-clang 1.5 16.06 19.46 35.52 WARN
r-devel-linux-x86_64-debian-gcc 1.5 18.76 20.16 38.92 OK
r-devel-linux-x86_64-fedora-clang 1.5 78.78 WARN
r-devel-linux-x86_64-fedora-gcc 1.5 70.45 OK
r-devel-osx-x86_64-clang 1.5 59.05 WARN
r-devel-windows-ix86+x86_64 1.5 58.00 49.00 107.00 OK
r-patched-linux-x86_64 1.5 18.88 19.25 38.13 OK
r-patched-solaris-sparc 1.5 530.40 OK
r-patched-solaris-x86 1.5 94.90 OK
r-release-linux-x86_64 1.5 17.52 19.12 36.64 OK
r-release-osx-x86_64-mavericks 1.5 OK
r-release-osx-x86_64-snowleopard 1.5 OK
r-release-windows-ix86+x86_64 1.5 48.00 65.00 113.00 OK
r-oldrel-windows-ix86+x86_64 1.5 70.00 54.00 124.00 OK

Check Details

Version: 1.5
Check: whether package can be installed
Result: WARN
    Found the following significant warnings:
     ./Scythe_Matrix.cpp:358:16: warning: variable length arrays are a C99 feature [-Wvla-extension]
     ./Scythe_Matrix.cpp:381:16: warning: variable length arrays are a C99 feature [-Wvla-extension]
Flavors: r-devel-linux-x86_64-fedora-clang, r-devel-osx-x86_64-clang