CRAN Package Check Results for Package someMTP

Last updated on 2015-08-29 13:48:27.

Flavor Version Tinstall Tcheck Ttotal Status Flags
r-devel-linux-x86_64-debian-clang 1.4.1 0.70 14.19 14.89 NOTE
r-devel-linux-x86_64-debian-gcc 1.4.1 0.71 13.49 14.20 NOTE
r-devel-linux-x86_64-fedora-clang 1.4.1 28.69 NOTE
r-devel-linux-x86_64-fedora-gcc 1.4.1 27.01 NOTE
r-devel-osx-x86_64-clang 1.4.1 26.78 NOTE
r-devel-windows-ix86+x86_64 1.4.1 5.00 34.00 39.00 NOTE
r-patched-linux-x86_64 1.4.1 0.77 13.94 14.71 NOTE
r-patched-solaris-sparc 1.4.1 184.60 NOTE
r-patched-solaris-x86 1.4.1 42.90 NOTE
r-release-linux-x86_64 1.4.1 0.88 14.09 14.96 NOTE
r-release-osx-x86_64-mavericks 1.4.1 NOTE
r-release-windows-ix86+x86_64 1.4.1 3.00 26.00 29.00 NOTE
r-oldrel-windows-ix86+x86_64 1.4.1 4.00 27.00 31.00 NOTE

Check Details

Version: 1.4.1
Check: whether the namespace can be loaded with stated dependencies
Result: NOTE
    Warning: no function found corresponding to methods exports from ‘someMTP’ for: ‘show’
    
    A namespace must be able to be loaded with just the base namespace
    loaded: otherwise if the namespace gets loaded by a saved object, the
    session will be unable to start.
    
    Probably some imports need to be declared in the NAMESPACE file.
Flavors: r-devel-linux-x86_64-debian-clang, r-devel-linux-x86_64-debian-gcc, r-devel-linux-x86_64-fedora-clang, r-devel-linux-x86_64-fedora-gcc, r-devel-osx-x86_64-clang, r-devel-windows-ix86+x86_64

Version: 1.4.1
Check: dependencies in R code
Result: NOTE
    Package in Depends field not imported from: ‘methods’
     These packages need to be imported from (in the NAMESPACE file)
     for when this namespace is loaded but not attached.
Flavors: r-devel-linux-x86_64-debian-clang, r-devel-linux-x86_64-debian-gcc, r-devel-linux-x86_64-fedora-clang, r-devel-linux-x86_64-fedora-gcc, r-devel-osx-x86_64-clang, r-devel-windows-ix86+x86_64, r-patched-linux-x86_64, r-patched-solaris-sparc, r-patched-solaris-x86, r-release-linux-x86_64, r-release-osx-x86_64-mavericks, r-release-windows-ix86+x86_64, r-oldrel-windows-ix86+x86_64

Version: 1.4.1
Check: R code for possible problems
Result: NOTE
    .getAlternative: no visible global function definition for ‘is’
    .getNull: no visible global function definition for ‘is’
    .getNull: no visible global function definition for ‘terms’
    .getNull: no visible global function definition for ‘model.offset’
    .getNull: no visible global function definition for ‘model.frame’
    .getNull: no visible global function definition for ‘model.matrix’
    .getXY: no visible global function definition for ‘is’
    .getXY: no visible global function definition for ‘terms’
    .getXY: no visible global function definition for ‘formula’
    .getXY : <anonymous>: no visible global function definition for ‘lm’
    .getXY : <anonymous>: no visible global function definition for ‘coef’
    .makeContrasts: no visible global function definition for ‘model.frame’
    .makeContrasts: no visible global function definition for ‘terms’
    .makeContrasts: no visible global function definition for
     ‘model.matrix’
    draw: no visible global function definition for ‘pdf’
    draw: no visible global function definition for ‘par’
    draw: no visible global function definition for ‘plot’
    draw: no visible global function definition for ‘abline’
    draw: no visible global function definition for ‘legend’
    draw: no visible global function definition for ‘dev.off’
    fdrOrd: no visible global function definition for ‘new’
    kfweOrd: no visible global function definition for ‘qnbinom’
    kfweOrd: no visible global function definition for ‘new’
    lsd.test: no visible global function definition for ‘new’
    lsd.test: no visible global function definition for ‘pf’
    step.adj: no visible global function definition for ‘is’
    step.adj: no visible global function definition for ‘glm’
    step.adj: no visible global function definition for ‘step’
    step.adj: no visible global function definition for ‘anova’
    step.adj : redo: no visible global function definition for ‘update’
    step.adj : redo: no visible global function definition for ‘step’
    step.adj : redo: no visible global function definition for ‘anova’
    Undefined global functions or variables:
     abline anova coef dev.off formula glm is legend lm model.frame
     model.matrix model.offset new par pdf pf plot qnbinom step terms
     update
    Consider adding
     importFrom("grDevices", "dev.off", "pdf")
     importFrom("graphics", "abline", "legend", "par", "plot")
     importFrom("methods", "is", "new")
     importFrom("stats", "anova", "coef", "formula", "glm", "lm",
     "model.frame", "model.matrix", "model.offset", "pf",
     "qnbinom", "step", "terms", "update")
    to your NAMESPACE (and ensure that your DESCRIPTION Imports field
    contains 'methods').
Flavors: r-devel-linux-x86_64-debian-clang, r-devel-linux-x86_64-debian-gcc, r-devel-linux-x86_64-fedora-clang, r-devel-linux-x86_64-fedora-gcc, r-devel-windows-ix86+x86_64