CRAN Package Check Results for Package someMTP

Last updated on 2014-07-07 23:47:32.

Flavor Version Tinstall Tcheck Ttotal Status Flags
r-devel-linux-x86_64-debian-clang 1.4.1 1.28 15.17 16.45 NOTE
r-devel-linux-x86_64-debian-gcc 1.4.1 2.88 15.05 17.94 NOTE
r-devel-linux-x86_64-fedora-clang 1.4.1 33.82 NOTE
r-devel-linux-x86_64-fedora-gcc 1.4.1 32.38 NOTE
r-devel-osx-x86_64-clang 1.4.1 33.25 NOTE
r-devel-windows-ix86+x86_64 1.4.1 3.00 25.00 28.00 NOTE
r-patched-linux-x86_64 1.4.1 0.94 15.61 16.54 NOTE
r-patched-solaris-sparc 1.4.1 184.10 NOTE
r-patched-solaris-x86 1.4.1 46.20 NOTE
r-release-linux-ix86 1.4.1 1.20 23.17 24.36 NOTE
r-release-linux-x86_64 1.4.1 0.87 15.08 15.95 NOTE
r-release-osx-x86_64-mavericks 1.4.1 NOTE
r-release-osx-x86_64-snowleopard 1.4.1 OK
r-release-windows-ix86+x86_64 1.4.1 5.00 26.00 31.00 NOTE
r-oldrel-windows-ix86+x86_64 1.4.1 3.00 27.00 30.00 NOTE

Check Details

Version: 1.4.1
Check: dependencies in R code
Result: NOTE
    Package in Depends field not imported from: ‘methods’
     These packages need to be imported from (in the NAMESPACE file)
     for when this namespace is loaded but not attached.
    See the information on DESCRIPTION files in the chapter ‘Creating R
    packages’ of the ‘Writing R Extensions’ manual.
Flavors: r-devel-linux-x86_64-debian-clang, r-devel-linux-x86_64-debian-gcc, r-devel-linux-x86_64-fedora-clang, r-devel-linux-x86_64-fedora-gcc, r-devel-osx-x86_64-clang, r-devel-windows-ix86+x86_64, r-patched-linux-x86_64, r-patched-solaris-sparc, r-patched-solaris-x86, r-release-linux-ix86, r-release-linux-x86_64, r-release-osx-x86_64-mavericks, r-release-windows-ix86+x86_64, r-oldrel-windows-ix86+x86_64