CRAN Package Check Results for Package someMTP

Last updated on 2015-06-29 13:48:25.

Flavor Version Tinstall Tcheck Ttotal Status Flags
r-devel-linux-x86_64-debian-clang 1.4.1 0.71 14.32 15.04 NOTE
r-devel-linux-x86_64-debian-gcc 1.4.1 0.71 14.18 14.90 NOTE
r-devel-linux-x86_64-fedora-clang 1.4.1 28.27 NOTE
r-devel-linux-x86_64-fedora-gcc 1.4.1 26.94 NOTE
r-devel-osx-x86_64-clang 1.4.1 25.18 NOTE
r-devel-windows-ix86+x86_64 1.4.1 5.00 24.00 29.00 NOTE
r-patched-linux-x86_64 1.4.1 0.74 14.24 14.98 NOTE
r-patched-solaris-sparc 1.4.1 190.90 NOTE
r-patched-solaris-x86 1.4.1 42.10 NOTE
r-release-linux-x86_64 1.4.1 0.74 14.24 14.98 NOTE
r-release-osx-x86_64-mavericks 1.4.1 NOTE
r-release-windows-ix86+x86_64 1.4.1 2.00 28.00 30.00 NOTE
r-oldrel-windows-ix86+x86_64 1.4.1 4.00 27.00 31.00 NOTE

Check Details

Version: 1.4.1
Check: dependencies in R code
Result: NOTE
    Package in Depends field not imported from: ‘methods’
     These packages need to be imported from (in the NAMESPACE file)
     for when this namespace is loaded but not attached.
Flavors: r-devel-linux-x86_64-debian-clang, r-devel-linux-x86_64-debian-gcc, r-devel-linux-x86_64-fedora-clang, r-devel-linux-x86_64-fedora-gcc, r-devel-osx-x86_64-clang, r-devel-windows-ix86+x86_64, r-patched-linux-x86_64, r-patched-solaris-sparc, r-patched-solaris-x86, r-release-linux-x86_64, r-release-osx-x86_64-mavericks, r-release-windows-ix86+x86_64, r-oldrel-windows-ix86+x86_64

Version: 1.4.1
Check: R code for possible problems
Result: NOTE
    .getAlternative: no visible global function definition for ‘is’
    .getNull: no visible global function definition for ‘is’
    .getNull: no visible global function definition for ‘terms’
    .getNull: no visible global function definition for ‘model.offset’
    .getNull: no visible global function definition for ‘model.frame’
    .getNull: no visible global function definition for ‘model.matrix’
    .getXY: no visible global function definition for ‘is’
    .getXY: no visible global function definition for ‘terms’
    .getXY: no visible global function definition for ‘formula’
    .getXY : <anonymous>: no visible global function definition for ‘lm’
    .getXY : <anonymous>: no visible global function definition for ‘coef’
    .makeContrasts: no visible global function definition for ‘model.frame’
    .makeContrasts: no visible global function definition for ‘terms’
    .makeContrasts: no visible global function definition for
     ‘model.matrix’
    draw: no visible global function definition for ‘pdf’
    draw: no visible global function definition for ‘par’
    draw: no visible global function definition for ‘plot’
    draw: no visible global function definition for ‘abline’
    draw: no visible global function definition for ‘legend’
    draw: no visible global function definition for ‘dev.off’
    fdrOrd: no visible global function definition for ‘new’
    kfweOrd: no visible global function definition for ‘qnbinom’
    kfweOrd: no visible global function definition for ‘new’
    lsd.test: no visible global function definition for ‘new’
    lsd.test: no visible global function definition for ‘pf’
    step.adj: no visible global function definition for ‘is’
    step.adj: no visible global function definition for ‘glm’
    step.adj: no visible global function definition for ‘step’
    step.adj: no visible global function definition for ‘anova’
    step.adj : redo: no visible global function definition for ‘update’
    step.adj : redo: no visible global function definition for ‘step’
    step.adj : redo: no visible global function definition for ‘anova’
Flavors: r-devel-linux-x86_64-debian-clang, r-devel-linux-x86_64-debian-gcc