CRAN Package Check Results for Package someMTP

Last updated on 2014-03-27 21:47:12.

Flavor Version Tinstall Tcheck Ttotal Status Flags
r-devel-linux-x86_64-debian-clang 1.4.1 0.92 15.93 16.85 NOTE
r-devel-linux-x86_64-debian-gcc 1.4.1 0.93 15.40 16.33 NOTE
r-devel-linux-x86_64-fedora-clang 1.4.1 32.36 NOTE
r-devel-linux-x86_64-fedora-gcc 1.4.1 31.79 NOTE
r-devel-macosx-x86_64-clang 1.4.1 32.99 NOTE
r-devel-macosx-x86_64-gcc 1.4.1 OK
r-prerel-linux-x86_64 1.4.1 0.96 15.69 16.65 NOTE
r-prerel-solaris-sparc 1.4.1 184.10 NOTE
r-prerel-solaris-x86 1.4.1 45.70 NOTE
r-prerel-windows-ix86+x86_64 1.4.1 2.00 23.00 25.00 NOTE
r-release-linux-ix86 1.4.1 2.00 36.00 38.00 NOTE
r-release-linux-x86_64 1.4.1 0.97 15.12 16.09 NOTE
r-release-macosx-x86_64 1.4.1 OK
r-release-windows-ix86+x86_64 1.4.1 3.00 27.00 30.00 NOTE
r-oldrel-windows-ix86+x86_64 1.4.1 2.00 28.00 30.00 OK

Check Details

Version: 1.4.1
Check: dependencies in R code
Result: NOTE
    Package in Depends field not imported from: ‘methods’
     These packages need to be imported from (in the NAMESPACE file)
     for when this namespace is loaded but not attached.
    See the information on DESCRIPTION files in the chapter ‘Creating R
    packages’ of the ‘Writing R Extensions’ manual.
Flavors: r-devel-linux-x86_64-debian-clang, r-devel-linux-x86_64-debian-gcc, r-devel-linux-x86_64-fedora-clang, r-devel-linux-x86_64-fedora-gcc, r-devel-macosx-x86_64-clang, r-prerel-linux-x86_64, r-prerel-solaris-sparc, r-prerel-solaris-x86, r-prerel-windows-ix86+x86_64, r-release-linux-ix86, r-release-linux-x86_64, r-release-windows-ix86+x86_64