CRAN Package Check Results for Package someMTP

Last updated on 2014-12-20 23:47:28.

Flavor Version Tinstall Tcheck Ttotal Status Flags
r-devel-linux-x86_64-debian-clang 1.4.1 0.84 14.77 15.61 NOTE
r-devel-linux-x86_64-debian-gcc 1.4.1 0.80 14.72 15.53 NOTE
r-devel-linux-x86_64-fedora-clang 1.4.1 33.97 NOTE
r-devel-linux-x86_64-fedora-gcc 1.4.1 30.56 NOTE
r-devel-osx-x86_64-clang 1.4.1 32.61 NOTE
r-devel-windows-ix86+x86_64 1.4.1 3.00 33.00 36.00 NOTE
r-patched-linux-x86_64 1.4.1 0.86 15.22 16.08 NOTE
r-patched-solaris-sparc 1.4.1 184.50 NOTE
r-patched-solaris-x86 1.4.1 43.60 NOTE
r-release-linux-ix86 1.4.1 1.14 21.06 22.20 NOTE
r-release-linux-x86_64 1.4.1 0.85 15.30 16.15 NOTE
r-release-osx-x86_64-mavericks 1.4.1 NOTE
r-release-osx-x86_64-snowleopard 1.4.1 OK
r-release-windows-ix86+x86_64 1.4.1 3.00 34.00 37.00 NOTE
r-oldrel-windows-ix86+x86_64 1.4.1 3.00 27.00 30.00 NOTE

Check Details

Version: 1.4.1
Check: dependencies in R code
Result: NOTE
    Package in Depends field not imported from: ‘methods’
     These packages need to be imported from (in the NAMESPACE file)
     for when this namespace is loaded but not attached.
    See the information on DESCRIPTION files in the chapter ‘Creating R
    packages’ of the ‘Writing R Extensions’ manual.
Flavors: r-devel-linux-x86_64-debian-clang, r-devel-linux-x86_64-debian-gcc, r-devel-linux-x86_64-fedora-clang, r-devel-linux-x86_64-fedora-gcc, r-devel-osx-x86_64-clang, r-devel-windows-ix86+x86_64, r-patched-linux-x86_64, r-patched-solaris-sparc, r-patched-solaris-x86, r-release-linux-ix86, r-release-linux-x86_64, r-release-osx-x86_64-mavericks, r-release-windows-ix86+x86_64, r-oldrel-windows-ix86+x86_64