CRAN Package Check Results for Package someMTP

Last updated on 2014-10-30 23:47:28.

Flavor Version Tinstall Tcheck Ttotal Status Flags
r-devel-linux-x86_64-debian-clang 1.4.1 0.83 15.16 16.00 NOTE
r-devel-linux-x86_64-debian-gcc 1.4.1 0.81 14.88 15.69 NOTE
r-devel-linux-x86_64-fedora-clang 1.4.1 32.97 NOTE
r-devel-linux-x86_64-fedora-gcc 1.4.1 32.21 NOTE
r-devel-osx-x86_64-clang 1.4.1 32.58 NOTE
r-devel-windows-ix86+x86_64 1.4.1 3.00 24.00 27.00 NOTE
r-patched-linux-x86_64 1.4.1 0.86 15.34 16.20 NOTE
r-patched-solaris-sparc 1.4.1 184.50 NOTE
r-patched-solaris-x86 1.4.1 45.10 NOTE
r-release-linux-ix86 1.4.1 1.20 22.10 23.30 NOTE
r-release-linux-x86_64 1.4.1 0.87 15.43 16.30 NOTE
r-release-osx-x86_64-mavericks 1.4.1 NOTE
r-release-osx-x86_64-snowleopard 1.4.1 OK
r-release-windows-ix86+x86_64 1.4.1 4.00 34.00 38.00 NOTE
r-oldrel-windows-ix86+x86_64 1.4.1 3.00 27.00 30.00 NOTE

Check Details

Version: 1.4.1
Check: dependencies in R code
Result: NOTE
    Package in Depends field not imported from: ‘methods’
     These packages need to be imported from (in the NAMESPACE file)
     for when this namespace is loaded but not attached.
    See the information on DESCRIPTION files in the chapter ‘Creating R
    packages’ of the ‘Writing R Extensions’ manual.
Flavors: r-devel-linux-x86_64-debian-clang, r-devel-linux-x86_64-debian-gcc, r-devel-linux-x86_64-fedora-clang, r-devel-linux-x86_64-fedora-gcc, r-devel-osx-x86_64-clang, r-devel-windows-ix86+x86_64, r-patched-linux-x86_64, r-patched-solaris-sparc, r-patched-solaris-x86, r-release-linux-ix86, r-release-linux-x86_64, r-release-osx-x86_64-mavericks, r-release-windows-ix86+x86_64, r-oldrel-windows-ix86+x86_64