CRAN Package Check Results for Package someMTP

Last updated on 2015-03-26 12:47:57.

Flavor Version Tinstall Tcheck Ttotal Status Flags
r-devel-linux-x86_64-debian-clang 1.4.1 0.76 14.65 15.41 NOTE
r-devel-linux-x86_64-debian-gcc 1.4.1 0.75 14.04 14.78 NOTE
r-devel-linux-x86_64-fedora-clang 1.4.1 30.55 NOTE
r-devel-linux-x86_64-fedora-gcc 1.4.1 28.53 NOTE
r-devel-osx-x86_64-clang 1.4.1 34.11 NOTE
r-prerel-windows-ix86+x86_64 1.4.1 3.00 22.00 25.00 NOTE
r-prerel-linux-x86_64 1.4.1 0.75 14.33 15.08 NOTE
r-prerel-solaris-sparc 1.4.1 182.60 NOTE
r-prerel-solaris-x86 1.4.1 40.20 NOTE
r-release-linux-x86_64 1.4.1 0.84 15.58 16.41 NOTE
r-release-osx-x86_64-mavericks 1.4.1 NOTE
r-release-osx-x86_64-snowleopard 1.4.1 OK
r-release-windows-ix86+x86_64 1.4.1 4.00 27.00 31.00 NOTE
r-oldrel-windows-ix86+x86_64 1.4.1 3.00 27.00 30.00 NOTE

Check Details

Version: 1.4.1
Check: dependencies in R code
Result: NOTE
    Package in Depends field not imported from: ‘methods’
     These packages need to be imported from (in the NAMESPACE file)
     for when this namespace is loaded but not attached.
Flavors: r-devel-linux-x86_64-debian-clang, r-devel-linux-x86_64-debian-gcc, r-devel-linux-x86_64-fedora-clang, r-devel-linux-x86_64-fedora-gcc, r-devel-osx-x86_64-clang, r-prerel-windows-ix86+x86_64, r-prerel-linux-x86_64, r-prerel-solaris-sparc, r-prerel-solaris-x86, r-release-linux-x86_64, r-release-windows-ix86+x86_64

Version: 1.4.1
Check: dependencies in R code
Result: NOTE
    Package in Depends field not imported from: ‘methods’
     These packages need to be imported from (in the NAMESPACE file)
     for when this namespace is loaded but not attached.
    See the information on DESCRIPTION files in the chapter ‘Creating R
    packages’ of the ‘Writing R Extensions’ manual.
Flavors: r-release-osx-x86_64-mavericks, r-oldrel-windows-ix86+x86_64