CRAN Package Check Results for Package someMTP

Last updated on 2015-05-24 13:47:13.

Flavor Version Tinstall Tcheck Ttotal Status Flags
r-devel-linux-x86_64-debian-clang 1.4.1 0.84 14.87 15.71 NOTE
r-devel-linux-x86_64-debian-gcc 1.4.1 0.74 14.35 15.09 NOTE
r-devel-linux-x86_64-fedora-clang 1.4.1 29.67 NOTE
r-devel-linux-x86_64-fedora-gcc 1.4.1 27.88 NOTE
r-devel-osx-x86_64-clang 1.4.1 30.53 NOTE
r-devel-windows-ix86+x86_64 1.4.1 3.00 25.00 28.00 NOTE
r-patched-linux-x86_64 1.4.1 0.76 14.54 15.29 NOTE
r-patched-solaris-sparc 1.4.1 190.90 NOTE
r-patched-solaris-x86 1.4.1 41.30 NOTE
r-release-linux-x86_64 1.4.1 0.75 15.24 15.99 NOTE
r-release-osx-x86_64-mavericks 1.4.1 NOTE
r-release-osx-x86_64-snowleopard 1.4.1 NOTE
r-release-windows-ix86+x86_64 1.4.1 2.00 28.00 30.00 NOTE
r-oldrel-windows-ix86+x86_64 1.4.1 4.00 27.00 31.00 NOTE

Check Details

Version: 1.4.1
Check: dependencies in R code
Result: NOTE
    Package in Depends field not imported from: ‘methods’
     These packages need to be imported from (in the NAMESPACE file)
     for when this namespace is loaded but not attached.
Flavors: r-devel-linux-x86_64-debian-clang, r-devel-linux-x86_64-debian-gcc, r-devel-linux-x86_64-fedora-clang, r-devel-linux-x86_64-fedora-gcc, r-devel-osx-x86_64-clang, r-devel-windows-ix86+x86_64, r-patched-linux-x86_64, r-patched-solaris-sparc, r-patched-solaris-x86, r-release-linux-x86_64, r-release-osx-x86_64-mavericks, r-release-osx-x86_64-snowleopard, r-release-windows-ix86+x86_64, r-oldrel-windows-ix86+x86_64