CRAN Package Check Results for Package sss

Last updated on 2015-04-28 12:47:39.

Flavor Version Tinstall Tcheck Ttotal Status Flags
r-devel-linux-x86_64-debian-clang 0.0-11 1.18 17.40 18.58 OK
r-devel-linux-x86_64-debian-gcc 0.0-11 1.11 16.84 17.95 OK
r-devel-linux-x86_64-fedora-clang 0.0-11 38.76 OK
r-devel-linux-x86_64-fedora-gcc 0.0-11 35.54 OK
r-devel-osx-x86_64-clang 0.0-11 38.54 OK
r-devel-windows-ix86+x86_64 0.0-11 4.00 28.00 32.00 OK
r-patched-linux-x86_64 0.0-11 1.10 17.28 18.38 OK
r-patched-solaris-sparc 0.0-11 256.40 OK
r-patched-solaris-x86 0.0-11 51.40 OK
r-release-linux-x86_64 0.0-11 1.29 17.07 18.36 OK
r-release-osx-x86_64-mavericks 0.0-11 OK
r-release-osx-x86_64-snowleopard 0.0-11 ERROR
r-release-windows-ix86+x86_64 0.0-11 3.00 29.00 32.00 OK
r-oldrel-windows-ix86+x86_64 0.0-11 4.00 34.00 38.00 OK

Check Details

Version: 0.0-11
Check: package dependencies
Result: ERROR
    Package required but not available: ‘XML’
    
    See section ‘The DESCRIPTION file’ in the ‘Writing R Extensions’
    manual.
Flavor: r-release-osx-x86_64-snowleopard