CRAN Package Check Results for Package sss

Last updated on 2016-05-03 13:47:49.

Flavor Version Tinstall Tcheck Ttotal Status Flags
r-devel-linux-x86_64-debian-gcc 0.0-14 0.98 16.32 17.31 OK
r-devel-linux-x86_64-fedora-clang 0.0-14 30.60 OK
r-devel-linux-x86_64-fedora-gcc 0.0-14 28.14 OK
r-devel-osx-x86_64-clang 0.0-14 38.14 OK
r-devel-windows-ix86+x86_64 0.0-14 4.00 34.00 38.00 OK
r-patched-linux-x86_64 0.0-14 1.00 16.29 17.29 OK
r-patched-solaris-sparc 0.0-14 179.20 OK
r-patched-solaris-x86 0.0-14 41.70 OK
r-release-linux-x86_64 0.0-14 1.12 17.55 18.67 OK
r-release-osx-x86_64-mavericks 0.0-14 OK
r-release-windows-ix86+x86_64 0.0-14 4.00 48.00 52.00 OK
r-oldrel-windows-ix86+x86_64 0.0-14 4.00 28.00 32.00 ERROR

Check Details

Version: 0.0-14
Check: R code for possible problems
Result: NOTE
    fast.read.fwf: no visible global function definition for 'file.size'
Flavor: r-oldrel-windows-ix86+x86_64

Version: 0.0-14
Check: tests
Result: ERROR
    Running the tests in 'tests/testthat.R' failed.
    Last 13 lines of output:
     2: fast.read.fwf(file = ascFilename, widths = ascWidth, colClasses = ascType, col.names = ascNames)
    
     testthat results ================================================================
     OK: 5 SKIPPED: 0 FAILED: 6
     1. Error: widths work (@test-2-read-fwf.R#29)
     2. Error: colclasses work (@test-2-read-fwf.R#40)
     3. Error: parsing of .sss and .asc works (@test-3-sss.R#25)
     4. Error: question text is assigned to variable.labels attribute (@test-3-sss.R#89)
     5. Error: separator parameter works (@test-3-sss.R#113)
     6. Error: parsing of .sss and .asc works (@test-5-sample-2.R#24)
    
     Error: testthat unit tests failed
     Execution halted
Flavor: r-oldrel-windows-ix86+x86_64