CRAN Package Check Results for Package sss

Last updated on 2015-08-03 13:47:15.

Flavor Version Tinstall Tcheck Ttotal Status Flags
r-devel-linux-x86_64-debian-clang 0.0-11 1.36 17.24 18.61 NOTE
r-devel-linux-x86_64-debian-gcc 0.0-11 1.07 17.18 18.25 NOTE
r-devel-linux-x86_64-fedora-clang 0.0-11 37.40 NOTE
r-devel-linux-x86_64-fedora-gcc 0.0-11 35.18 NOTE
r-devel-osx-x86_64-clang 0.0-11 34.63 OK
r-devel-windows-ix86+x86_64 0.0-11 4.00 30.00 34.00 NOTE
r-patched-linux-x86_64 0.0-11 1.07 17.38 18.44 OK
r-patched-solaris-sparc 0.0-11 237.80 OK
r-patched-solaris-x86 0.0-11 52.20 OK
r-release-linux-x86_64 0.0-11 1.17 17.40 18.57 OK
r-release-osx-x86_64-mavericks 0.0-11 OK
r-release-windows-ix86+x86_64 0.0-11 6.00 31.00 37.00 OK
r-oldrel-windows-ix86+x86_64 0.0-11 6.00 38.00 44.00 OK

Check Details

Version: 0.0-11
Check: R code for possible problems
Result: NOTE
    fast.read.fwf : modColClass: no visible global function definition for
     ‘type.convert’
    Undefined global functions or variables:
     type.convert
    Consider adding
     importFrom("utils", "type.convert")
    to your NAMESPACE.
Flavors: r-devel-linux-x86_64-debian-clang, r-devel-linux-x86_64-debian-gcc, r-devel-linux-x86_64-fedora-clang, r-devel-linux-x86_64-fedora-gcc, r-devel-windows-ix86+x86_64