CRAN Package Check Results for Package sss

Last updated on 2016-02-06 11:48:34.

Flavor Version Tinstall Tcheck Ttotal Status Flags
r-devel-linux-x86_64-debian-gcc 0.0-11 1.10 15.26 16.36 NOTE
r-devel-linux-x86_64-fedora-clang 0.0-11 31.85 NOTE
r-devel-linux-x86_64-fedora-gcc 0.0-11 30.58 NOTE
r-devel-osx-x86_64-clang 0.0-11 39.55 NOTE
r-devel-windows-ix86+x86_64 0.0-11 6.00 36.00 42.00 NOTE
r-patched-linux-x86_64 0.0-11 1.18 17.31 18.49 OK
r-patched-solaris-sparc 0.0-11 217.70 OK
r-patched-solaris-x86 0.0-11 46.70 OK
r-release-linux-x86_64 0.0-11 1.13 17.08 18.21 OK
r-release-osx-x86_64-mavericks 0.0-11 OK
r-release-windows-ix86+x86_64 0.0-11 5.00 44.00 49.00 OK
r-oldrel-windows-ix86+x86_64 0.0-11 7.00 58.00 65.00 OK

Check Details

Version: 0.0-11
Check: R code for possible problems
Result: NOTE
    fast.read.fwf : modColClass: no visible global function definition for
     ‘type.convert’
    Undefined global functions or variables:
     type.convert
    Consider adding
     importFrom("utils", "type.convert")
    to your NAMESPACE.
Flavors: r-devel-linux-x86_64-debian-gcc, r-devel-linux-x86_64-fedora-clang, r-devel-linux-x86_64-fedora-gcc, r-devel-windows-ix86+x86_64

Version: 0.0-11
Check: R code for possible problems
Result: NOTE
    fast.read.fwf : modColClass: no visible global function definition for
     ‘type.convert’
    Undefined global functions or variables:
     type.convert
    Consider adding
     importFrom("utils", "type.convert")
    to your NAMESPACE file.
Flavor: r-devel-osx-x86_64-clang